{"id":400,"date":"2015-05-15T12:15:43","date_gmt":"2015-05-15T12:15:43","guid":{"rendered":"http:\/\/www2.unifap.br\/propespg\/?page_id=400"},"modified":"2023-07-13T20:26:31","modified_gmt":"2023-07-13T20:26:31","slug":"proap","status":"publish","type":"page","link":"https:\/\/www2.unifap.br\/propespg\/proap\/","title":{"rendered":"PROAP"},"content":{"rendered":"<h3>Programa de Apoio \u00e0 P\u00f3s-Gradua\u00e7\u00e3o (PROAP)<\/h3>\n<h3><\/h3>\n<p><b>Descri\u00e7\u00e3o do programa<\/b><\/p>\n<p>O Programa de Apoio \u00e0 P\u00f3s-gradua\u00e7\u00e3o (PROAP) se destina a proporcionar melhores condi\u00e7\u00f5es para a forma\u00e7\u00e3o de recursos humanos e para a produ\u00e7\u00e3o e o aprofundamento do conhecimento nos cursos de p\u00f3s-gradua\u00e7\u00e3o stricto sensu, mantidos por institui\u00e7\u00f5es p\u00fablicas de ensino superior.<\/p>\n<p><b>Objetivo<\/b><\/p>\n<p>O Programa de Apoio \u00e0 P\u00f3s-Gradua\u00e7\u00e3o (PROAP) tem por objetivo financiar as atividades dos cursos de p\u00f3s-gradua\u00e7\u00e3o, envolvendo:<\/p>\n<p>I &#8211; apoio \u00e0s atividades inovadoras dos programas de p\u00f3s-gradua\u00e7\u00e3o (PPGs), voltadas para o seu desenvolvimento acad\u00eamico, visando oferecer forma\u00e7\u00e3o cada vez mais qualificada e diversificada aos estudantes de p\u00f3s-gradua\u00e7\u00e3o e pesquisadores em est\u00e1gio p\u00f3s-doutoral;<\/p>\n<p>II &#8211; utiliza\u00e7\u00e3o dos recursos dispon\u00edveis no custeio das atividades cient\u00edfico- acad\u00eamicas relacionadas \u00e0 titula\u00e7\u00e3o de mestres e doutores e ao est\u00e1gio p\u00f3s-doutoral;<\/p>\n<p>III &#8211; o apoio ao desenvolvimento dos trabalhos de planejamento e de execu\u00e7\u00e3o da pol\u00edtica institucional de p\u00f3s-gradua\u00e7\u00e3o.<\/p>\n<p>&nbsp;<\/p>\n<p><strong>O PROAP \u00e9 regulamentado pela <\/strong><a href=\"http:\/\/cad.capes.gov.br\/ato-administrativo-detalhar?idAtoAdmElastic=438#anchor\">Portaria n\u00ba 156, de 28 de Novembro de 2014<\/a><\/p>\n<p>&nbsp;<\/p>\n<p><u><strong>ATEN\u00c7\u00c3O LEIA TODAS AS INSTRU\u00c7\u00d5ES!!!<\/strong><\/u><\/p>\n<p><strong>AUX\u00cdLIO FINANCEIRO A ESTUDANTE<\/strong><\/p>\n<ul>\n<li><u>Ao solicitar o recurso o aluno atesta estar ciente das obriga\u00e7\u00f5es necess\u00e1rias para pleitear o recurso, bem com prestar contas com os documentos exigidos pela CAPES<\/u><\/li>\n<li><u>Recursos PROAP para eventos de curta dura\u00e7\u00e3o e trabalho de campo;<\/u><\/li>\n<li><u>N\u00e3o ser\u00e3o concedidos aux\u00edlios para alunos que estejam no exterior;<\/u><\/li>\n<li><u>N\u00e3o ser\u00e3o aceitos pedidos enviados por e-mail;<\/u><\/li>\n<li><u>O prazo para presta\u00e7\u00e3o de contas deve ser cumprido para n\u00e3o penalizar o programa, caso ocorra algum imprevisto, o mesmo dever\u00e1 ser comunicado imediatamente por email ou via memorando eletr\u00f4nico, diretamente a pr\u00f3-reitoria de pesquisa e p\u00f3s-gradua\u00e7\u00e3o.<\/u><\/li>\n<\/ul>\n<p><b>DA PRESTA\u00c7\u00c3O DE CONTAS:<\/b><\/p>\n<ul>\n<li>Passagens a\u00e9reas ou rodovi\u00e1rias (com bilhetes de embarque), ou recibos de ped\u00e1gio (para comprovar datas de ida e volta)<\/li>\n<li>nota de hospedagem ou notas de refei\u00e7\u00f5es ou taxi-uber dos dias do evento\/trabalho de campo (para comprovar local da atividade)<\/li>\n<li>certificado de apresenta\u00e7\u00e3o de trabalho em evento ou relat\u00f3rio de trabalho de campo, conforme o caso.\u00a0\u00a0<strong><em>Caso o certificado demore a ser entregue, dever\u00e1 prestar contas e encaminhar o mesmo por e-mail a coordena\u00e7\u00e3o e posteriormente \u00e0 Pr\u00f3-Reitoria de Pesquisa e P\u00f3s-Gradua\u00e7\u00e3o.<\/em><\/strong><\/li>\n<li>n\u00e3o colar ou grampear os documentos, n\u00e3o imprimir frente e verso a presta\u00e7\u00e3o de contas e o relat\u00f3rio.<\/li>\n<\/ul>\n<p><strong>DOCUMENTOS:<\/strong><\/p>\n<ol>\n<li>Formul\u00e1rio de solicita\u00e7\u00e3o;<\/li>\n<li>c\u00f3pia de documento de Identifica\u00e7\u00e3o;<\/li>\n<li>C\u00f3pia do cart\u00e3o ou comprovante da conta corrente do benefici\u00e1rio;<\/li>\n<li>Carta de aceite (se for o caso).<\/li>\n<\/ol>\n<p><strong>Observa\u00e7\u00e3o:<\/strong> A solicita\u00e7\u00e3o dever\u00e1 ser enviada, em forma de Processo Eletr\u00f4nico, via SIPAC a unidade administrativa da PROPESPG.<\/p>\n<p><strong><a href=\"https:\/\/www2.unifap.br\/propespg\/proap\/formulario-de-solicitacao-de-auxilio-a-discente-proap-capes\/\" rel=\"attachment wp-att-1472\">FORMUL\u00c1RIO DE SOLICITA\u00c7\u00c3O DE AUX\u00cdLIO A DISCENTE &#8211; PROAP-CAPES<\/a><\/strong><\/p>\n<p>&nbsp;<\/p>\n<p><strong>AUX\u00cdLIO FINANCEIRO AO PESQUISADOR<\/strong><\/p>\n<p>Pagamento de aux\u00edlio di\u00e1rio ou di\u00e1rias, somente ocorrer\u00e3o quando as atividades forem realizadas fora de Macap\u00e1 e da regi\u00e3o metropolitana de Macap\u00e1 (Santana e Mazag\u00e3o) conforme lei complementar estadual 23\/2003.<\/p>\n<p>&nbsp;<\/p>\n<p><strong><u>ATEN\u00c7\u00c3O PRESTA\u00c7\u00c3O DE CONTAS!!!<\/u><\/strong><\/p>\n<ul>\n<li>PASSAGENS A\u00c9REAS OU RODOVI\u00c1RIAS (COM BILHETES DE EMBARQUE), OU RECIBOS DE PED\u00c1GIO (PARA COMPROVAR DATAS DE IDA E VOLTA)<\/li>\n<li>NOTA DE HOSPEDAGEM QUE INFORME O PER\u00cdODO DA HOSPEDAGEM (nota de hotel, reserva airbnb, booking ou outros) OU NOTAS DE REFEI\u00c7\u00d5ES OU TAXI-UBER DOS DIAS DO EVENTO\/TRABALHO DE CAMPO (PARA COMPROVAR LOCAL DA ATIVIDADE)<\/li>\n<li>CERTIFICADO DE APRESENTA\u00c7\u00c3O DE TRABALHO EM EVENTO OU RELAT\u00d3RIO DE TRABALHO DE CAMPO ( indicando local, per\u00edodo e atividade realizada), CONFORME O CASO.<\/li>\n<li>N\u00c3O COLAR OU GRAMPEAR OS DOCUMENTOS, N\u00c3O IMPRIMIR FRENTE E VERSO O RELAT\u00d3RIO OU QUALQUER OUTRO DOCUMENTO QUE SEJA PARTE DA PRESTA\u00c7\u00c3O DE CONTAS.<\/li>\n<\/ul>\n<p><strong>DOCUMENTOS:<\/strong><\/p>\n<ol>\n<li>Formul\u00e1rio de solicita\u00e7\u00e3o;<\/li>\n<li>carta de aceite e\/ou Convite (quando for o caso)<\/li>\n<\/ol>\n<p>OBS: As solicita\u00e7\u00f5es do Aux\u00edlio Financeiro ao Pesquisador &#8211; PROAP\/CAPES dever\u00e3o ser enviadas, em forma de Processo Eletr\u00f4nico, via SIPAC para a unidade administrativa da PROPESPG.<\/p>\n<p><strong><a href=\"https:\/\/www2.unifap.br\/propespg\/proap\/formulario-de-auxilio-financeiro-ao-pesquisador-proap-2023\/\" rel=\"attachment wp-att-1476\">FORMUL\u00c1RIO DE AUXILIO FINANCEIRO AO PESQUISADOR &#8211; PROAP 2023<\/a><\/strong><\/p>\n<p><strong><a href=\"https:\/\/www2.unifap.br\/propespg\/proap\/relatorio-de-prestacao-de-contas-auxilio-financeiro-ao-pesquisador-proap-capes\/\" rel=\"attachment wp-att-1478\">RELAT\u00d3RIO DE PRESTA\u00c7\u00c3O DE CONTAS &#8211; AUX\u00cdLIO FINANCEIRO AO PESQUISADOR &#8211; PROAP CAPES<\/a><\/strong><\/p>\n<p>&nbsp;<\/p>\n","protected":false},"excerpt":{"rendered":"<p>Programa de Apoio \u00e0 P\u00f3s-Gradua\u00e7\u00e3o (PROAP) Descri\u00e7\u00e3o do programa O Programa de Apoio \u00e0 P\u00f3s-gradua\u00e7\u00e3o (PROAP) se destina a proporcionar melhores condi\u00e7\u00f5es para a forma\u00e7\u00e3o de recursos humanos e para a produ\u00e7\u00e3o e o aprofundamento do conhecimento nos cursos de&hellip; <\/p>\n<p><a href=\"https:\/\/www2.unifap.br\/propespg\/proap\/\" class=\"readmore-button\">Continue Reading<\/a><\/p>\n","protected":false},"author":623,"featured_media":0,"parent":0,"menu_order":0,"comment_status":"open","ping_status":"open","template":"","meta":{"inline_featured_image":false,"ngg_post_thumbnail":0,"footnotes":""},"class_list":["post-400","page","type-page","status-publish","hentry"],"_links":{"self":[{"href":"https:\/\/www2.unifap.br\/propespg\/wp-json\/wp\/v2\/pages\/400","targetHints":{"allow":["GET"]}}],"collection":[{"href":"https:\/\/www2.unifap.br\/propespg\/wp-json\/wp\/v2\/pages"}],"about":[{"href":"https:\/\/www2.unifap.br\/propespg\/wp-json\/wp\/v2\/types\/page"}],"author":[{"embeddable":true,"href":"https:\/\/www2.unifap.br\/propespg\/wp-json\/wp\/v2\/users\/623"}],"replies":[{"embeddable":true,"href":"https:\/\/www2.unifap.br\/propespg\/wp-json\/wp\/v2\/comments?post=400"}],"version-history":[{"count":8,"href":"https:\/\/www2.unifap.br\/propespg\/wp-json\/wp\/v2\/pages\/400\/revisions"}],"predecessor-version":[{"id":1471,"href":"https:\/\/www2.unifap.br\/propespg\/wp-json\/wp\/v2\/pages\/400\/revisions\/1471"}],"wp:attachment":[{"href":"https:\/\/www2.unifap.br\/propespg\/wp-json\/wp\/v2\/media?parent=400"}],"curies":[{"name":"wp","href":"https:\/\/api.w.org\/{rel}","templated":true}]}}