{"id":406,"date":"2015-05-15T12:17:31","date_gmt":"2015-05-15T12:17:31","guid":{"rendered":"http:\/\/www2.unifap.br\/propespg\/?page_id=406"},"modified":"2017-12-21T12:50:23","modified_gmt":"2017-12-21T12:50:23","slug":"formularios","status":"publish","type":"page","link":"https:\/\/www2.unifap.br\/propespg\/proap\/formularios\/","title":{"rendered":"FORMUL\u00c1RIOS"},"content":{"rendered":"<p><strong><span style=\"color: #000000\">Solicita\u00e7\u00e3o de Auxilio Financeiro a Estudante:<\/span><\/strong><\/p>\n<p><span style=\"text-decoration: underline\"><strong><span style=\"color: #0000ff\"><a href=\"http:\/\/www2.unifap.br\/propespg\/files\/2015\/05\/Formulario-de-Solicita\u00e7\u00e3o-de-Ajuda-de-Custo-AUXILIO-FINANCEIRO-A-ESTUDANTE2.docx\"><span style=\"color: #0000ff;text-decoration: underline\">Formul\u00e1rio de Solicita\u00e7\u00e3o<\/span><\/a><\/span><\/strong><\/span><\/p>\n<p><strong><span style=\"color: #000000\">Solicita\u00e7\u00e3o de Auxilio Financeiro a Pesquisador:<\/span><\/strong><\/p>\n<p><span style=\"text-decoration: underline\"><strong><span style=\"color: #0000ff\"><a href=\"http:\/\/www2.unifap.br\/propespg\/files\/2015\/05\/Formul\u00e1rio-de-solicita\u00e7\u00e3o-auxilio-financeiro-a-pesquisador.docx\"><span style=\"color: #0000ff;text-decoration: underline\">Formul\u00e1rio de Solicita\u00e7\u00e3o <\/span><\/a><\/span><\/strong><\/span><\/p>\n<p><strong>Presta\u00e7\u00e3o de Contas &#8211; Auxilio Financeiro a Pesquisador:<\/strong><\/p>\n<p><span style=\"text-decoration: underline\"><strong><span style=\"color: #0000ff\"><a href=\"http:\/\/www2.unifap.br\/propespg\/files\/2015\/05\/Formul\u00e1rio-para-presta\u00e7\u00e3o-de-contas-AUXILIO-FINANCEIRO-A-PESQUISADOR.docx\"><span style=\"color: #0000ff;text-decoration: underline\">Formul\u00e1rio de Solicita\u00e7\u00e3o<\/span><\/a><\/span><\/strong><\/span><\/p>\n<p>&nbsp;<\/p>\n<p>&nbsp;<\/p>\n","protected":false},"excerpt":{"rendered":"<p>Solicita\u00e7\u00e3o de Auxilio Financeiro a Estudante: Formul\u00e1rio de Solicita\u00e7\u00e3o Solicita\u00e7\u00e3o de Auxilio Financeiro a Pesquisador: Formul\u00e1rio de Solicita\u00e7\u00e3o Presta\u00e7\u00e3o de Contas &#8211; Auxilio Financeiro a Pesquisador: Formul\u00e1rio de Solicita\u00e7\u00e3o &nbsp; &nbsp;<\/p>\n","protected":false},"author":623,"featured_media":0,"parent":400,"menu_order":0,"comment_status":"open","ping_status":"open","template":"","meta":{"inline_featured_image":false,"ngg_post_thumbnail":0,"footnotes":""},"class_list":["post-406","page","type-page","status-publish","hentry"],"_links":{"self":[{"href":"https:\/\/www2.unifap.br\/propespg\/wp-json\/wp\/v2\/pages\/406","targetHints":{"allow":["GET"]}}],"collection":[{"href":"https:\/\/www2.unifap.br\/propespg\/wp-json\/wp\/v2\/pages"}],"about":[{"href":"https:\/\/www2.unifap.br\/propespg\/wp-json\/wp\/v2\/types\/page"}],"author":[{"embeddable":true,"href":"https:\/\/www2.unifap.br\/propespg\/wp-json\/wp\/v2\/users\/623"}],"replies":[{"embeddable":true,"href":"https:\/\/www2.unifap.br\/propespg\/wp-json\/wp\/v2\/comments?post=406"}],"version-history":[{"count":12,"href":"https:\/\/www2.unifap.br\/propespg\/wp-json\/wp\/v2\/pages\/406\/revisions"}],"predecessor-version":[{"id":1151,"href":"https:\/\/www2.unifap.br\/propespg\/wp-json\/wp\/v2\/pages\/406\/revisions\/1151"}],"up":[{"embeddable":true,"href":"https:\/\/www2.unifap.br\/propespg\/wp-json\/wp\/v2\/pages\/400"}],"wp:attachment":[{"href":"https:\/\/www2.unifap.br\/propespg\/wp-json\/wp\/v2\/media?parent=406"}],"curies":[{"name":"wp","href":"https:\/\/api.w.org\/{rel}","templated":true}]}}