{"id":412,"date":"2015-05-15T12:19:39","date_gmt":"2015-05-15T12:19:39","guid":{"rendered":"http:\/\/www2.unifap.br\/propespg\/?page_id=412"},"modified":"2015-06-17T19:19:30","modified_gmt":"2015-06-17T19:19:30","slug":"servicos-de-terceiros-pessoa-fisica","status":"publish","type":"page","link":"https:\/\/www2.unifap.br\/propespg\/proap\/servicos-de-terceiros-pessoa-fisica\/","title":{"rendered":"SERVI\u00c7OS DE TERCEIROS (Pessoa F\u00edsica)"},"content":{"rendered":"<p><span style=\"color: #000000\">Recurso destinado ao pagamento de pessoa f\u00edsica, pelos Programas de P\u00f3s-Gradua\u00e7\u00e3o, que visa custear as seguintes atividades.<\/span><\/p>\n<p><span style=\"color: #000000\">a) manuten\u00e7\u00e3o de equipamentos;<\/span><\/p>\n<p><span style=\"color: #000000\">b) manuten\u00e7\u00e3o e funcionamento de laborat\u00f3rio de ensino e pesquisa;<\/span><\/p>\n<p><span style=\"color: #000000\">c) participa\u00e7\u00e3o em cursos e treinamentos em t\u00e9cnicas de laborat\u00f3rio e utiliza\u00e7\u00e3o de equipamentos;<\/span><\/p>\n<p><span style=\"color: #000000\">d) produ\u00e7\u00e3o, revis\u00e3o, tradu\u00e7\u00e3o, editora\u00e7\u00e3o, confec\u00e7\u00e3o e publica\u00e7\u00e3o de conte\u00fados cient\u00edfico-acad\u00eamicos e de divulga\u00e7\u00e3o das atividades desenvolvidas no \u00e2mbito dos PPGs;<\/span><\/p>\n<p><span style=\"color: #000000\">e) manuten\u00e7\u00e3o do acervo de peri\u00f3dicos, desde que n\u00e3o contemplados no Portal de Peri\u00f3dicos da CAPES;<\/span><\/p>\n<p><span style=\"color: #000000\">f) apoio \u00e0 realiza\u00e7\u00e3o de eventos cient\u00edfico-acad\u00eamicos no pa\u00eds;<\/span><\/p>\n<p><span style=\"color: #000000\">\u00a0<\/span><\/p>\n<p style=\"text-align: center\"><span style=\"color: #000000\"><strong>COMO SOLICITAR?<\/strong><\/span><\/p>\n<p><span style=\"color: #000000\">A solicita\u00e7\u00e3o, atrav\u00e9s de processo institucionalizado, dever\u00e1 ser encaminhada \u00e0 PROPESPG, precisando o programa ter previs\u00e3o or\u00e7ament\u00e1ria para solicita\u00e7\u00e3o do recurso.<\/span><\/p>\n","protected":false},"excerpt":{"rendered":"<p>Recurso destinado ao pagamento de pessoa f\u00edsica, pelos Programas de P\u00f3s-Gradua\u00e7\u00e3o, que visa custear as seguintes atividades. a) manuten\u00e7\u00e3o de equipamentos; b) manuten\u00e7\u00e3o e funcionamento de laborat\u00f3rio de ensino e pesquisa; c) participa\u00e7\u00e3o em cursos e treinamentos em t\u00e9cnicas de&hellip; <\/p>\n<p><a href=\"https:\/\/www2.unifap.br\/propespg\/proap\/servicos-de-terceiros-pessoa-fisica\/\" class=\"readmore-button\">Continue Reading<\/a><\/p>\n","protected":false},"author":623,"featured_media":0,"parent":400,"menu_order":0,"comment_status":"open","ping_status":"open","template":"","meta":{"inline_featured_image":false,"ngg_post_thumbnail":0,"footnotes":""},"class_list":["post-412","page","type-page","status-publish","hentry"],"_links":{"self":[{"href":"https:\/\/www2.unifap.br\/propespg\/wp-json\/wp\/v2\/pages\/412","targetHints":{"allow":["GET"]}}],"collection":[{"href":"https:\/\/www2.unifap.br\/propespg\/wp-json\/wp\/v2\/pages"}],"about":[{"href":"https:\/\/www2.unifap.br\/propespg\/wp-json\/wp\/v2\/types\/page"}],"author":[{"embeddable":true,"href":"https:\/\/www2.unifap.br\/propespg\/wp-json\/wp\/v2\/users\/623"}],"replies":[{"embeddable":true,"href":"https:\/\/www2.unifap.br\/propespg\/wp-json\/wp\/v2\/comments?post=412"}],"version-history":[{"count":5,"href":"https:\/\/www2.unifap.br\/propespg\/wp-json\/wp\/v2\/pages\/412\/revisions"}],"predecessor-version":[{"id":479,"href":"https:\/\/www2.unifap.br\/propespg\/wp-json\/wp\/v2\/pages\/412\/revisions\/479"}],"up":[{"embeddable":true,"href":"https:\/\/www2.unifap.br\/propespg\/wp-json\/wp\/v2\/pages\/400"}],"wp:attachment":[{"href":"https:\/\/www2.unifap.br\/propespg\/wp-json\/wp\/v2\/media?parent=412"}],"curies":[{"name":"wp","href":"https:\/\/api.w.org\/{rel}","templated":true}]}}