{"id":418,"date":"2015-05-15T12:22:28","date_gmt":"2015-05-15T12:22:28","guid":{"rendered":"http:\/\/www2.unifap.br\/propespg\/?page_id=418"},"modified":"2015-06-17T19:17:37","modified_gmt":"2015-06-17T19:17:37","slug":"auxilio-financeiro-a-estudante","status":"publish","type":"page","link":"https:\/\/www2.unifap.br\/propespg\/proap\/auxilio-financeiro-a-estudante\/","title":{"rendered":"AUXILIO FINANCEIRO A ESTUDANTE"},"content":{"rendered":"<p><span style=\"color: #000000\">Recurso destinado para os alunos de p\u00f3s-gradua\u00e7\u00e3o com o objetivo de custear despesas com taxa de inscri\u00e7\u00e3o, passagem, hospedagem, alimenta\u00e7\u00e3o e locomo\u00e7\u00e3o urbana. Referente \u00e0s seguintes atividades:<\/span><\/p>\n<ul>\n<li><span style=\"color: #000000\">participa\u00e7\u00e3o de professores, pesquisadores e alunos em atividades e cient\u00edfico-acad\u00eamicos no pa\u00eds e no exterior;<\/span><\/li>\n<li><span style=\"color: #000000\">participa\u00e7\u00e3o de professores, pesquisadores e alunos em atividades de intercambio e parcerias entre PPGs e institui\u00e7\u00f5es formalmente associado;<\/span><\/li>\n<li><span style=\"color: #000000\">participa\u00e7\u00e3o de alunos em cursos ou disciplinas em outro PPG, desde que estejam relacionados \u00e0s suas disserta\u00e7\u00f5es e teses<\/span><\/li>\n<\/ul>\n<p><span style=\"color: #000000\">\u00a0<\/span><\/p>\n<p style=\"text-align: center\"><span style=\"color: #000000\">\u00a0<strong>COMO SOLICITAR?<\/strong><\/span><\/p>\n<p><span style=\"color: #000000\">\u00a0<\/span><\/p>\n<p><span style=\"color: #000000\">O programa de p\u00f3s-gradua\u00e7\u00e3o dever\u00e1 encaminhar solicita\u00e7\u00e3o em forma de processo, tendo em anexo <span style=\"color: #0000ff\"><a title=\"FORMUL\u00c1RIOS\" href=\"http:\/\/www2.unifap.br\/propespg\/proap\/formularios\/\"><span style=\"color: #0000ff\">formul\u00e1rio de solicita\u00e7\u00e3o de ajuda de custo<\/span><\/a><\/span>, seguro do aluno e documento do professor informando a atividade.<\/span><\/p>\n","protected":false},"excerpt":{"rendered":"<p>Recurso destinado para os alunos de p\u00f3s-gradua\u00e7\u00e3o com o objetivo de custear despesas com taxa de inscri\u00e7\u00e3o, passagem, hospedagem, alimenta\u00e7\u00e3o e locomo\u00e7\u00e3o urbana. Referente \u00e0s seguintes atividades: participa\u00e7\u00e3o de professores, pesquisadores e alunos em atividades e cient\u00edfico-acad\u00eamicos no pa\u00eds e&hellip; <\/p>\n<p><a href=\"https:\/\/www2.unifap.br\/propespg\/proap\/auxilio-financeiro-a-estudante\/\" class=\"readmore-button\">Continue Reading<\/a><\/p>\n","protected":false},"author":623,"featured_media":0,"parent":400,"menu_order":0,"comment_status":"open","ping_status":"open","template":"","meta":{"inline_featured_image":false,"ngg_post_thumbnail":0,"footnotes":""},"class_list":["post-418","page","type-page","status-publish","hentry"],"_links":{"self":[{"href":"https:\/\/www2.unifap.br\/propespg\/wp-json\/wp\/v2\/pages\/418","targetHints":{"allow":["GET"]}}],"collection":[{"href":"https:\/\/www2.unifap.br\/propespg\/wp-json\/wp\/v2\/pages"}],"about":[{"href":"https:\/\/www2.unifap.br\/propespg\/wp-json\/wp\/v2\/types\/page"}],"author":[{"embeddable":true,"href":"https:\/\/www2.unifap.br\/propespg\/wp-json\/wp\/v2\/users\/623"}],"replies":[{"embeddable":true,"href":"https:\/\/www2.unifap.br\/propespg\/wp-json\/wp\/v2\/comments?post=418"}],"version-history":[{"count":6,"href":"https:\/\/www2.unifap.br\/propespg\/wp-json\/wp\/v2\/pages\/418\/revisions"}],"predecessor-version":[{"id":464,"href":"https:\/\/www2.unifap.br\/propespg\/wp-json\/wp\/v2\/pages\/418\/revisions\/464"}],"up":[{"embeddable":true,"href":"https:\/\/www2.unifap.br\/propespg\/wp-json\/wp\/v2\/pages\/400"}],"wp:attachment":[{"href":"https:\/\/www2.unifap.br\/propespg\/wp-json\/wp\/v2\/media?parent=418"}],"curies":[{"name":"wp","href":"https:\/\/api.w.org\/{rel}","templated":true}]}}