{"id":91,"date":"2021-06-19T14:30:07","date_gmt":"2021-06-19T17:30:07","guid":{"rendered":"http:\/\/www2.unifap.br\/prosear\/?page_id=91"},"modified":"2026-05-11T13:18:54","modified_gmt":"2026-05-11T16:18:54","slug":"projetos","status":"publish","type":"page","link":"https:\/\/www2.unifap.br\/prosear\/projetos","title":{"rendered":"Projetos"},"content":{"rendered":"<p><a class=\"row-title\" href=\"https:\/\/www2.unifap.br\/prosear\/arquivo_doc_coord\/2049\" aria-label=\"\u201cRevis\u00e3o de v\u00e9spera de prova concurso p\u00fablico Mazag\u00e3o 2026\u201d (Editar)\">Revis\u00e3o de v\u00e9spera de prova concurso p\u00fablico Mazag\u00e3o 2026<\/a><\/p>\n<div class=\"oceanwp-oembed-wrap clr\">\n<blockquote class=\"wp-embedded-content\" data-secret=\"aYfYDEIjg6\"><p><a href=\"https:\/\/www2.unifap.br\/prosear\/arquivo_doc_coord\/2049\">Revis\u00e3o de v\u00e9spera de prova concurso p\u00fablico Mazag\u00e3o 2026<\/a><\/p><\/blockquote>\n<p><iframe class=\"wp-embedded-content\" sandbox=\"allow-scripts\" security=\"restricted\" style=\"position: absolute; visibility: hidden;\" title=\"&#8220;Revis\u00e3o de v\u00e9spera de prova concurso p\u00fablico Mazag\u00e3o 2026&#8221; &#8212; Projeto PROSEAR\/UNIFAP\" src=\"https:\/\/www2.unifap.br\/prosear\/arquivo_doc_coord\/2049\/embed#?secret=zbuKltVLrC#?secret=aYfYDEIjg6\" data-secret=\"aYfYDEIjg6\" width=\"600\" height=\"338\" frameborder=\"0\" marginwidth=\"0\" marginheight=\"0\" scrolling=\"no\"><\/iframe><\/div>\n<p><a href=\"http:\/\/www2.unifap.br\/prosear\/files\/2025\/06\/linha-site-Design-sem-nome-2024-05-21T105201.270.png\"><img decoding=\"async\" class=\"aligncenter wp-image-1969\" src=\"http:\/\/www2.unifap.br\/prosear\/files\/2025\/06\/linha-site-Design-sem-nome-2024-05-21T105201.270.png\" alt=\"\" width=\"960\" height=\"48\" srcset=\"https:\/\/www2.unifap.br\/prosear\/files\/2025\/06\/linha-site-Design-sem-nome-2024-05-21T105201.270.png 1000w, https:\/\/www2.unifap.br\/prosear\/files\/2025\/06\/linha-site-Design-sem-nome-2024-05-21T105201.270-300x15.png 300w, https:\/\/www2.unifap.br\/prosear\/files\/2025\/06\/linha-site-Design-sem-nome-2024-05-21T105201.270-768x38.png 768w\" sizes=\"(max-width: 960px) 100vw, 960px\" \/><\/a><\/p>\n<hr>\n<div class=\"oceanwp-oembed-wrap clr\">\n<blockquote class=\"wp-embedded-content\" data-secret=\"0AfRCfEojW\"><p><a href=\"https:\/\/www2.unifap.br\/prosear\/arquivo_doc_coord\/2121\">AUL\u00c3O PREPARAT\u00d3RIO PARA O PROCESSO SELETIVO DE ACS E ACE, Tartarugalzinho\/ap, 27\/01\/2024<\/a><\/p><\/blockquote>\n<p><iframe class=\"wp-embedded-content\" sandbox=\"allow-scripts\" security=\"restricted\" style=\"position: absolute; visibility: hidden;\" title=\"&#8220;AUL\u00c3O PREPARAT\u00d3RIO PARA O PROCESSO SELETIVO DE ACS E ACE, Tartarugalzinho\/ap, 27\/01\/2024&#8221; &#8212; Projeto PROSEAR\/UNIFAP\" src=\"https:\/\/www2.unifap.br\/prosear\/arquivo_doc_coord\/2121\/embed#?secret=MJCCPZinwG#?secret=0AfRCfEojW\" data-secret=\"0AfRCfEojW\" width=\"600\" height=\"338\" frameborder=\"0\" marginwidth=\"0\" marginheight=\"0\" scrolling=\"no\"><\/iframe><\/div>\n<p>&nbsp;<\/p>\n","protected":false},"excerpt":{"rendered":"<p>Revis\u00e3o de v\u00e9spera de prova concurso p\u00fablico Mazag\u00e3o 2026 Revis\u00e3o de v\u00e9spera de prova concurso p\u00fablico Mazag\u00e3o 2026 AUL\u00c3O PREPARAT\u00d3RIO PARA O PROCESSO SELETIVO DE ACS E ACE, Tartarugalzinho\/ap, 27\/01\/2024 &nbsp;<\/p>\n","protected":false},"author":205,"featured_media":0,"parent":0,"menu_order":0,"comment_status":"closed","ping_status":"closed","template":"","meta":{"inline_featured_image":false,"ngg_post_thumbnail":0,"footnotes":""},"class_list":["post-91","page","type-page","status-publish","hentry","entry"],"_links":{"self":[{"href":"https:\/\/www2.unifap.br\/prosear\/wp-json\/wp\/v2\/pages\/91","targetHints":{"allow":["GET"]}}],"collection":[{"href":"https:\/\/www2.unifap.br\/prosear\/wp-json\/wp\/v2\/pages"}],"about":[{"href":"https:\/\/www2.unifap.br\/prosear\/wp-json\/wp\/v2\/types\/page"}],"author":[{"embeddable":true,"href":"https:\/\/www2.unifap.br\/prosear\/wp-json\/wp\/v2\/users\/205"}],"replies":[{"embeddable":true,"href":"https:\/\/www2.unifap.br\/prosear\/wp-json\/wp\/v2\/comments?post=91"}],"version-history":[{"count":4,"href":"https:\/\/www2.unifap.br\/prosear\/wp-json\/wp\/v2\/pages\/91\/revisions"}],"predecessor-version":[{"id":2125,"href":"https:\/\/www2.unifap.br\/prosear\/wp-json\/wp\/v2\/pages\/91\/revisions\/2125"}],"wp:attachment":[{"href":"https:\/\/www2.unifap.br\/prosear\/wp-json\/wp\/v2\/media?parent=91"}],"curies":[{"name":"wp","href":"https:\/\/api.w.org\/{rel}","templated":true}]}}