{"id":2767,"date":"2023-04-29T03:00:05","date_gmt":"2023-04-29T06:00:05","guid":{"rendered":"https:\/\/www2.unifap.br\/quimica\/?page_id=2767"},"modified":"2023-04-29T03:07:47","modified_gmt":"2023-04-29T06:07:47","slug":"extensao","status":"publish","type":"page","link":"https:\/\/www2.unifap.br\/quimica\/extensao\/","title":{"rendered":"Extens\u00e3o"},"content":{"rendered":"\t\t<div data-elementor-type=\"wp-page\" data-elementor-id=\"2767\" class=\"elementor elementor-2767\">\n\t\t\t\t\t\t<section class=\"elementor-section elementor-top-section elementor-element elementor-element-51203d7 elementor-section-boxed elementor-section-height-default elementor-section-height-default\" data-id=\"51203d7\" data-element_type=\"section\" data-e-type=\"section\">\n\t\t\t\t\t\t<div class=\"elementor-container elementor-column-gap-default\">\n\t\t\t\t\t<div class=\"elementor-column elementor-col-100 elementor-top-column elementor-element elementor-element-f27e2c3\" data-id=\"f27e2c3\" data-element_type=\"column\" data-e-type=\"column\">\n\t\t\t<div class=\"elementor-widget-wrap elementor-element-populated\">\n\t\t\t\t\t\t<div class=\"elementor-element elementor-element-073a48a elementor-widget elementor-widget-text-editor\" data-id=\"073a48a\" data-element_type=\"widget\" data-e-type=\"widget\" data-widget_type=\"text-editor.default\">\n\t\t\t\t<div class=\"elementor-widget-container\">\n\t\t\t\t\t\t\t\t\t<table class=\"listagem aligncenter\" width=\"100%\"><caption><strong>A\u00c7\u00d5ES DE EXTENS\u00c3O LOCALIZADAS (23) &#8211; Atualizado em 29\/04\/2023<\/strong><\/caption><thead><tr><th style=\"text-align: left\"><strong>Ano\/T\u00edtulo<\/strong><\/th><th><strong>Tipo<\/strong><\/th><th><strong>Departamento<\/strong><\/th><\/tr><\/thead><tbody><tr class=\"linhaPar\"><td><a title=\"Visualizar A\u00e7\u00e3o\" href=\"https:\/\/sigaa.unifap.br\/sigaa\/public\/extensao\/consulta_extensao.jsf#\">2023 &#8211; II SEMANA DE QU\u00cdMICA DA UNIFAP<\/a><\/td><td>EVENTO<\/td><td style=\"text-align: center\">CCLQ<\/td><\/tr><tr class=\"linhaImpar\"><td><a title=\"Visualizar A\u00e7\u00e3o\" href=\"https:\/\/sigaa.unifap.br\/sigaa\/public\/extensao\/consulta_extensao.jsf#\">2023 &#8211; Encontro de Forma\u00e7\u00e3o Inicial de Professores de Qu\u00edmica &#8211; PROQUIM<\/a><\/td><td>EVENTO<\/td><td style=\"text-align: center\">CCLQ<\/td><\/tr><tr class=\"linhaPar\"><td><a title=\"Visualizar A\u00e7\u00e3o\" href=\"https:\/\/sigaa.unifap.br\/sigaa\/public\/extensao\/consulta_extensao.jsf#\">2023 &#8211; Produ\u00e7\u00e3o de \u00e1lcool liquido e gel para auxiliar no combate ao COVID 19<\/a><\/td><td>PROJETO<\/td><td style=\"text-align: center\">CCLQ<\/td><\/tr><tr class=\"linhaImpar\"><td><a title=\"Visualizar A\u00e7\u00e3o\" href=\"https:\/\/sigaa.unifap.br\/sigaa\/public\/extensao\/consulta_extensao.jsf#\">2023 &#8211; EXPOQU\u00cdMICA<\/a><\/td><td>PROJETO<\/td><td style=\"text-align: center\">CCLQ<\/td><\/tr><tr class=\"linhaPar\"><td><a title=\"Visualizar A\u00e7\u00e3o\" href=\"https:\/\/sigaa.unifap.br\/sigaa\/public\/extensao\/consulta_extensao.jsf#\">2023 &#8211; Cursinho Pr\u00e9-Vestibular UNIENEM 2023<\/a><\/td><td>PROJETO<\/td><td style=\"text-align: center\">CCLQ<\/td><\/tr><tr class=\"linhaImpar\"><td><a title=\"Visualizar A\u00e7\u00e3o\" href=\"https:\/\/sigaa.unifap.br\/sigaa\/public\/extensao\/consulta_extensao.jsf#\">2022 &#8211; FOV: Feira de Orienta\u00e7\u00e3o Vocacional da UNIFAP 2022<\/a><\/td><td>EVENTO<\/td><td style=\"text-align: center\">CCLQ<\/td><\/tr><tr class=\"linhaPar\"><td><a title=\"Visualizar A\u00e7\u00e3o\" href=\"https:\/\/sigaa.unifap.br\/sigaa\/public\/extensao\/consulta_extensao.jsf#\">2022 &#8211; I SEMANA DE QU\u00cdMICA DA UNIFAP<\/a><\/td><td>EVENTO<\/td><td style=\"text-align: center\">CCLQ<\/td><\/tr><tr class=\"linhaImpar\"><td><a title=\"Visualizar A\u00e7\u00e3o\" href=\"https:\/\/sigaa.unifap.br\/sigaa\/public\/extensao\/consulta_extensao.jsf#\">2022 &#8211; OFICINA TEM\u00c1TICA: UMA PROPOSTA INVESTIGATIVA PARA O ENSINO DE QU\u00cdMICA NO ENSINO M\u00c9DIO<\/a><\/td><td>PROJETO<\/td><td style=\"text-align: center\">CCLQ<\/td><\/tr><tr class=\"linhaPar\"><td><a title=\"Visualizar A\u00e7\u00e3o\" href=\"https:\/\/sigaa.unifap.br\/sigaa\/public\/extensao\/consulta_extensao.jsf#\">2022 &#8211; EXPOQU\u00cdMICA: Feiras de Qu\u00edmica pelo Amap\u00e1<\/a><\/td><td>PROJETO<\/td><td style=\"text-align: center\">CCLQ<\/td><\/tr><tr class=\"linhaImpar\"><td><a title=\"Visualizar A\u00e7\u00e3o\" href=\"https:\/\/sigaa.unifap.br\/sigaa\/public\/extensao\/consulta_extensao.jsf#\">2022 &#8211; UniENEM: Cursinho para pessoas carentes<\/a><\/td><td>PROJETO<\/td><td style=\"text-align: center\">CCLQ<\/td><\/tr><tr class=\"linhaPar\"><td><a title=\"Visualizar A\u00e7\u00e3o\" href=\"https:\/\/sigaa.unifap.br\/sigaa\/public\/extensao\/consulta_extensao.jsf#\">2021 &#8211; Stream UniENEM: Intensiv\u00e3o<\/a><\/td><td>CURSO<\/td><td style=\"text-align: center\">CCLQ<\/td><\/tr><tr class=\"linhaImpar\"><td><a title=\"Visualizar A\u00e7\u00e3o\" href=\"https:\/\/sigaa.unifap.br\/sigaa\/public\/extensao\/consulta_extensao.jsf#\">2021 &#8211; VALORIZA\u00c7\u00c3O DOS SABERES TRADICIONAIS COMO PROPOSTA PARA O ENSINO DE QU\u00cdMICA NA ESCOLA FAM\u00cdLIA AGROEXTRATIVISTA DO CARV\u00c3O<\/a><\/td><td>PROJETO<\/td><td style=\"text-align: center\">CCLQ<\/td><\/tr><tr class=\"linhaPar\"><td><a title=\"Visualizar A\u00e7\u00e3o\" href=\"https:\/\/sigaa.unifap.br\/sigaa\/public\/extensao\/consulta_extensao.jsf#\">2020 &#8211; AFROCIENTISTA<\/a><\/td><td>PROJETO<\/td><td style=\"text-align: center\">CCLQ<\/td><\/tr><tr class=\"linhaImpar\"><td><a title=\"Visualizar A\u00e7\u00e3o\" href=\"https:\/\/sigaa.unifap.br\/sigaa\/public\/extensao\/consulta_extensao.jsf#\">2019 &#8211; OLIMP\u00cdADAS DE QU\u00cdMICA 2019<\/a><\/td><td>PROJETO<\/td><td style=\"text-align: center\">CCLQ<\/td><\/tr><tr class=\"linhaPar\"><td><a title=\"Visualizar A\u00e7\u00e3o\" href=\"https:\/\/sigaa.unifap.br\/sigaa\/public\/extensao\/consulta_extensao.jsf#\">2019 &#8211; PIAP-UNIENEM<\/a><\/td><td>PROJETO<\/td><td style=\"text-align: center\">CCLQ<\/td><\/tr><tr class=\"linhaImpar\"><td><a title=\"Visualizar A\u00e7\u00e3o\" href=\"https:\/\/sigaa.unifap.br\/sigaa\/public\/extensao\/consulta_extensao.jsf#\">2018 &#8211; IV Recep\u00e7\u00e3o dos Calouros de Qu\u00edmica 2018.2<\/a><\/td><td>EVENTO<\/td><td style=\"text-align: center\">CCLQ<\/td><\/tr><tr class=\"linhaPar\"><td><a title=\"Visualizar A\u00e7\u00e3o\" href=\"https:\/\/sigaa.unifap.br\/sigaa\/public\/extensao\/consulta_extensao.jsf#\">2018 &#8211; ExpoQu\u00edmica: Feiras de Qu\u00edmica pelo Amap\u00e1<\/a><\/td><td>EVENTO<\/td><td style=\"text-align: center\">CCLQ<\/td><\/tr><tr class=\"linhaImpar\"><td><a title=\"Visualizar A\u00e7\u00e3o\" href=\"https:\/\/sigaa.unifap.br\/sigaa\/public\/extensao\/consulta_extensao.jsf#\">2018 &#8211; FEIRA DE ORIENTA\u00c7\u00c3O VOCACIONAL NA ESCOLA &#8211; FOV NA ESCOLA<\/a><\/td><td>PROJETO<\/td><td style=\"text-align: center\">CCLQ<\/td><\/tr><tr class=\"linhaPar\"><td><a title=\"Visualizar A\u00e7\u00e3o\" href=\"https:\/\/sigaa.unifap.br\/sigaa\/public\/extensao\/consulta_extensao.jsf#\">2018 &#8211; OLIMP\u00cdADAS DE QU\u00cdMICA<\/a><\/td><td>PROJETO<\/td><td style=\"text-align: center\">CCLQ<\/td><\/tr><tr class=\"linhaImpar\"><td><a title=\"Visualizar A\u00e7\u00e3o\" href=\"https:\/\/sigaa.unifap.br\/sigaa\/public\/extensao\/consulta_extensao.jsf#\">2018 &#8211; UniENEM<\/a><\/td><td>PROJETO<\/td><td style=\"text-align: center\">CCLQ<\/td><\/tr><tr class=\"linhaPar\"><td><a title=\"Visualizar A\u00e7\u00e3o\" href=\"https:\/\/sigaa.unifap.br\/sigaa\/public\/extensao\/consulta_extensao.jsf#\">2018 &#8211; PROGRAMA DE INCLUS\u00c3O, ACESSO E PERMAN\u00caNCIA (PIAP\/UNIFAP)<\/a><\/td><td>PROGRAMA<\/td><td style=\"text-align: center\">CCLQ<\/td><\/tr><tr class=\"linhaImpar\"><td><a title=\"Visualizar A\u00e7\u00e3o\" href=\"https:\/\/sigaa.unifap.br\/sigaa\/public\/extensao\/consulta_extensao.jsf#\">2017 &#8211; Feira de Orienta\u00e7\u00e3o Vocacional 2017<\/a><\/td><td>EVENTO<\/td><td style=\"text-align: center\">CCLQ<\/td><\/tr><tr class=\"linhaPar\"><td><a title=\"Visualizar A\u00e7\u00e3o\" href=\"https:\/\/sigaa.unifap.br\/sigaa\/public\/extensao\/consulta_extensao.jsf#\">2017 &#8211; II Recep\u00e7\u00e3o dos Calouros de Qu\u00edmica 2017.2<\/a><\/td><td>EVENTO<\/td><td style=\"text-align: center\">CCLQ<\/td><\/tr><\/tbody><\/table>\t\t\t\t\t\t\t\t<\/div>\n\t\t\t\t<\/div>\n\t\t\t\t\t<\/div>\n\t\t<\/div>\n\t\t\t\t\t<\/div>\n\t\t<\/section>\n\t\t\t\t<section class=\"elementor-section elementor-top-section elementor-element elementor-element-1280da5 elementor-section-boxed elementor-section-height-default elementor-section-height-default\" data-id=\"1280da5\" data-element_type=\"section\" data-e-type=\"section\">\n\t\t\t\t\t\t<div class=\"elementor-container elementor-column-gap-default\">\n\t\t\t\t\t<div class=\"elementor-column elementor-col-100 elementor-top-column elementor-element elementor-element-432a2b3\" data-id=\"432a2b3\" data-element_type=\"column\" data-e-type=\"column\">\n\t\t\t<div class=\"elementor-widget-wrap\">\n\t\t\t\t\t\t\t<\/div>\n\t\t<\/div>\n\t\t\t\t\t<\/div>\n\t\t<\/section>\n\t\t\t\t<\/div>\n\t\t","protected":false},"excerpt":{"rendered":"<p>A\u00c7\u00d5ES DE EXTENS\u00c3O LOCALIZADAS (23) &#8211; Atualizado em 29\/04\/2023 Ano\/T\u00edtulo Tipo Departamento 2023 &#8211; II SEMANA DE QU\u00cdMICA DA UNIFAP EVENTO CCLQ 2023 &#8211; Encontro de Forma\u00e7\u00e3o Inicial de Professores de Qu\u00edmica &#8211; PROQUIM EVENTO CCLQ 2023 &#8211; Produ\u00e7\u00e3o de \u00e1lcool liquido e gel para auxiliar no combate ao COVID 19 PROJETO CCLQ 2023 &#8211;&#8230;<\/p>\n","protected":false},"author":855,"featured_media":0,"parent":0,"menu_order":0,"comment_status":"closed","ping_status":"closed","template":"elementor_header_footer","meta":{"inline_featured_image":false,"ngg_post_thumbnail":0,"footnotes":""},"class_list":["post-2767","page","type-page","status-publish","hentry","entry"],"_links":{"self":[{"href":"https:\/\/www2.unifap.br\/quimica\/wp-json\/wp\/v2\/pages\/2767","targetHints":{"allow":["GET"]}}],"collection":[{"href":"https:\/\/www2.unifap.br\/quimica\/wp-json\/wp\/v2\/pages"}],"about":[{"href":"https:\/\/www2.unifap.br\/quimica\/wp-json\/wp\/v2\/types\/page"}],"author":[{"embeddable":true,"href":"https:\/\/www2.unifap.br\/quimica\/wp-json\/wp\/v2\/users\/855"}],"replies":[{"embeddable":true,"href":"https:\/\/www2.unifap.br\/quimica\/wp-json\/wp\/v2\/comments?post=2767"}],"version-history":[{"count":7,"href":"https:\/\/www2.unifap.br\/quimica\/wp-json\/wp\/v2\/pages\/2767\/revisions"}],"predecessor-version":[{"id":2777,"href":"https:\/\/www2.unifap.br\/quimica\/wp-json\/wp\/v2\/pages\/2767\/revisions\/2777"}],"wp:attachment":[{"href":"https:\/\/www2.unifap.br\/quimica\/wp-json\/wp\/v2\/media?parent=2767"}],"curies":[{"name":"wp","href":"https:\/\/api.w.org\/{rel}","templated":true}]}}