{"id":697,"date":"2017-04-26T02:50:46","date_gmt":"2017-04-26T05:50:46","guid":{"rendered":"http:\/\/www2.unifap.br\/quimica\/?page_id=697"},"modified":"2025-06-15T07:20:17","modified_gmt":"2025-06-15T10:20:17","slug":"estagio-supervisionado","status":"publish","type":"page","link":"https:\/\/www2.unifap.br\/quimica\/estagio-supervisionado\/","title":{"rendered":"Est\u00e1gio Supervisionado (Em atualiza\u00e7\u00e3o)"},"content":{"rendered":"\t\t<div data-elementor-type=\"wp-page\" data-elementor-id=\"697\" class=\"elementor elementor-697\">\n\t\t\t\t\t\t<section class=\"elementor-section elementor-top-section elementor-element elementor-element-4b40dc42 elementor-section-boxed elementor-section-height-default elementor-section-height-default\" data-id=\"4b40dc42\" data-element_type=\"section\" data-e-type=\"section\">\n\t\t\t\t\t\t<div class=\"elementor-container elementor-column-gap-default\">\n\t\t\t\t\t<div class=\"elementor-column elementor-col-100 elementor-top-column elementor-element elementor-element-57faead1\" data-id=\"57faead1\" data-element_type=\"column\" data-e-type=\"column\">\n\t\t\t<div class=\"elementor-widget-wrap elementor-element-populated\">\n\t\t\t\t\t\t<div class=\"elementor-element elementor-element-40190bcd elementor-widget elementor-widget-text-editor\" data-id=\"40190bcd\" data-element_type=\"widget\" data-e-type=\"widget\" data-widget_type=\"text-editor.default\">\n\t\t\t\t<div class=\"elementor-widget-container\">\n\t\t\t\t\t\t\t\t\t<div style=\"text-align: justify\">A finalidade da pr\u00e1tica de est\u00e1gio supervisionado <b>\u00e9 a de desenvolver em cada estudante dos cursos de licenciaturas<\/b> n\u00e3o apenas a compreens\u00e3o das teorias estudadas durante a gradua\u00e7\u00e3o, mas tamb\u00e9m sua aplicabilidade e a reflex\u00e3o sobre a pr\u00e1tica que se inicia neste momento, instrumentalizando o professor em forma\u00e7\u00e3o para a transforma\u00e7\u00e3o da sociedade e a contribui\u00e7\u00e3o para a constru\u00e7\u00e3o da cidadania pelos seus estudantes.<\/div><div style=\"text-align: justify\"><div><b>O est\u00e1gio curricular obrigat\u00f3rio que \u00e9 uma atividade assegurada na matriz curricular do curso<\/b>, cuja pr\u00e1tica varia de acordo com o curso e pode ser realizada em organiza\u00e7\u00f5es p\u00fablicas, privadas, organiza\u00e7\u00f5es n\u00e3o governamentais ou atrav\u00e9s de programas permanentes de extens\u00e3o da universidade.<\/div><div><div><b>O Est\u00e1gio supervisionado constitui uma das etapas mais importantes na vida acad\u00eamica dos alunos de licenciatura<\/b> e, cumprindo as exig\u00eancias da Lei de Diretrizes e Bases da Educa\u00e7\u00e3o Nacional (LDBEN), proporcionando ao licenciado o dom\u00ednio de instrumentos te\u00f3ricos e pr\u00e1ticos imprescind\u00edveis \u00e0 execu\u00e7\u00e3o de suas fun\u00e7\u00f5es; Desenvolver habilidades, h\u00e1bitos e atitudes relacionados ao exerc\u00edcio da doc\u00eancia e criar condi\u00e7\u00f5es para que os estagi\u00e1rios atuem com maior seguran\u00e7a e vis\u00e3o cr\u00edtica em seu espa\u00e7o de trabalho.<\/div><\/div><\/div><div>Para a realiza\u00e7\u00e3o do est\u00e1gio \u00e9 necess\u00e1rio o preenchimento das seguintes documentos:<\/div><div>\u00a0<\/div><p><b><a href=\"http:\/\/www2.unifap.br\/quimica\/files\/2020\/02\/REGULAMENTO-DE-EST\u00c1GIO-SUPERVISIONADO.pdf\">REGIMENTO DE EST\u00c1GIO SUPERVISIONADO<\/a> (CLIQUE AQUI)<\/b><\/p><div><strong><span style=\"text-decoration: underline\">DOCUMENTOS DE EST\u00c1GIO SUPERVISIONADO<\/span><\/strong><\/div><div><a href=\"http:\/\/www2.unifap.br\/quimica\/files\/2020\/02\/1.-Declara\u00e7\u00e3o-de-Aceite.pdf\">1. Declara\u00e7\u00e3o de Aceite<\/a><\/div><div><a href=\"http:\/\/www2.unifap.br\/quimica\/files\/2020\/02\/1.-FICHA-DE-OBSERVA\u00c7\u00c3O-PARTICIPA\u00c7\u00c3O-E-REG\u00caNCIA-converted.pdf\">1. FICHA DE OBSERVA\u00c7\u00c3O &#8211; PARTICIPA\u00c7\u00c3O E REG\u00caNCIA-converted<\/a><\/div><div><a href=\"http:\/\/www2.unifap.br\/quimica\/files\/2020\/02\/2.-Carta-de-Apresenta\u00e7\u00e3o.pdf\">2. Carta de Apresenta\u00e7\u00e3o<\/a><\/div><div><a href=\"http:\/\/www2.unifap.br\/quimica\/files\/2020\/02\/2.-ROTEIRO-PARA-DIAGN\u00d3STICO-DO-PERFIL-E-FUNCIONAMENTO-DA-INSTITUI\u00c7\u00c3O-ESCOLAR-converted.pdf\">2. ROTEIRO PARA DIAGN\u00d3STICO DO PERFIL E FUNCIONAMENTO DA INSTITUI\u00c7\u00c3O ESCOLAR-converted<\/a><\/div><div><a href=\"http:\/\/www2.unifap.br\/quimica\/files\/2020\/02\/3.-Plano-de-Est\u00e1gio.pdf\">3. Plano de Est\u00e1gio<\/a><\/div><div><a href=\"http:\/\/www2.unifap.br\/quimica\/files\/2020\/02\/3.-ROTEIRO-PARA-DIAGN\u00d3STICO-DOS-ASPECTOS-T\u00c9CNICO-PEDAG\u00d3GICOS-DA-INSTITUI\u00c7\u00c3O-ESCOLAR.pdf\">3. ROTEIRO PARA DIAGN\u00d3STICO DOS ASPECTOS T\u00c9CNICO-PEDAG\u00d3GICOS DA INSTITUI\u00c7\u00c3O ESCOLAR<\/a><\/div><div><a href=\"http:\/\/www2.unifap.br\/quimica\/files\/2020\/02\/4.-ROTEIRO-PARA-OBSERVA\u00c7\u00c3O-DA-DIN\u00c2MICA-DA-SALA-DE-AULA.pdf\">4. ROTEIRO PARA OBSERVA\u00c7\u00c3O DA DIN\u00c2MICA DA SALA DE AULA<\/a><\/div><div><a href=\"http:\/\/www2.unifap.br\/quimica\/files\/2020\/02\/4.-TERMO-DE-COMPROMISSO-DE-EST\u00c1GIO-III.pdf\">4. TERMO DE COMPROMISSO DE EST\u00c1GIO III<\/a><\/div><div><a href=\"http:\/\/www2.unifap.br\/quimica\/files\/2020\/02\/5.-FICHA-DE-AVALIA\u00c7\u00c3O-DE-REG\u00caNCIA.pdf\">5. FICHA DE AVALIA\u00c7\u00c3O DE REG\u00caNCIA<\/a><\/div><div><a href=\"http:\/\/www2.unifap.br\/quimica\/files\/2020\/02\/MODELO-E-ORIENTA\u00c7OES-PARA-O-RELAT\u00d3RIO-1.pdf\">6. MODELO E ORIENTA\u00c7OES PARA O RELAT\u00d3RIO (1)<\/a><\/div><div><a href=\"http:\/\/www2.unifap.br\/quimica\/files\/2020\/02\/Modelo-de-Oficio-de-Est\u00e1gio-Supervisionado.pdf\">7. Modelo de Oficio de Est\u00e1gio Supervisionado<\/a><\/div>\t\t\t\t\t\t\t\t<\/div>\n\t\t\t\t<\/div>\n\t\t\t\t\t<\/div>\n\t\t<\/div>\n\t\t\t\t\t<\/div>\n\t\t<\/section>\n\t\t\t\t<section class=\"elementor-section elementor-top-section elementor-element elementor-element-1fe5cb9 elementor-section-boxed elementor-section-height-default elementor-section-height-default\" data-id=\"1fe5cb9\" data-element_type=\"section\" data-e-type=\"section\">\n\t\t\t\t\t\t<div class=\"elementor-container elementor-column-gap-default\">\n\t\t\t\t\t<div class=\"elementor-column elementor-col-100 elementor-top-column elementor-element elementor-element-3dbab67\" data-id=\"3dbab67\" data-element_type=\"column\" data-e-type=\"column\">\n\t\t\t<div class=\"elementor-widget-wrap elementor-element-populated\">\n\t\t\t\t\t\t<div class=\"elementor-element elementor-element-63cafb8 elementor-widget elementor-widget-spacer\" data-id=\"63cafb8\" data-element_type=\"widget\" data-e-type=\"widget\" data-widget_type=\"spacer.default\">\n\t\t\t\t<div class=\"elementor-widget-container\">\n\t\t\t\t\t\t\t<div class=\"elementor-spacer\">\n\t\t\t<div class=\"elementor-spacer-inner\"><\/div>\n\t\t<\/div>\n\t\t\t\t\t\t<\/div>\n\t\t\t\t<\/div>\n\t\t\t\t\t<\/div>\n\t\t<\/div>\n\t\t\t\t\t<\/div>\n\t\t<\/section>\n\t\t\t\t<section class=\"elementor-section elementor-top-section elementor-element elementor-element-5999f18 elementor-section-boxed elementor-section-height-default elementor-section-height-default\" data-id=\"5999f18\" data-element_type=\"section\" data-e-type=\"section\">\n\t\t\t\t\t\t<div class=\"elementor-container elementor-column-gap-default\">\n\t\t\t\t\t<div class=\"elementor-column elementor-col-100 elementor-top-column elementor-element elementor-element-cfcc674\" data-id=\"cfcc674\" data-element_type=\"column\" data-e-type=\"column\">\n\t\t\t<div class=\"elementor-widget-wrap elementor-element-populated\">\n\t\t\t\t\t\t<div class=\"elementor-element elementor-element-c007a33 elementor-invisible elementor-widget elementor-widget-heading\" data-id=\"c007a33\" data-element_type=\"widget\" data-e-type=\"widget\" data-settings=\"{&quot;_animation&quot;:&quot;fadeIn&quot;}\" data-widget_type=\"heading.default\">\n\t\t\t\t<div class=\"elementor-widget-container\">\n\t\t\t\t\t<h1 class=\"elementor-heading-title elementor-size-large\">Comiss\u00e3o de Est\u00e1gio Supervionado<\/h1>\t\t\t\t<\/div>\n\t\t\t\t<\/div>\n\t\t\t\t\t<\/div>\n\t\t<\/div>\n\t\t\t\t\t<\/div>\n\t\t<\/section>\n\t\t\t\t<section class=\"elementor-section elementor-top-section elementor-element elementor-element-eabcc14 elementor-section-boxed elementor-section-height-default elementor-section-height-default\" data-id=\"eabcc14\" data-element_type=\"section\" data-e-type=\"section\">\n\t\t\t\t\t\t<div class=\"elementor-container elementor-column-gap-default\">\n\t\t\t\t\t<div class=\"elementor-column elementor-col-33 elementor-top-column elementor-element elementor-element-c0574b7\" data-id=\"c0574b7\" data-element_type=\"column\" data-e-type=\"column\">\n\t\t\t<div class=\"elementor-widget-wrap elementor-element-populated\">\n\t\t\t\t\t\t<div class=\"elementor-element elementor-element-6d63a0a elementor-widget elementor-widget-image\" data-id=\"6d63a0a\" data-element_type=\"widget\" data-e-type=\"widget\" data-widget_type=\"image.default\">\n\t\t\t\t<div class=\"elementor-widget-container\">\n\t\t\t\t\t\t\t\t\t\t\t\t<figure class=\"wp-caption\">\n\t\t\t\t\t\t\t\t\t\t<img fetchpriority=\"high\" decoding=\"async\" width=\"300\" height=\"300\" src=\"https:\/\/www2.unifap.br\/quimica\/files\/2023\/04\/Alex-Lobato2-300x300.png\" class=\"attachment-medium size-medium wp-image-2429\" alt=\"\" srcset=\"https:\/\/www2.unifap.br\/quimica\/files\/2023\/04\/Alex-Lobato2-300x300.png 300w, https:\/\/www2.unifap.br\/quimica\/files\/2023\/04\/Alex-Lobato2-1024x1024.png 1024w, https:\/\/www2.unifap.br\/quimica\/files\/2023\/04\/Alex-Lobato2-150x150.png 150w, https:\/\/www2.unifap.br\/quimica\/files\/2023\/04\/Alex-Lobato2-768x768.png 768w, https:\/\/www2.unifap.br\/quimica\/files\/2023\/04\/Alex-Lobato2-600x600.png 600w, https:\/\/www2.unifap.br\/quimica\/files\/2023\/04\/Alex-Lobato2.png 1080w\" sizes=\"(max-width: 300px) 100vw, 300px\" \/>\t\t\t\t\t\t\t\t\t\t\t<figcaption class=\"widget-image-caption wp-caption-text\">Prof. Alex Rodrigues<\/figcaption>\n\t\t\t\t\t\t\t\t\t\t<\/figure>\n\t\t\t\t\t\t\t\t\t<\/div>\n\t\t\t\t<\/div>\n\t\t\t\t\t<\/div>\n\t\t<\/div>\n\t\t\t\t<div class=\"elementor-column elementor-col-33 elementor-top-column elementor-element elementor-element-dd7da24\" data-id=\"dd7da24\" data-element_type=\"column\" data-e-type=\"column\">\n\t\t\t<div class=\"elementor-widget-wrap elementor-element-populated\">\n\t\t\t\t\t\t<div class=\"elementor-element elementor-element-e746a3b elementor-widget elementor-widget-image\" data-id=\"e746a3b\" data-element_type=\"widget\" data-e-type=\"widget\" data-widget_type=\"image.default\">\n\t\t\t\t<div class=\"elementor-widget-container\">\n\t\t\t\t\t\t\t\t\t\t\t\t<figure class=\"wp-caption\">\n\t\t\t\t\t\t\t\t\t\t<img decoding=\"async\" width=\"300\" height=\"300\" src=\"https:\/\/www2.unifap.br\/quimica\/files\/2023\/04\/Joaquina-2-300x300.png\" class=\"attachment-medium size-medium wp-image-2435\" alt=\"\" srcset=\"https:\/\/www2.unifap.br\/quimica\/files\/2023\/04\/Joaquina-2-300x300.png 300w, https:\/\/www2.unifap.br\/quimica\/files\/2023\/04\/Joaquina-2-1024x1024.png 1024w, https:\/\/www2.unifap.br\/quimica\/files\/2023\/04\/Joaquina-2-150x150.png 150w, https:\/\/www2.unifap.br\/quimica\/files\/2023\/04\/Joaquina-2-768x768.png 768w, https:\/\/www2.unifap.br\/quimica\/files\/2023\/04\/Joaquina-2-600x600.png 600w, https:\/\/www2.unifap.br\/quimica\/files\/2023\/04\/Joaquina-2.png 1080w\" sizes=\"(max-width: 300px) 100vw, 300px\" \/>\t\t\t\t\t\t\t\t\t\t\t<figcaption class=\"widget-image-caption wp-caption-text\">Prof. Joaquina Malheiros<\/figcaption>\n\t\t\t\t\t\t\t\t\t\t<\/figure>\n\t\t\t\t\t\t\t\t\t<\/div>\n\t\t\t\t<\/div>\n\t\t\t\t\t<\/div>\n\t\t<\/div>\n\t\t\t\t<div class=\"elementor-column elementor-col-33 elementor-top-column elementor-element elementor-element-b45dc4a\" data-id=\"b45dc4a\" data-element_type=\"column\" data-e-type=\"column\">\n\t\t\t<div class=\"elementor-widget-wrap elementor-element-populated\">\n\t\t\t\t\t\t<div class=\"elementor-element elementor-element-dd57855 elementor-widget elementor-widget-image\" data-id=\"dd57855\" data-element_type=\"widget\" data-e-type=\"widget\" data-widget_type=\"image.default\">\n\t\t\t\t<div class=\"elementor-widget-container\">\n\t\t\t\t\t\t\t\t\t\t\t\t<figure class=\"wp-caption\">\n\t\t\t\t\t\t\t\t\t\t<img decoding=\"async\" width=\"300\" height=\"300\" src=\"https:\/\/www2.unifap.br\/quimica\/files\/2023\/04\/Selma2-300x300.png\" class=\"attachment-medium size-medium wp-image-2439\" alt=\"\" srcset=\"https:\/\/www2.unifap.br\/quimica\/files\/2023\/04\/Selma2-300x300.png 300w, https:\/\/www2.unifap.br\/quimica\/files\/2023\/04\/Selma2-1024x1024.png 1024w, https:\/\/www2.unifap.br\/quimica\/files\/2023\/04\/Selma2-150x150.png 150w, https:\/\/www2.unifap.br\/quimica\/files\/2023\/04\/Selma2-768x768.png 768w, https:\/\/www2.unifap.br\/quimica\/files\/2023\/04\/Selma2-600x600.png 600w, https:\/\/www2.unifap.br\/quimica\/files\/2023\/04\/Selma2.png 1080w\" sizes=\"(max-width: 300px) 100vw, 300px\" \/>\t\t\t\t\t\t\t\t\t\t\t<figcaption class=\"widget-image-caption wp-caption-text\">Prof. Selma Melo<\/figcaption>\n\t\t\t\t\t\t\t\t\t\t<\/figure>\n\t\t\t\t\t\t\t\t\t<\/div>\n\t\t\t\t<\/div>\n\t\t\t\t\t<\/div>\n\t\t<\/div>\n\t\t\t\t\t<\/div>\n\t\t<\/section>\n\t\t\t\t<section class=\"elementor-section elementor-top-section elementor-element elementor-element-18da9b5 elementor-section-boxed elementor-section-height-default elementor-section-height-default\" data-id=\"18da9b5\" data-element_type=\"section\" data-e-type=\"section\">\n\t\t\t\t\t\t<div class=\"elementor-container elementor-column-gap-default\">\n\t\t\t\t\t<div class=\"elementor-column elementor-col-100 elementor-top-column elementor-element elementor-element-394b6bd\" data-id=\"394b6bd\" data-element_type=\"column\" data-e-type=\"column\">\n\t\t\t<div class=\"elementor-widget-wrap elementor-element-populated\">\n\t\t\t\t\t\t<div class=\"elementor-element elementor-element-2c6e5a1 elementor-widget elementor-widget-spacer\" data-id=\"2c6e5a1\" data-element_type=\"widget\" data-e-type=\"widget\" data-widget_type=\"spacer.default\">\n\t\t\t\t<div class=\"elementor-widget-container\">\n\t\t\t\t\t\t\t<div class=\"elementor-spacer\">\n\t\t\t<div class=\"elementor-spacer-inner\"><\/div>\n\t\t<\/div>\n\t\t\t\t\t\t<\/div>\n\t\t\t\t<\/div>\n\t\t\t\t\t<\/div>\n\t\t<\/div>\n\t\t\t\t\t<\/div>\n\t\t<\/section>\n\t\t\t\t<section class=\"elementor-section elementor-top-section elementor-element elementor-element-d832074 elementor-section-boxed elementor-section-height-default elementor-section-height-default\" data-id=\"d832074\" data-element_type=\"section\" data-e-type=\"section\">\n\t\t\t\t\t\t<div class=\"elementor-container elementor-column-gap-default\">\n\t\t\t\t\t<div class=\"elementor-column elementor-col-100 elementor-top-column elementor-element elementor-element-9a0c3e2\" data-id=\"9a0c3e2\" data-element_type=\"column\" data-e-type=\"column\">\n\t\t\t<div class=\"elementor-widget-wrap elementor-element-populated\">\n\t\t\t\t\t\t<div class=\"elementor-element elementor-element-39a294f elementor-invisible elementor-widget elementor-widget-heading\" data-id=\"39a294f\" data-element_type=\"widget\" data-e-type=\"widget\" data-settings=\"{&quot;_animation&quot;:&quot;fadeIn&quot;}\" data-widget_type=\"heading.default\">\n\t\t\t\t<div class=\"elementor-widget-container\">\n\t\t\t\t\t<h1 class=\"elementor-heading-title elementor-size-large\">Professores de Est\u00e1gio<\/h1>\t\t\t\t<\/div>\n\t\t\t\t<\/div>\n\t\t\t\t\t<\/div>\n\t\t<\/div>\n\t\t\t\t\t<\/div>\n\t\t<\/section>\n\t\t\t\t<section class=\"elementor-section elementor-top-section elementor-element elementor-element-b853b11 elementor-section-boxed elementor-section-height-default elementor-section-height-default elementor-invisible\" data-id=\"b853b11\" data-element_type=\"section\" data-e-type=\"section\" data-settings=\"{&quot;animation&quot;:&quot;fadeIn&quot;}\">\n\t\t\t\t\t\t<div class=\"elementor-container elementor-column-gap-default\">\n\t\t\t\t\t<div class=\"elementor-column elementor-col-25 elementor-top-column elementor-element elementor-element-3d958e8\" data-id=\"3d958e8\" data-element_type=\"column\" data-e-type=\"column\">\n\t\t\t<div class=\"elementor-widget-wrap elementor-element-populated\">\n\t\t\t\t\t\t<div class=\"elementor-element elementor-element-544bb85 elementor-widget elementor-widget-image\" data-id=\"544bb85\" data-element_type=\"widget\" data-e-type=\"widget\" data-widget_type=\"image.default\">\n\t\t\t\t<div class=\"elementor-widget-container\">\n\t\t\t\t\t\t\t\t\t\t\t\t<figure class=\"wp-caption\">\n\t\t\t\t\t\t\t\t\t\t<img fetchpriority=\"high\" decoding=\"async\" width=\"300\" height=\"300\" src=\"https:\/\/www2.unifap.br\/quimica\/files\/2023\/04\/Alex-Lobato2-300x300.png\" class=\"attachment-medium size-medium wp-image-2429\" alt=\"\" srcset=\"https:\/\/www2.unifap.br\/quimica\/files\/2023\/04\/Alex-Lobato2-300x300.png 300w, https:\/\/www2.unifap.br\/quimica\/files\/2023\/04\/Alex-Lobato2-1024x1024.png 1024w, https:\/\/www2.unifap.br\/quimica\/files\/2023\/04\/Alex-Lobato2-150x150.png 150w, https:\/\/www2.unifap.br\/quimica\/files\/2023\/04\/Alex-Lobato2-768x768.png 768w, https:\/\/www2.unifap.br\/quimica\/files\/2023\/04\/Alex-Lobato2-600x600.png 600w, https:\/\/www2.unifap.br\/quimica\/files\/2023\/04\/Alex-Lobato2.png 1080w\" sizes=\"(max-width: 300px) 100vw, 300px\" \/>\t\t\t\t\t\t\t\t\t\t\t<figcaption class=\"widget-image-caption wp-caption-text\">Prof. Alex Rodrigues<\/figcaption>\n\t\t\t\t\t\t\t\t\t\t<\/figure>\n\t\t\t\t\t\t\t\t\t<\/div>\n\t\t\t\t<\/div>\n\t\t\t\t\t<\/div>\n\t\t<\/div>\n\t\t\t\t<div class=\"elementor-column elementor-col-25 elementor-top-column elementor-element elementor-element-7a0f663\" data-id=\"7a0f663\" data-element_type=\"column\" data-e-type=\"column\">\n\t\t\t<div class=\"elementor-widget-wrap elementor-element-populated\">\n\t\t\t\t\t\t<div class=\"elementor-element elementor-element-097830d elementor-widget elementor-widget-image\" data-id=\"097830d\" data-element_type=\"widget\" data-e-type=\"widget\" data-widget_type=\"image.default\">\n\t\t\t\t<div class=\"elementor-widget-container\">\n\t\t\t\t\t\t\t\t\t\t\t\t<figure class=\"wp-caption\">\n\t\t\t\t\t\t\t\t\t\t<img decoding=\"async\" width=\"300\" height=\"300\" src=\"https:\/\/www2.unifap.br\/quimica\/files\/2023\/04\/Joaquina-2-300x300.png\" class=\"attachment-medium size-medium wp-image-2435\" alt=\"\" srcset=\"https:\/\/www2.unifap.br\/quimica\/files\/2023\/04\/Joaquina-2-300x300.png 300w, https:\/\/www2.unifap.br\/quimica\/files\/2023\/04\/Joaquina-2-1024x1024.png 1024w, https:\/\/www2.unifap.br\/quimica\/files\/2023\/04\/Joaquina-2-150x150.png 150w, https:\/\/www2.unifap.br\/quimica\/files\/2023\/04\/Joaquina-2-768x768.png 768w, https:\/\/www2.unifap.br\/quimica\/files\/2023\/04\/Joaquina-2-600x600.png 600w, https:\/\/www2.unifap.br\/quimica\/files\/2023\/04\/Joaquina-2.png 1080w\" sizes=\"(max-width: 300px) 100vw, 300px\" \/>\t\t\t\t\t\t\t\t\t\t\t<figcaption class=\"widget-image-caption wp-caption-text\">Prof. Joaquina Malheiros<\/figcaption>\n\t\t\t\t\t\t\t\t\t\t<\/figure>\n\t\t\t\t\t\t\t\t\t<\/div>\n\t\t\t\t<\/div>\n\t\t\t\t\t<\/div>\n\t\t<\/div>\n\t\t\t\t<div class=\"elementor-column elementor-col-25 elementor-top-column elementor-element elementor-element-e9c2107\" data-id=\"e9c2107\" data-element_type=\"column\" data-e-type=\"column\">\n\t\t\t<div class=\"elementor-widget-wrap elementor-element-populated\">\n\t\t\t\t\t\t<div class=\"elementor-element elementor-element-0ca270f elementor-widget elementor-widget-image\" data-id=\"0ca270f\" data-element_type=\"widget\" data-e-type=\"widget\" data-widget_type=\"image.default\">\n\t\t\t\t<div class=\"elementor-widget-container\">\n\t\t\t\t\t\t\t\t\t\t\t\t<figure class=\"wp-caption\">\n\t\t\t\t\t\t\t\t\t\t<img loading=\"lazy\" decoding=\"async\" width=\"300\" height=\"300\" src=\"https:\/\/www2.unifap.br\/quimica\/files\/2023\/04\/Kelton2-300x300.png\" class=\"attachment-medium size-medium wp-image-2437\" alt=\"\" srcset=\"https:\/\/www2.unifap.br\/quimica\/files\/2023\/04\/Kelton2-300x300.png 300w, https:\/\/www2.unifap.br\/quimica\/files\/2023\/04\/Kelton2-1024x1024.png 1024w, https:\/\/www2.unifap.br\/quimica\/files\/2023\/04\/Kelton2-150x150.png 150w, https:\/\/www2.unifap.br\/quimica\/files\/2023\/04\/Kelton2-768x768.png 768w, https:\/\/www2.unifap.br\/quimica\/files\/2023\/04\/Kelton2-600x600.png 600w, https:\/\/www2.unifap.br\/quimica\/files\/2023\/04\/Kelton2.png 1080w\" sizes=\"(max-width: 300px) 100vw, 300px\" \/>\t\t\t\t\t\t\t\t\t\t\t<figcaption class=\"widget-image-caption wp-caption-text\">Prof. Kelton Bel\u00e9m<\/figcaption>\n\t\t\t\t\t\t\t\t\t\t<\/figure>\n\t\t\t\t\t\t\t\t\t<\/div>\n\t\t\t\t<\/div>\n\t\t\t\t\t<\/div>\n\t\t<\/div>\n\t\t\t\t<div class=\"elementor-column elementor-col-25 elementor-top-column elementor-element elementor-element-b450976\" data-id=\"b450976\" data-element_type=\"column\" data-e-type=\"column\">\n\t\t\t<div class=\"elementor-widget-wrap elementor-element-populated\">\n\t\t\t\t\t\t<div class=\"elementor-element elementor-element-7b8c6fe elementor-widget elementor-widget-image\" data-id=\"7b8c6fe\" data-element_type=\"widget\" data-e-type=\"widget\" data-widget_type=\"image.default\">\n\t\t\t\t<div class=\"elementor-widget-container\">\n\t\t\t\t\t\t\t\t\t\t\t\t<figure class=\"wp-caption\">\n\t\t\t\t\t\t\t\t\t\t<img decoding=\"async\" width=\"300\" height=\"300\" src=\"https:\/\/www2.unifap.br\/quimica\/files\/2023\/04\/Selma2-300x300.png\" class=\"attachment-medium size-medium wp-image-2439\" alt=\"\" srcset=\"https:\/\/www2.unifap.br\/quimica\/files\/2023\/04\/Selma2-300x300.png 300w, https:\/\/www2.unifap.br\/quimica\/files\/2023\/04\/Selma2-1024x1024.png 1024w, https:\/\/www2.unifap.br\/quimica\/files\/2023\/04\/Selma2-150x150.png 150w, https:\/\/www2.unifap.br\/quimica\/files\/2023\/04\/Selma2-768x768.png 768w, https:\/\/www2.unifap.br\/quimica\/files\/2023\/04\/Selma2-600x600.png 600w, https:\/\/www2.unifap.br\/quimica\/files\/2023\/04\/Selma2.png 1080w\" sizes=\"(max-width: 300px) 100vw, 300px\" \/>\t\t\t\t\t\t\t\t\t\t\t<figcaption class=\"widget-image-caption wp-caption-text\">Prof. Selma Melo<\/figcaption>\n\t\t\t\t\t\t\t\t\t\t<\/figure>\n\t\t\t\t\t\t\t\t\t<\/div>\n\t\t\t\t<\/div>\n\t\t\t\t\t<\/div>\n\t\t<\/div>\n\t\t\t\t\t<\/div>\n\t\t<\/section>\n\t\t\t\t<section class=\"elementor-section elementor-top-section elementor-element elementor-element-017df75 elementor-section-boxed elementor-section-height-default elementor-section-height-default\" data-id=\"017df75\" data-element_type=\"section\" data-e-type=\"section\">\n\t\t\t\t\t\t<div class=\"elementor-container elementor-column-gap-default\">\n\t\t\t\t\t<div class=\"elementor-column elementor-col-100 elementor-top-column elementor-element elementor-element-59ac62f\" data-id=\"59ac62f\" data-element_type=\"column\" data-e-type=\"column\">\n\t\t\t<div class=\"elementor-widget-wrap elementor-element-populated\">\n\t\t\t\t\t\t<div class=\"elementor-element elementor-element-3f795bb elementor-widget elementor-widget-spacer\" data-id=\"3f795bb\" data-element_type=\"widget\" data-e-type=\"widget\" data-widget_type=\"spacer.default\">\n\t\t\t\t<div class=\"elementor-widget-container\">\n\t\t\t\t\t\t\t<div class=\"elementor-spacer\">\n\t\t\t<div class=\"elementor-spacer-inner\"><\/div>\n\t\t<\/div>\n\t\t\t\t\t\t<\/div>\n\t\t\t\t<\/div>\n\t\t\t\t\t<\/div>\n\t\t<\/div>\n\t\t\t\t\t<\/div>\n\t\t<\/section>\n\t\t\t\t<\/div>\n\t\t","protected":false},"excerpt":{"rendered":"<p>A finalidade da pr\u00e1tica de est\u00e1gio supervisionado \u00e9 a de desenvolver em cada estudante dos cursos de licenciaturas n\u00e3o apenas a compreens\u00e3o das teorias estudadas durante a gradua\u00e7\u00e3o, mas tamb\u00e9m sua aplicabilidade e a reflex\u00e3o sobre a pr\u00e1tica que se inicia neste momento, instrumentalizando o professor em forma\u00e7\u00e3o para a transforma\u00e7\u00e3o da sociedade e a&#8230;<\/p>\n","protected":false},"author":855,"featured_media":0,"parent":0,"menu_order":3,"comment_status":"closed","ping_status":"closed","template":"elementor_header_footer","meta":{"inline_featured_image":false,"ngg_post_thumbnail":0,"footnotes":""},"class_list":["post-697","page","type-page","status-publish","hentry","entry"],"_links":{"self":[{"href":"https:\/\/www2.unifap.br\/quimica\/wp-json\/wp\/v2\/pages\/697","targetHints":{"allow":["GET"]}}],"collection":[{"href":"https:\/\/www2.unifap.br\/quimica\/wp-json\/wp\/v2\/pages"}],"about":[{"href":"https:\/\/www2.unifap.br\/quimica\/wp-json\/wp\/v2\/types\/page"}],"author":[{"embeddable":true,"href":"https:\/\/www2.unifap.br\/quimica\/wp-json\/wp\/v2\/users\/855"}],"replies":[{"embeddable":true,"href":"https:\/\/www2.unifap.br\/quimica\/wp-json\/wp\/v2\/comments?post=697"}],"version-history":[{"count":12,"href":"https:\/\/www2.unifap.br\/quimica\/wp-json\/wp\/v2\/pages\/697\/revisions"}],"predecessor-version":[{"id":4268,"href":"https:\/\/www2.unifap.br\/quimica\/wp-json\/wp\/v2\/pages\/697\/revisions\/4268"}],"wp:attachment":[{"href":"https:\/\/www2.unifap.br\/quimica\/wp-json\/wp\/v2\/media?parent=697"}],"curies":[{"name":"wp","href":"https:\/\/api.w.org\/{rel}","templated":true}]}}