{"id":55,"date":"2013-12-27T03:48:44","date_gmt":"2013-12-27T03:48:44","guid":{"rendered":"http:\/\/www2.unifap.br\/relacoesinternacionais\/?page_id=55"},"modified":"2023-03-21T20:00:10","modified_gmt":"2023-03-21T20:00:10","slug":"ppc","status":"publish","type":"page","link":"https:\/\/www2.unifap.br\/relacoesinternacionais\/ppc\/","title":{"rendered":"Projeto Pedag\u00f3gico do Curso (PPC)"},"content":{"rendered":"<p style=\"text-align: center\"><a href=\"http:\/\/www2.unifap.br\/relacoesinternacionais\/files\/2013\/12\/7.png\"><img fetchpriority=\"high\" decoding=\"async\" class=\" wp-image-820 aligncenter\" src=\"http:\/\/www2.unifap.br\/relacoesinternacionais\/files\/2013\/12\/7-300x300.png\" alt=\"7\" width=\"240\" height=\"240\" srcset=\"https:\/\/www2.unifap.br\/relacoesinternacionais\/files\/2013\/12\/7-300x300.png 300w, https:\/\/www2.unifap.br\/relacoesinternacionais\/files\/2013\/12\/7-150x150.png 150w, https:\/\/www2.unifap.br\/relacoesinternacionais\/files\/2013\/12\/7.png 1024w, https:\/\/www2.unifap.br\/relacoesinternacionais\/files\/2013\/12\/7-70x70.png 70w\" sizes=\"(max-width: 240px) 100vw, 240px\" \/><\/a><\/p>\n<p style=\"text-align: justify\">O Projeto Pedag\u00f3gico de Curso (PPC) \u00e9 o instrumento que concentra a concep\u00e7\u00e3o do curso de gradua\u00e7\u00e3o, os fundamentos da gest\u00e3o acad\u00eamica, pedag\u00f3gica e administrativa, os princ\u00edpios educacionais vetores de todas as a\u00e7\u00f5es a serem adotadas na condu\u00e7\u00e3o do processo de ensino-aprendizagem da Gradua\u00e7\u00e3o, respeitando os ditames da Resolu\u00e7\u00e3o &nbsp;CNE\/CES 4\/2017, que estabelece as Diretrizes Curriculares Nacionais do Curso de Gradua\u00e7\u00e3o em Rela\u00e7\u00f5es Internacionais.<\/p>\n<p style=\"text-align: justify\">&nbsp;O PPC deve contemplar diversos elementos, dentre eles o perfil do egresso, os objetivos gerais do curso, as suas peculiaridades, sua matriz curricular e a respectiva operacionaliza\u00e7\u00e3o, a carga hor\u00e1ria das atividades did\u00e1ticas e da integraliza\u00e7\u00e3o do curso, a concep\u00e7\u00e3o e a composi\u00e7\u00e3o das atividades de extens\u00e3o, a concep\u00e7\u00e3o e a composi\u00e7\u00e3o das atividades complementares, etc<i>.<\/i><\/p>\n<p style=\"text-align: justify\">SAIBA MAIS EM: D<a href=\"http:\/\/portal.mec.gov.br\/docman\/outubro-2017-pdf\/73651-rces004-17-pdf\/file\">iretriz curricular nacional dos cursos de Rela\u00e7\u00f5es Internacionais<\/a><\/p>\n<pre style=\"text-align: justify\">DOCUMENTO:<\/pre>\n<ul>\n<li><a href=\"http:\/\/www2.unifap.br\/relacoesinternacionais\/files\/2013\/12\/PPC-RI.pdf\">Projeto Pedag\u00f3gico do Curso de Gradua\u00e7\u00e3o em Rela\u00e7\u00f5es Internacionais<\/a> (aplic\u00e1vel aos discentes ingressantes at\u00e9 o ano de 2018)<\/li>\n<li><a href=\"http:\/\/www2.unifap.br\/relacoesinternacionais\/files\/2023\/03\/1.-PPC.RI-VERSAO-FINAL-2022-apv-no-CONSU-3.pdf\">Projeto Pedag\u00f3gico do Curso de Gradua\u00e7\u00e3o em Rela\u00e7\u00f5es Internacionais<\/a> (aplic\u00e1vel aos discentes ingressantes a partir do ano de 2019)<\/li>\n<\/ul>\n","protected":false},"excerpt":{"rendered":"<p>O Projeto Pedag\u00f3gico de Curso (PPC) \u00e9 o instrumento que concentra a concep\u00e7\u00e3o do curso de gradua\u00e7\u00e3o, os fundamentos da gest\u00e3o acad\u00eamica, pedag\u00f3gica e administrativa, os princ\u00edpios educacionais vetores de todas as a\u00e7\u00f5es a serem adotadas na condu\u00e7\u00e3o do processo&hellip; <\/p>\n<p><a href=\"https:\/\/www2.unifap.br\/relacoesinternacionais\/ppc\/\" class=\"readmore-button\">Continue Reading<\/a><\/p>\n","protected":false},"author":385,"featured_media":0,"parent":0,"menu_order":0,"comment_status":"open","ping_status":"open","template":"","meta":{"inline_featured_image":false,"ngg_post_thumbnail":0,"footnotes":""},"class_list":["post-55","page","type-page","status-publish","hentry"],"_links":{"self":[{"href":"https:\/\/www2.unifap.br\/relacoesinternacionais\/wp-json\/wp\/v2\/pages\/55","targetHints":{"allow":["GET"]}}],"collection":[{"href":"https:\/\/www2.unifap.br\/relacoesinternacionais\/wp-json\/wp\/v2\/pages"}],"about":[{"href":"https:\/\/www2.unifap.br\/relacoesinternacionais\/wp-json\/wp\/v2\/types\/page"}],"author":[{"embeddable":true,"href":"https:\/\/www2.unifap.br\/relacoesinternacionais\/wp-json\/wp\/v2\/users\/385"}],"replies":[{"embeddable":true,"href":"https:\/\/www2.unifap.br\/relacoesinternacionais\/wp-json\/wp\/v2\/comments?post=55"}],"version-history":[{"count":10,"href":"https:\/\/www2.unifap.br\/relacoesinternacionais\/wp-json\/wp\/v2\/pages\/55\/revisions"}],"predecessor-version":[{"id":1394,"href":"https:\/\/www2.unifap.br\/relacoesinternacionais\/wp-json\/wp\/v2\/pages\/55\/revisions\/1394"}],"wp:attachment":[{"href":"https:\/\/www2.unifap.br\/relacoesinternacionais\/wp-json\/wp\/v2\/media?parent=55"}],"curies":[{"name":"wp","href":"https:\/\/api.w.org\/{rel}","templated":true}]}}