{"id":767,"date":"2017-05-17T09:57:57","date_gmt":"2017-05-17T09:57:57","guid":{"rendered":"http:\/\/www2.unifap.br\/relacoesinternacionais\/?page_id=767"},"modified":"2023-03-10T23:50:28","modified_gmt":"2023-03-10T23:50:28","slug":"coordenacao-do-curso-2","status":"publish","type":"page","link":"https:\/\/www2.unifap.br\/relacoesinternacionais\/coordenacao-do-curso-2\/","title":{"rendered":"Coordena\u00e7\u00e3o do Curso"},"content":{"rendered":"<h4><strong>COORDENA\u00c7\u00c3O DO CURSO BACHARELADO EM RELA\u00c7\u00d5ES INTERNACIONAIS<\/strong><\/h4>\n<p>&nbsp;<\/p>\n<p><strong>Coordenador:<\/strong> Prof. Dra. Camila Soares Lippi. Hor\u00e1rio de atendimento presencial da coordenadora: de segunda a quinta-feira das 13:30 \u00e0s 18h; sexta-feira das 11h \u00e0s 14h.<\/p>\n<p><strong>Vice-coordenador:<\/strong> Prof. Me. Lincoln Narcelio Thomaz Noronha. (respons\u00e1vel pelo curso de Rela\u00e7\u00f5es Internacionais na aus\u00eancia da coordenadora)<\/p>\n<p><strong>E-MAIL: <\/strong>ccri@unifap.br<\/p>\n<p><strong>Endere\u00e7o: <\/strong>Universidade Federal do Amap\u00e1 \u2013 Campus Universit\u00e1rio Marco Zero do Equador: Rod. Juscelino Kubitschek, KM-02,&nbsp;Bloco dos Professores, Sala da CCRI, 2\u00ba piso&nbsp;\u2013 Jardim Marco Zero \u2013 CEP 68.903-419 \u2013 Macap\u00e1 \u2013 AP \u2013 Brasil<\/p>\n<p>&nbsp;<\/p>\n<h4><strong>\u00c0 COORDENA\u00c7\u00c3O DE CURSO COMPETE:<\/strong><\/h4>\n<p>I \u2013 cumprir e fazer cumprir as delibera\u00e7\u00f5es do Colegiado de Curso;<\/p>\n<p>II \u2013 elaborar e submeter ao seu Conselho Departamental o plano de atividades da coordena\u00e7\u00e3o de curso;<\/p>\n<p>III \u2013 fazer cumprir os planos de atividades dos docentes e servidores t\u00e9cnico administrativos lotados na Coordena\u00e7\u00e3o;<\/p>\n<p>IV \u2013 designar banca de revis\u00e3o de provas dos discentes, quando deliberado pelo Colegiado de Curso;<\/p>\n<p>V \u2013 propor ao Conselho Departamental normas e crit\u00e9rios para a monitoria e o est\u00e1gio curricular supervisionado;<\/p>\n<p>VI \u2013 acompanhar a frequ\u00eancia e o desenvolvimento das atividades dos docentes no ensino, na pesquisa e na extens\u00e3o, submetendo os resultados \u00e0 aprecia\u00e7\u00e3o do Colegiado de Curso;<\/p>\n<p>VII \u2013 acompanhar o desenvolvimento dos docentes em curso de qualifica\u00e7\u00e3o,atrav\u00e9s de relat\u00f3rios espec\u00edficos; e<\/p>\n<p>VIII \u2013 desenvolver outras atividades que lhe couberem por for\u00e7a da legisla\u00e7\u00e3o.<\/p>\n<p><strong>O Colegiado de Curso \u00e9 constitu\u00eddo por:<\/strong><\/p>\n<p>I \u2013 todos os professores lotados nas coordena\u00e7\u00f5es de cursos;<\/p>\n<p>II \u2013 por um representante do corpo t\u00e9cnico-administrativo superior, lotado na coordena\u00e7\u00e3o; e<\/p>\n<p>III \u2013 todos os discente representantes das turmas de gradua\u00e7\u00e3o do respectivo curso, sendo um por turma.<\/p>\n<p><b>\u00a7 1\u00ba<\/b>. A representa\u00e7\u00e3o dos professores dever\u00e1 corresponder a, no m\u00ednimo, 70% (setenta por cento) do total de membros do Colegiado, em qualquer caso;<\/p>\n<p><b>\u00a7 2\u00ba<\/b>. Para o alcance do quantitativo m\u00ednimo de que trata o par\u00e1grafo anterior, ser\u00e3o exclu\u00eddos os representantes das turmas com menor tempo de ingresso na UNIFAP.<\/p>\n<p><b>\u00a7 3\u00ba<\/b>. Existindo mais de uma turma em igualdade de condi\u00e7\u00f5es, quanto ao tempo de ingresso, decidir\u00e3o os pr\u00f3prios representantes qual deles integrar\u00e1 o Colegiado.<\/p>\n<p><strong>Ao Colegiado de Curso compete:<\/strong><\/p>\n<p>I \u2013 deliberar sobre as pol\u00edticas e diretrizes de cada coordena\u00e7\u00e3o, em conson\u00e2ncia<\/p>\n<p>com as pol\u00edticas e orienta\u00e7\u00f5es do Conselho Departamental e dos Conselhos Superiores;<\/p>\n<p>II \u2013 deliberar sobre os projetos pedag\u00f3gico e cient\u00edfico do pessoal docente e t\u00e9cnico administrativo lotado na coordena\u00e7\u00e3o de curso;<\/p>\n<p>III \u2013 deliberar sobre as atribui\u00e7\u00f5es e encargos de ensino, pesquisa e extens\u00e3o do pessoal docente e t\u00e9cnico-administrativo da coordena\u00e7\u00e3o de curso;<\/p>\n<p>IV \u2013 deliberar sobre indica\u00e7\u00e3o de professor para ministrar disciplina diversa daquela para a qual foi concursado;<\/p>\n<p>V \u2013 deliberar, em seu n\u00edvel, sobre quest\u00f5es referentes \u00e0 vida funcional dos docentes;<\/p>\n<p>VI \u2013 declarar vago o cargo de Coordenador de Curso;<\/p>\n<p>VII \u2013 deliberar sobre propostas e normas relativas \u00e0 monitoria;<\/p>\n<p>VIII \u2013 propor a\u00e7\u00f5es para a melhoria da qualidade de ensino;<\/p>\n<p>IX \u2013 estabelecer medidas de acompanhamento e avalia\u00e7\u00e3o da execu\u00e7\u00e3o dos planos de trabalho das coordena\u00e7\u00f5es de cursos; e<\/p>\n<p>X \u2013 desenvolver outras atribui\u00e7\u00f5es que lhe couberem por for\u00e7a da legisla\u00e7\u00e3o vigente.<\/p>\n","protected":false},"excerpt":{"rendered":"<p>COORDENA\u00c7\u00c3O DO CURSO BACHARELADO EM RELA\u00c7\u00d5ES INTERNACIONAIS &nbsp; Coordenador: Prof. Dra. Camila Soares Lippi. Hor\u00e1rio de atendimento presencial da coordenadora: de segunda a quinta-feira das 13:30 \u00e0s 18h; sexta-feira das 11h \u00e0s 14h. Vice-coordenador: Prof. Me. Lincoln Narcelio Thomaz Noronha.&hellip; <\/p>\n<p><a href=\"https:\/\/www2.unifap.br\/relacoesinternacionais\/coordenacao-do-curso-2\/\" class=\"readmore-button\">Continue Reading<\/a><\/p>\n","protected":false},"author":1128,"featured_media":0,"parent":0,"menu_order":4,"comment_status":"open","ping_status":"closed","template":"","meta":{"inline_featured_image":false,"ngg_post_thumbnail":0,"footnotes":""},"class_list":["post-767","page","type-page","status-publish","hentry"],"_links":{"self":[{"href":"https:\/\/www2.unifap.br\/relacoesinternacionais\/wp-json\/wp\/v2\/pages\/767","targetHints":{"allow":["GET"]}}],"collection":[{"href":"https:\/\/www2.unifap.br\/relacoesinternacionais\/wp-json\/wp\/v2\/pages"}],"about":[{"href":"https:\/\/www2.unifap.br\/relacoesinternacionais\/wp-json\/wp\/v2\/types\/page"}],"author":[{"embeddable":true,"href":"https:\/\/www2.unifap.br\/relacoesinternacionais\/wp-json\/wp\/v2\/users\/1128"}],"replies":[{"embeddable":true,"href":"https:\/\/www2.unifap.br\/relacoesinternacionais\/wp-json\/wp\/v2\/comments?post=767"}],"version-history":[{"count":23,"href":"https:\/\/www2.unifap.br\/relacoesinternacionais\/wp-json\/wp\/v2\/pages\/767\/revisions"}],"predecessor-version":[{"id":1357,"href":"https:\/\/www2.unifap.br\/relacoesinternacionais\/wp-json\/wp\/v2\/pages\/767\/revisions\/1357"}],"wp:attachment":[{"href":"https:\/\/www2.unifap.br\/relacoesinternacionais\/wp-json\/wp\/v2\/media?parent=767"}],"curies":[{"name":"wp","href":"https:\/\/api.w.org\/{rel}","templated":true}]}}