{"id":78,"date":"2013-12-27T05:08:41","date_gmt":"2013-12-27T05:08:41","guid":{"rendered":"http:\/\/www2.unifap.br\/relacoesinternacionais\/?page_id=78"},"modified":"2023-03-11T01:53:12","modified_gmt":"2023-03-11T01:53:12","slug":"estagio","status":"publish","type":"page","link":"https:\/\/www2.unifap.br\/relacoesinternacionais\/estagio\/","title":{"rendered":"Est\u00e1gio"},"content":{"rendered":"<p style=\"text-align: center\"><a href=\"http:\/\/www2.unifap.br\/relacoesinternacionais\/files\/2013\/12\/ESTAGIO.png\"><img fetchpriority=\"high\" decoding=\"async\" class=\"size-medium wp-image-799 aligncenter\" src=\"http:\/\/www2.unifap.br\/relacoesinternacionais\/files\/2013\/12\/ESTAGIO-300x176.png\" alt=\"ESTAGIO\" width=\"300\" height=\"176\" srcset=\"https:\/\/www2.unifap.br\/relacoesinternacionais\/files\/2013\/12\/ESTAGIO-300x176.png 300w, https:\/\/www2.unifap.br\/relacoesinternacionais\/files\/2013\/12\/ESTAGIO.png 800w\" sizes=\"(max-width: 300px) 100vw, 300px\" \/><\/a><\/p>\n<p style=\"text-align: justify\">O Curso de Rela\u00e7\u00f5es Internacionais da Universidade Federal do Amap\u00e1 (UNIFAP) considera como Est\u00e1gio as atividades de aprendizagem profissional proporcionadas ao estudante pela viv\u00eancia e pr\u00e1tica de situa\u00e7\u00f5es reais no campo de sua forma\u00e7\u00e3o, realizada na comunidade atrav\u00e9s de pessoas jur\u00eddicas de direito p\u00fablico ou privado, sendo uma atividade complementar \u00e0 forma\u00e7\u00e3o Universit\u00e1ria do estudante e que esta deve estar subordinado.<\/p>\n<p style=\"text-align: justify\">Como procedimento did\u00e1tico-pedag\u00f3gico, o est\u00e1gio \u00e9 uma atividade de compet\u00eancia interna do Colegiado do Curso de Rela\u00e7\u00f5es Internacionais e da UNIFAP aos quais cabe a decis\u00e3o sobre a mat\u00e9ria, devendo estes proporcionar oportunidades nos diversos campos de est\u00e1gio, dentre outras formas de ajuda.<\/p>\n<p style=\"text-align: justify\">Dentre os objetivos do est\u00e1gio est\u00e3o:<\/p>\n<ul>\n<li>Proporcionar ao aluno-estagi\u00e1rio o contato direto e a experi\u00eancia com a realidade vivencial de seu futuro campo de trabalho;<\/li>\n<li>Aplicar e sedimentar os conhecimentos adquiridos ao longo do curso nos Institutos, Institui\u00e7\u00f5es e\/ ou Organiza\u00e7\u00f5es de car\u00e1ter bilateral e\/ou multilateral;<\/li>\n<li>Possibilitar o contato direto e formal com eventos ligados \u00e0 sua \u00e1rea de forma\u00e7\u00e3o, e ainda, com profissionais j\u00e1 atuantes na mesma;<\/li>\n<li>Desenvolver a capacidade para avaliar, diagnosticar, prognosticar e decidir quando diante de situa\u00e7\u00f5es consensuais ou conflituosas;<\/li>\n<li>Desenvolver mecanismos de comunica\u00e7\u00e3o e coopera\u00e7\u00e3o envolvendo o relacionamento entre agentes\/ag\u00eancias nacionais\/internacionais;<\/li>\n<li>Propiciar o interc\u00e2mbio econ\u00f4mico, pol\u00edtico e cultural entre distintas nacionalidades;<\/li>\n<li>Desenvolver a comunica\u00e7\u00e3o verbal e escrita, em idioma nacional e estrangeiro, a fim de poder dialogar com interlocutores de outras nacionalidades, e reafirmar sua op\u00e7\u00e3o profissional.<\/li>\n<\/ul>\n<p>O componente curricular Est\u00e1gio Supervisionado \u00e9 obrigat\u00f3rio para discentes que ingressaram no curso at\u00e9 2018. Para discentes que ingressaram a partir de 2019, o est\u00e1gio n\u00e3o \u00e9 obrigat\u00f3rio, mas, caso o discente fa\u00e7a um est\u00e1gio na \u00e1rea de Rela\u00e7\u00f5es Internacionais, pode contabiliz\u00e1-lo no componente curricular <a href=\"https:\/\/www2.unifap.br\/relacoesinternacionais\/regulamento-acc\/\">Atividades Complementares.<\/a><\/p>\n<p>SAIBA MAIS EM:&nbsp;<a href=\"http:\/\/www2.unifap.br\/relacoesinternacionais\/files\/2013\/12\/Regulamento-Interno-de-Est\u00e1gios.pdf\">Regulamento Interno de Est\u00e1gios da Coordena\u00e7\u00e3o do Curso de Rela\u00e7\u00f5es Internacionais<\/a> (aplic\u00e1vel a estudantes que ingressaram at\u00e9 o ano de 2018).<\/p>\n","protected":false},"excerpt":{"rendered":"<p>O Curso de Rela\u00e7\u00f5es Internacionais da Universidade Federal do Amap\u00e1 (UNIFAP) considera como Est\u00e1gio as atividades de aprendizagem profissional proporcionadas ao estudante pela viv\u00eancia e pr\u00e1tica de situa\u00e7\u00f5es reais no campo de sua forma\u00e7\u00e3o, realizada na comunidade atrav\u00e9s de pessoas&hellip; <\/p>\n<p><a href=\"https:\/\/www2.unifap.br\/relacoesinternacionais\/estagio\/\" class=\"readmore-button\">Continue Reading<\/a><\/p>\n","protected":false},"author":385,"featured_media":0,"parent":0,"menu_order":1,"comment_status":"open","ping_status":"open","template":"","meta":{"inline_featured_image":false,"ngg_post_thumbnail":0,"footnotes":""},"class_list":["post-78","page","type-page","status-publish","hentry"],"_links":{"self":[{"href":"https:\/\/www2.unifap.br\/relacoesinternacionais\/wp-json\/wp\/v2\/pages\/78","targetHints":{"allow":["GET"]}}],"collection":[{"href":"https:\/\/www2.unifap.br\/relacoesinternacionais\/wp-json\/wp\/v2\/pages"}],"about":[{"href":"https:\/\/www2.unifap.br\/relacoesinternacionais\/wp-json\/wp\/v2\/types\/page"}],"author":[{"embeddable":true,"href":"https:\/\/www2.unifap.br\/relacoesinternacionais\/wp-json\/wp\/v2\/users\/385"}],"replies":[{"embeddable":true,"href":"https:\/\/www2.unifap.br\/relacoesinternacionais\/wp-json\/wp\/v2\/comments?post=78"}],"version-history":[{"count":9,"href":"https:\/\/www2.unifap.br\/relacoesinternacionais\/wp-json\/wp\/v2\/pages\/78\/revisions"}],"predecessor-version":[{"id":1372,"href":"https:\/\/www2.unifap.br\/relacoesinternacionais\/wp-json\/wp\/v2\/pages\/78\/revisions\/1372"}],"wp:attachment":[{"href":"https:\/\/www2.unifap.br\/relacoesinternacionais\/wp-json\/wp\/v2\/media?parent=78"}],"curies":[{"name":"wp","href":"https:\/\/api.w.org\/{rel}","templated":true}]}}