{"id":13,"date":"2017-01-12T13:37:20","date_gmt":"2017-01-12T16:37:20","guid":{"rendered":"http:\/\/www2.unifap.br\/revisaoestatuto\/?page_id=13"},"modified":"2017-09-06T10:01:26","modified_gmt":"2017-09-06T13:01:26","slug":"gt-tematicos","status":"publish","type":"page","link":"https:\/\/www2.unifap.br\/revisaoestatuto\/gt-tematicos\/","title":{"rendered":"GT Tem\u00e1ticos\u00b9"},"content":{"rendered":"<p>O desenvolvimento das atividades de revis\u00e3o\/atualiza\u00e7\u00e3o do Estatuto ser\u00e1 realizado por Grupos de Trabalho (GT), compostos pelos conselheiros, considerando as tem\u00e1ticas\/eixos que comp\u00f5em t\u00edtulos\/artigos\/se\u00e7\u00f5es do Estatuto da Unifap.<\/p>\n<p>Os eixos tem\u00e1ticos s\u00e3o:<\/p>\n<table width=\"709\" border=\"1\" cellspacing=\"0\" cellpadding=\"0\">\n<tbody>\n<tr>\n<td valign=\"top\" width=\"28\"><b>\u00a0<\/b><\/td>\n<td valign=\"top\" width=\"350\"><b>Mat\u00e9ria para Trabalho de Cada GT<\/b><\/td>\n<td valign=\"top\" width=\"151\"><b>Coord. e Vice-Coord. do GT<\/b><\/td>\n<td valign=\"top\" width=\"180\"><b>Conselheiro Membro do GT<\/b><\/td>\n<\/tr>\n<tr>\n<td valign=\"top\" width=\"28\"><strong>1<\/strong><\/td>\n<td valign=\"top\" width=\"350\"><strong>Informa\u00e7\u00f5es B\u00e1sicas (Decreto 3.860\/2001)<\/strong><\/td>\n<td rowspan=\"4\" valign=\"top\" width=\"151\">\u00a0Eliane Superti\u00a0\u00a0\u00a0 (Coordenadora)Adelma Barros (Vice- Coordenaodra)<\/p>\n<p>Jos\u00e9 Caldeira Gemaque Neto<\/td>\n<td rowspan=\"4\" valign=\"top\" width=\"180\">\u00a0Martha Christina Ferreira Zoni<\/p>\n<p><span style=\"font-size: 12pt;line-height: 115%;font-family: Tahoma, sans-serif\">Zacarias Alves De Araujo<\/span><\/p>\n<p><span style=\"font-size: 12pt;line-height: 115%;font-family: Tahoma, sans-serif\">Carlos Alberto Farias<\/span><\/td>\n<\/tr>\n<tr>\n<td valign=\"top\" width=\"28\"><\/td>\n<td valign=\"top\" width=\"350\">Denomina\u00e7\u00e3o da Institui\u00e7\u00e3o<\/td>\n<\/tr>\n<tr>\n<td valign=\"top\" width=\"28\"><\/td>\n<td valign=\"top\" width=\"350\">Munic\u00edpio &#8211; Sede<\/td>\n<\/tr>\n<tr>\n<td valign=\"top\" width=\"28\"><\/td>\n<td valign=\"top\" width=\"350\">Limite Territorial de Atua\u00e7\u00e3o<\/td>\n<\/tr>\n<tr>\n<td valign=\"top\" width=\"28\"><strong>2<\/strong><\/td>\n<td valign=\"top\" width=\"350\"><strong>Princ\u00edpios, Objetivos e Autonomia (LDB, art 43\/ Lei n\u00ba 9394\/1996 artigos. 53\/54)<\/strong><\/td>\n<td rowspan=\"4\" valign=\"top\" width=\"151\">Norma Iracema de B. FerreiraRafael Pontes Lima<\/p>\n<p>Gabriel L\u00e9lis Cordeiro do Carmo<\/p>\n<p>Marcos Vinicius de Freitas Reis<\/p>\n<p>Yurgel Pantoja Caldas<\/p>\n<p><span style=\"font-size: 12pt;line-height: 115%;font-family: Tahoma, sans-serif\">Aretha Araujo<\/span><\/p>\n<p><span style=\"font-size: 12pt;line-height: 115%;font-family: Tahoma, sans-serif\">Rafael Cristopher Sarmento<\/span><\/td>\n<td rowspan=\"4\" valign=\"top\" width=\"180\">K\u00e1tia de Nazar\u00e9 Santos FonsecaMaria L\u00facia Teixeira Borges<\/p>\n<p>Ant\u00f4nio dos Mart\u00edrios Barros<\/p>\n<p>PROCRI<\/p>\n<p><span style=\"font-size: 12pt;line-height: 115%;font-family: Tahoma, sans-serif\">Rafael Wagner Dos Santos Costa<\/span><\/p>\n<p><span style=\"font-size: 12pt;line-height: 115%;font-family: Tahoma, sans-serif\">J\u00e9ssica Mendes Dias<\/span><\/td>\n<\/tr>\n<tr>\n<td valign=\"top\" width=\"28\"><\/td>\n<td valign=\"top\" width=\"350\">Princ\u00edpios que regem a IES<\/td>\n<\/tr>\n<tr>\n<td valign=\"top\" width=\"28\"><\/td>\n<td valign=\"top\" width=\"350\">Objetivos em conson\u00e2ncia com a LDBEst\u00edmulo Cultural, Forma\u00e7\u00e3o Profissional, Desenvolvimento da Pesquisa, Difus\u00e3o do Conhecimento, Integra\u00e7\u00e3o com a Comunidade.<\/td>\n<\/tr>\n<tr>\n<td valign=\"top\" width=\"28\"><\/td>\n<td valign=\"top\" width=\"350\">Autonomia, Atribui\u00e7\u00f5es e Compet\u00eancias<\/td>\n<\/tr>\n<tr>\n<td valign=\"top\" width=\"28\"><strong>3<\/strong><\/td>\n<td valign=\"top\" width=\"350\"><strong>Organiza\u00e7\u00e3o Administrativa<\/strong><\/td>\n<td rowspan=\"5\" valign=\"top\" width=\"151\">Allan Jasper Rocha MendesJ\u00e9ssica de Sousa Meneses<\/p>\n<p>Robson Materko<\/p>\n<p>PROPLAN<\/p>\n<p>Jo\u00e3o Batista Gomes de Oliveira<\/p>\n<p><span style=\"font-size: 12pt;line-height: 115%;font-family: Tahoma, sans-serif\">Jos\u00e9 Pery dos Anjos Lobato J\u00fanior<\/span><\/p>\n<p><span style=\"font-size: 12pt;line-height: 115%;font-family: Tahoma, sans-serif\">Arlene Xavier<\/span><\/td>\n<td rowspan=\"5\" valign=\"top\" width=\"180\">N\u00e1riton Alberto ferreira SoaresDouglas da Concei\u00e7\u00e3o Trindade<\/p>\n<p>Jess\u00e9 da Costa Maciel<\/p>\n<p>PROGEP<\/p>\n<p><span style=\"font-size: 12pt;line-height: 115%;font-family: Tahoma, sans-serif\">\u00c9dico Ren\u00ea de Carvalho Canuto Pires<\/span><\/p>\n<p><span style=\"font-size: 12pt;line-height: 115%;font-family: Tahoma, sans-serif\">Robert Ronald Maguin\u00e3 Zamora<\/span><\/p>\n<p>&nbsp;<\/td>\n<\/tr>\n<tr>\n<td valign=\"top\" width=\"28\"><\/td>\n<td valign=\"top\" width=\"350\">Estrutura Organizacional Administrativa (nova arquitetura administrativa da UNIFAP)<\/td>\n<\/tr>\n<tr>\n<td valign=\"top\" width=\"28\"><\/td>\n<td valign=\"top\" width=\"350\">Administra\u00e7\u00e3o Central \u2013 Conselhos Superiores, Reitoria, Pr\u00f3-Reitorias,<\/td>\n<\/tr>\n<tr>\n<td valign=\"top\" width=\"28\"><\/td>\n<td valign=\"top\" width=\"350\">Conselho de Campus, Dire\u00e7\u00e3o e Estrutura Administrativa.<\/td>\n<\/tr>\n<tr>\n<td valign=\"top\" width=\"28\"><\/td>\n<td valign=\"top\" width=\"350\">\u00d3rg\u00e3os Suplementares \u2013 estruturas de apoio \u00e0 organiza\u00e7\u00e3o administrativa.<\/td>\n<\/tr>\n<tr>\n<td valign=\"top\" width=\"28\"><strong>4<\/strong><\/td>\n<td valign=\"top\" width=\"350\"><strong>Organiza\u00e7\u00e3o Acad\u00eamica<\/strong><\/td>\n<td rowspan=\"7\" valign=\"top\" width=\"151\">Iuri CavlakRosemary Ferreira de Andrade<\/p>\n<p>Jos\u00e9 Carlos Tavares<\/p>\n<p>Ana Paula Pinheiro de Ara\u00fajo<\/p>\n<p>Cl\u00e9ber Alexandre de Oliveira<\/p>\n<p>Elizandra de Matos Cardoso<\/p>\n<p>Jean Cl\u00e1udio Santos Fonseca<\/td>\n<td rowspan=\"7\" valign=\"top\" width=\"180\">Andr\u00e9 Rodrigues Guimar\u00e3esCaio Pinho Fernandes<\/p>\n<p>Roberto Veiga da Silva<\/p>\n<p>Jocelma Mendes Dias<\/p>\n<p>Simone de Almeida Delphim<\/p>\n<p>Geraldo Neves de A. Maranh\u00e3o<\/p>\n<p>PROGRAD, PROPESPG e PROEAC<\/td>\n<\/tr>\n<tr>\n<td valign=\"top\" width=\"28\"><\/td>\n<td valign=\"top\" width=\"350\">Estrutura Organizacional Acad\u00eamica (nova arquitetura acad\u00eamico-administrativa da Unifap)<\/td>\n<\/tr>\n<tr>\n<td valign=\"top\" width=\"28\"><\/td>\n<td valign=\"top\" width=\"350\">Unidades Acad\u00eamicas Administrativas, Conselhos, Dire\u00e7\u00e3o, Secretaria Acad\u00eamica;<\/td>\n<\/tr>\n<tr>\n<td valign=\"top\" width=\"28\"><\/td>\n<td valign=\"top\" width=\"350\">Campus Universit\u00e1rio, Estrutura Acad\u00eamica.<\/td>\n<\/tr>\n<tr>\n<td valign=\"top\" width=\"28\"><\/td>\n<td valign=\"top\" width=\"350\">Colegiados de Gradua\u00e7\u00e3o, Programas de P\u00f3s-Gradua\u00e7\u00e3o e Estrutura da Extens\u00e3o.<\/td>\n<\/tr>\n<tr>\n<td valign=\"top\" width=\"28\"><\/td>\n<td valign=\"top\" width=\"350\">Regime Acad\u00eamico e Cient\u00edfico do Ensino, Pesquisa e Extens\u00e3o da Unifap.<\/td>\n<\/tr>\n<tr>\n<td valign=\"top\" width=\"28\"><\/td>\n<td valign=\"top\" width=\"350\">Comunidade Acad\u00eamica e regime disciplinar.<\/td>\n<\/tr>\n<tr>\n<td valign=\"top\" width=\"28\"><strong>5<\/strong><\/td>\n<td valign=\"top\" width=\"350\"><strong>Organiza\u00e7\u00e3o Patrimonial e Financeira<\/strong><\/td>\n<td rowspan=\"5\" valign=\"top\" width=\"151\">PROAD (Wilma)<\/p>\n<p><span style=\"font-size: 12pt;line-height: 115%;font-family: Tahoma, sans-serif\">Emanuel Leal de Lima<\/span><\/p>\n<p><span style=\"font-size: 12pt;line-height: 115%;font-family: Tahoma, sans-serif\">Roberto Messias Bezerra<\/span><\/p>\n<p><span style=\"font-size: 12pt;line-height: 115%;font-family: Tahoma, sans-serif\">Linara Oeiras Assun\u00e7\u00e3o<\/span><\/p>\n<p><span style=\"font-size: 12pt;line-height: 115%;font-family: Tahoma, sans-serif\">Ana Paula Cinta<\/span><\/p>\n<p><span style=\"font-size: 12pt;line-height: 115%;font-family: Tahoma, sans-serif\">Moacir Azevedo<\/span><\/td>\n<td rowspan=\"5\" valign=\"top\" width=\"180\">\u00a0Jos\u00e9 Fl\u00e1vio Cardoso Nos\u00e9<\/p>\n<p><span style=\"font-size: 12pt;line-height: 115%;font-family: Tahoma, sans-serif\">Mellissa Sobrinho<\/span><\/p>\n<p><span style=\"font-size: 12pt;line-height: 115%;font-family: Tahoma, sans-serif\">Maria Nazar\u00e9 Guimar\u00e3es<\/span><\/p>\n<p><span style=\"font-size: 12pt;line-height: 115%;font-family: Tahoma, sans-serif\">Rafael Saldanha<\/span><\/p>\n<p><span style=\"font-size: 12pt;line-height: 115%;font-family: Tahoma, sans-serif\">Ad\u00e9lia da Costa Lima<\/span><\/p>\n<p>&nbsp;<\/td>\n<\/tr>\n<tr>\n<td valign=\"top\" width=\"28\"><\/td>\n<td valign=\"top\" width=\"350\">Patrim\u00f4nio<\/td>\n<\/tr>\n<tr>\n<td valign=\"top\" width=\"28\"><\/td>\n<td valign=\"top\" width=\"350\">Recursos Financeiros<\/td>\n<\/tr>\n<tr>\n<td valign=\"top\" width=\"28\"><\/td>\n<td valign=\"top\" width=\"350\">Or\u00e7amento \u2013 Elabora\u00e7\u00e3o e Execu\u00e7\u00e3o.<\/td>\n<\/tr>\n<tr>\n<td valign=\"top\" width=\"28\"><strong>6<\/strong><\/td>\n<td valign=\"top\" width=\"350\"><strong>Disposi\u00e7\u00f5es Finais<\/strong><\/td>\n<\/tr>\n<tr>\n<td valign=\"top\" width=\"28\"><\/td>\n<td valign=\"top\" width=\"350\">Disposi\u00e7\u00f5es gerais para implanta\u00e7\u00e3o da vers\u00e3o revisada do estatuto, excepcionalidades e tratamento de casos omissos.<\/td>\n<td valign=\"top\" width=\"151\">\u00a0Eliane Superti \u2013 CoordenadoraJos\u00e9 Caldeira Gemaque Neto<\/td>\n<td valign=\"top\" width=\"180\">Adelma Neves \u2013 Vice-coordenadoraMartha Christina Ferreira Zoni<\/td>\n<\/tr>\n<\/tbody>\n<\/table>\n<p><span style=\"font-family: Calibri, sans-serif\">\u00b9<\/span> Estes eixos s\u00e3o recomendados pelo\u00a0 Conselho Nacional de Educa\u00e7\u00e3o, sendo portanto o m\u00ednimo obrigat\u00f3rios sendo de autonomia da universidade a inclus\u00e3o de outros exios que entender necess\u00e1rio para sua organiza\u00e7\u00e3o na composi\u00e7\u00e3o do estatuto.<\/p>\n<table class=\"MsoNormalTable\" style=\"border-collapse: collapse;border: none\" border=\"1\" cellspacing=\"0\" cellpadding=\"0\">\n<tbody>\n<tr>\n<td style=\"width: 7.0cm;border: solid windowtext 1.0pt;padding: 0cm 5.4pt 0cm 5.4pt\" valign=\"top\" width=\"265\">\n<p class=\"MsoNormal\" style=\"margin-bottom: .0001pt;line-height: normal\"><span style=\"font-size: 12pt;font-family: Tahoma, sans-serif\">Eliane Superti\u00a0\u00a0\u00a0 (Coordenadora)<\/span><\/p>\n<\/td>\n<\/tr>\n<tr>\n<td style=\"width: 7.0cm;border: solid windowtext 1.0pt;border-top: none;padding: 0cm 5.4pt 0cm 5.4pt\" valign=\"top\" width=\"265\">\n<p class=\"MsoNormal\" style=\"margin-bottom: .0001pt;line-height: normal\"><span style=\"font-size: 12pt;font-family: Tahoma, sans-serif\">Adelma Barros(Vice-Coordenadora)<\/span><\/p>\n<\/td>\n<\/tr>\n<tr>\n<td style=\"width: 7.0cm;border: solid windowtext 1.0pt;border-top: none;padding: 0cm 5.4pt 0cm 5.4pt\" valign=\"top\" width=\"265\">\n<p class=\"MsoNormal\" style=\"margin-bottom: .0001pt;line-height: normal\"><span style=\"font-size: 12pt;font-family: Tahoma, sans-serif\">Jos\u00e9 Caldeira Gemaque Neto<\/span><\/p>\n<\/td>\n<\/tr>\n<\/tbody>\n<\/table>\n<table class=\"MsoNormalTable\" style=\"border-collapse: collapse;border: none\" border=\"1\" cellspacing=\"0\" cellpadding=\"0\">\n<tbody>\n<tr>\n<td style=\"width: 205.65pt;border: solid windowtext 1.0pt;padding: 0cm 5.4pt 0cm 5.4pt\" valign=\"top\" width=\"274\">\n<p class=\"MsoNormal\" style=\"margin-bottom: .0001pt;line-height: normal\"><span style=\"font-size: 12pt;font-family: Tahoma, sans-serif\">Zacarias Alves De Araujo<\/span><\/p>\n<\/td>\n<\/tr>\n<tr>\n<td style=\"width: 205.65pt;border: solid windowtext 1.0pt;border-top: none;padding: 0cm 5.4pt 0cm 5.4pt\" valign=\"top\" width=\"274\">\n<p class=\"MsoNormal\" style=\"margin-bottom: .0001pt;line-height: normal\"><span style=\"font-size: 12pt;font-family: Tahoma, sans-serif\">Carlos Alberto Farias<\/span><\/p>\n<\/td>\n<\/tr>\n<\/tbody>\n<\/table>\n","protected":false},"excerpt":{"rendered":"<p>O desenvolvimento das atividades de revis\u00e3o\/atualiza\u00e7\u00e3o do Estatuto ser\u00e1 realizado por Grupos de Trabalho (GT), compostos pelos conselheiros, considerando as tem\u00e1ticas\/eixos que comp\u00f5em t\u00edtulos\/artigos\/se\u00e7\u00f5es do Estatuto da Unifap. Os eixos tem\u00e1ticos s\u00e3o: \u00a0 Mat\u00e9ria para Trabalho de Cada GT Coord.&hellip; <\/p>\n<p><a href=\"https:\/\/www2.unifap.br\/revisaoestatuto\/gt-tematicos\/\" class=\"readmore-button\">Continue Reading<\/a><\/p>\n","protected":false},"author":1,"featured_media":0,"parent":0,"menu_order":3,"comment_status":"closed","ping_status":"closed","template":"","meta":{"inline_featured_image":false,"ngg_post_thumbnail":0,"footnotes":""},"class_list":["post-13","page","type-page","status-publish","hentry"],"_links":{"self":[{"href":"https:\/\/www2.unifap.br\/revisaoestatuto\/wp-json\/wp\/v2\/pages\/13","targetHints":{"allow":["GET"]}}],"collection":[{"href":"https:\/\/www2.unifap.br\/revisaoestatuto\/wp-json\/wp\/v2\/pages"}],"about":[{"href":"https:\/\/www2.unifap.br\/revisaoestatuto\/wp-json\/wp\/v2\/types\/page"}],"author":[{"embeddable":true,"href":"https:\/\/www2.unifap.br\/revisaoestatuto\/wp-json\/wp\/v2\/users\/1"}],"replies":[{"embeddable":true,"href":"https:\/\/www2.unifap.br\/revisaoestatuto\/wp-json\/wp\/v2\/comments?post=13"}],"version-history":[{"count":18,"href":"https:\/\/www2.unifap.br\/revisaoestatuto\/wp-json\/wp\/v2\/pages\/13\/revisions"}],"predecessor-version":[{"id":120,"href":"https:\/\/www2.unifap.br\/revisaoestatuto\/wp-json\/wp\/v2\/pages\/13\/revisions\/120"}],"wp:attachment":[{"href":"https:\/\/www2.unifap.br\/revisaoestatuto\/wp-json\/wp\/v2\/media?parent=13"}],"curies":[{"name":"wp","href":"https:\/\/api.w.org\/{rel}","templated":true}]}}