{"id":28,"date":"2017-01-12T13:43:35","date_gmt":"2017-01-12T16:43:35","guid":{"rendered":"http:\/\/www2.unifap.br\/revisaoestatuto\/?page_id=28"},"modified":"2018-08-17T12:24:27","modified_gmt":"2018-08-17T15:24:27","slug":"documentos","status":"publish","type":"page","link":"https:\/\/www2.unifap.br\/revisaoestatuto\/documentos\/","title":{"rendered":"Documentos"},"content":{"rendered":"<ul>\n<li><strong>Avalia\u00e7\u00e3o Externa de Cursos &#8211; MEC &#8211; 2013- 2016<\/strong>\n<ul>\n<li><a href=\"http:\/\/www2.unifap.br\/revisaoestatuto\/files\/2017\/01\/Avaliacao-externa-de-Cursos-MEC-2013.rar\">2013<\/a><\/li>\n<li><a href=\"http:\/\/www2.unifap.br\/revisaoestatuto\/files\/2017\/01\/Avaliacao-externa-de-Cursos-MEC-2014.rar\">2014<\/a><\/li>\n<li><a href=\"http:\/\/www2.unifap.br\/revisaoestatuto\/files\/2017\/01\/Avaliacao-externa-de-Cursos-MEC-2015.rar\">2015<\/a><\/li>\n<li><a href=\"http:\/\/www2.unifap.br\/revisaoestatuto\/files\/2017\/01\/Avaliacao-externa-de-Cursos-MEC-2016.rar\">2016<\/a><\/li>\n<\/ul>\n<\/li>\n<li><strong>Relat\u00f3rios CPA Unifap &#8211; 2011-2014<\/strong>\n<ul>\n<li><a href=\"http:\/\/www2.unifap.br\/revisaoestatuto\/files\/2017\/01\/Relatorio-Autoavalia\u00e7\u00e3o-2011-FINAL.pdf\" target=\"_blank\">2011<\/a><\/li>\n<li><a href=\"http:\/\/www2.unifap.br\/revisaoestatuto\/files\/2017\/01\/Relatorio-Autoavalia\u00e7\u00e3o-2013-UNIFAP.pdf\" target=\"_blank\">2013<\/a><\/li>\n<li><a href=\"http:\/\/www2.unifap.br\/revisaoestatuto\/files\/2017\/01\/Relatorio-Autoavalia\u00e7\u00e3o-PARCIAL-CPA-2014.pdf\" target=\"_blank\">2014 &#8211; Parcial<\/a><\/li>\n<li><a href=\"http:\/\/www2.unifap.br\/revisaoestatuto\/files\/2017\/01\/Relatorio-Autoavalia\u00e7\u00e3o-2014-FINALREv-republicado2.pdf\" target=\"_blank\">2014 &#8211; Final<\/a><\/li>\n<\/ul>\n<\/li>\n<li><strong>Relat\u00f3rios de Gest\u00e3o Unifap-2008-2015<\/strong>\n<ul>\n<li><a href=\"http:\/\/www2.unifap.br\/revisaoestatuto\/files\/2017\/01\/relatorio_gestao_2008.pdf\" target=\"_blank\">2008<\/a><\/li>\n<li><a href=\"http:\/\/www2.unifap.br\/revisaoestatuto\/files\/2017\/01\/relatorio_gestao_2009.pdf\" target=\"_blank\">2009<\/a><\/li>\n<li><a href=\"http:\/\/www2.unifap.br\/revisaoestatuto\/files\/2017\/01\/RELAT\u00d3RIO-DE-GEST\u00c3O-2010.pdf\" target=\"_blank\">2010<\/a><\/li>\n<li><a href=\"http:\/\/www2.unifap.br\/revisaoestatuto\/files\/2017\/01\/Relat\u00f3rio-Gest\u00e3o-2011_UNIFAP.pdf\" target=\"_blank\">2011<\/a><\/li>\n<li><a href=\"http:\/\/www2.unifap.br\/revisaoestatuto\/files\/2017\/01\/Relat\u00f3rio-de-Gest\u00e3o-2012.pdf\" target=\"_blank\">2012<\/a><\/li>\n<li><a href=\"http:\/\/www2.unifap.br\/revisaoestatuto\/files\/2017\/01\/RELAT\u00d3RIO-DE-GEST\u00c3O-2013.pdf\" target=\"_blank\">2013<\/a><\/li>\n<li><a href=\"http:\/\/www2.unifap.br\/revisaoestatuto\/files\/2017\/01\/Relat\u00f3rio-de-Gest\u00e3o-de-2014-UNIFAP.pdf\" target=\"_blank\">2014<\/a><\/li>\n<li><a href=\"http:\/\/www2.unifap.br\/revisaoestatuto\/files\/2017\/01\/Relat\u00f3rio-de-Gest\u00e3o-2015-UNIFAP.pdf\" target=\"_blank\">2015<\/a><\/li>\n<\/ul>\n<\/li>\n<li><a href=\"http:\/\/www2.unifap.br\/revisaoestatuto\/files\/2017\/01\/Apresenta%C3%A7%C3%A3o-DA-PROPOSTA-Metodologia-Reuni%C3%A3o-Consu-Estatuinte.pdf\" target=\"_blank\">Apresenta\u00e7\u00e3o DA PROPOSTA Metodologia- Reuni\u00e3o Consu Estatuinte<\/a><\/li>\n<li><a href=\"http:\/\/www2.unifap.br\/revisaoestatuto\/files\/2017\/01\/ATA-da-6\u00aa-reuni\u00e3o-ordin\u00e1ria-do-CONSU-em-03-11-16.pdf\" target=\"_blank\">ATA da 6\u00aa reuni\u00e3o ordin\u00e1ria do CONSU em 03-11-16<\/a><\/li>\n<li><a href=\"http:\/\/www2.unifap.br\/revisaoestatuto\/files\/2017\/01\/Documento-CNE-orientador-Estatuto.pdf\" target=\"_blank\">Documento CNE orientador Estatuto<\/a><\/li>\n<li><a href=\"http:\/\/www2.unifap.br\/revisaoestatuto\/files\/2017\/01\/Documento-SERES-RECOMENDA%C3%87%C3%95ES-Estatuto.pdf\" target=\"_blank\">Documento SERES &#8211; RECOMENDA\u00c7\u00d5ES- Estatuto<\/a><\/li>\n<li><a href=\"http:\/\/www2.unifap.br\/revisaoestatuto\/files\/2017\/01\/ESTATUTO-1999.pdf\" target=\"_blank\">ESTATUTO 1999<\/a><\/li>\n<li><a href=\"http:\/\/www2.unifap.br\/revisaoestatuto\/files\/2017\/01\/Logo-revis%C3%A3o-Estatuto-para-aprecia%C3%A7%C3%A3o-e-sugest%C3%B5es-CONSU.pdf\" target=\"_blank\">Logo -revis\u00e3o-Estatuto para aprecia\u00e7\u00e3o e sugest\u00f5es CONSU<\/a><\/li>\n<li><a href=\"http:\/\/www2.unifap.br\/revisaoestatuto\/files\/2017\/01\/Metodologia-ESTATUTO-CONSU-REVISADO-FINAL.pdf\" target=\"_blank\">Metodologia ESTATUTO CONSU REVISADO FINAL<\/a><\/li>\n<li><a href=\"http:\/\/www2.unifap.br\/revisaoestatuto\/files\/2017\/01\/Nova-reda%C3%A7%C3%A3o-art.11-do-Estatuto-da-unifap-Resolu%C3%A7%C3%A3o-n%C2%BA-028-2015-.pdf\" target=\"_blank\">Nova-reda\u00e7\u00e3o art.11-do-Estatuto-da-unifap- Resolu\u00e7\u00e3o-n\u00ba-028-2015-<\/a><\/li>\n<li><a href=\"http:\/\/www2.unifap.br\/revisaoestatuto\/files\/2017\/01\/PDI-2015-2019-UNIFAP.pdf\" target=\"_blank\">PDI-2015-2019-UNIFAP<\/a><\/li>\n<li><a href=\"http:\/\/www2.unifap.br\/revisaoestatuto\/files\/2017\/01\/Regimento-Geral-Unifap.pdf\" target=\"_blank\">Regimento Geral Unifap\u00a0<\/a><\/li>\n<li><a href=\"http:\/\/www2.unifap.br\/revisaoestatuto\/files\/2017\/01\/PORTARIA-1085-2015-DOU-aditamento-estatuto-UNIFAP1.pdf\" target=\"_blank\">PORTARIA 1085-2015 &#8211; DOU -aditamento estatuto UNIFAP1<\/a><\/li>\n<li><a href=\"http:\/\/www2.unifap.br\/revisaoestatuto\/files\/2017\/01\/SINAES-SISTEMA-NACIONAL-DE-AVALIA%C3%87%C3%83O.pdf\" target=\"_blank\">SINAES -SISTEMA NACIONAL DE AVALIA\u00c7\u00c3O<\/a><\/li>\n<li><a href=\"http:\/\/www2.unifap.br\/revisaoestatuto\/files\/2017\/01\/Calend\u00e1rio-estatudo-2.pdf\">CRONOGRAMA<\/a><\/li>\n<li><a href=\"http:\/\/www2.unifap.br\/revisaoestatuto\/files\/2017\/01\/CRONOGRAMA-DE-ATIVIDADES-DOS-GTs.pdf\">CRONOGRAMA DE ATIVIDADES DOS GTs<\/a><\/li>\n<li><a href=\"http:\/\/www2.unifap.br\/revisaoestatuto\/files\/2017\/01\/CRONOGRAMA-DA-2-ASSEMBLEIA-GERAL-ITINERANTE.pdf\">CRONOGRAMA DA 2 ASSEMBLEIA GERAL ITINERANTE<\/a><\/li>\n<li><a href=\"http:\/\/www2.unifap.br\/revisaoestatuto\/files\/2017\/01\/Minuta-de-Revis\u00e3o-do-Estatuto-da-UNIFAP-05_09_17-1.doc\">MINUTA DE REVIS\u00c3O DO ESTATUTO DA UNIFAP<\/a><\/li>\n<li><a href=\"http:\/\/www2.unifap.br\/revisaoestatuto\/files\/2017\/01\/CHAMADA-para-CONTRIBUI\u00c7\u00c3O-NA-REVIS\u00c3O-DO-ESTATUTO.pdf\">CHAMADA para CONTRIBUI\u00c7\u00c3O NA REVIS\u00c3O DO ESTATUTO<\/a><\/li>\n<li><a href=\"http:\/\/www2.unifap.br\/revisaoestatuto\/files\/2017\/01\/CONTRIBUI\u00c7\u00c3O-DA-COMUNIDADE-NA-REVIS\u00c3O-DO-ESTATUTO-DA-UNIFAP.xlsx\">CONTRIBUI\u00c7\u00c3O DA COMUNIDADE NA REVIS\u00c3O DO ESTATUTO DA UNIFAP<\/a><\/li>\n<li><a href=\"http:\/\/www2.unifap.br\/revisaoestatuto\/files\/2017\/01\/1\u00ba-TEXTO-ESTATUTO-1\u00aa-ASSEMBLEIA-CONTRIBUI\u00c7\u00c3O-GT-E-COMUNIDADE1.pdf\">1\u00ba-TEXTO-ESTATUTO-1\u00aa-ASSEMBLEIA-CONTRIBUI\u00c7\u00c3O-GT-E-COMUNIDADE<\/a><\/li>\n<li><a href=\"http:\/\/www2.unifap.br\/revisaoestatuto\/files\/2017\/01\/2\u00ba-TEXTO-ESTATUTO-CONTRIBUI\u00c7\u00d5ES-CONSOLIDADAS1.pdf\">2\u00ba-TEXTO-ESTATUTO-CONTRIBUI\u00c7\u00d5ES-CONSOLIDADAS<\/a><\/li>\n<li><a href=\"http:\/\/www2.unifap.br\/revisaoestatuto\/files\/2017\/01\/MEMORANDO-AGENDAMENTO-DA-2-ASSEMBLEIA-GERAL-ITINERANTE-NOS-CAMPI-DA-UNIFAP.pdf\">MEMORANDO AGENDAMENTO DA 2 ASSEMBLEIA GERAL ITINERANTE NOS CAMPI DA UNIFAP<\/a><\/li>\n<li><a href=\"http:\/\/www2.unifap.br\/revisaoestatuto\/files\/2017\/01\/3\u00ba-TEXTO-ESTATUTO-PRELIMINAR-SUBMISS\u00c3O-AO-CONSU1.pdf\">3\u00ba TEXTO ESTATUTO PRELIMINAR (SUBMISS\u00c3O AO CONSU)<\/a><\/li>\n<li><a href=\"http:\/\/www2.unifap.br\/revisaoestatuto\/files\/2017\/01\/4\u00b0-TEXTO-ESTATUTO-PRELIMINAR-REVISADO-LINGUISTICAMENTE1.pdf\">4\u00b0 TEXTO ESTATUTO PRELIMINAR &#8211; REVISADO LINGUISTICAMENTE<\/a><\/li>\n<li><a href=\"http:\/\/www2.unifap.br\/revisaoestatuto\/files\/2017\/01\/5\u00ba-TEXTO-ESTATUTO-EM-PROCESSO-DE-DEBATE-E-VOTA\u00c7\u00c3O-16.08.2018.pdf\">5\u00ba TEXTO ESTATUTO EM PROCESSO DE DEBATE E VOTA\u00c7\u00c3O (16.08.2018)<\/a><\/li>\n<\/ul>\n","protected":false},"excerpt":{"rendered":"<p>Avalia\u00e7\u00e3o Externa de Cursos &#8211; MEC &#8211; 2013- 2016 2013 2014 2015 2016 Relat\u00f3rios CPA Unifap &#8211; 2011-2014 2011 2013 2014 &#8211; Parcial 2014 &#8211; Final Relat\u00f3rios de Gest\u00e3o Unifap-2008-2015 2008 2009 2010 2011 2012 2013 2014 2015 Apresenta\u00e7\u00e3o DA&hellip; <\/p>\n<p><a href=\"https:\/\/www2.unifap.br\/revisaoestatuto\/documentos\/\" class=\"readmore-button\">Continue Reading<\/a><\/p>\n","protected":false},"author":1,"featured_media":0,"parent":0,"menu_order":4,"comment_status":"closed","ping_status":"closed","template":"","meta":{"inline_featured_image":false,"ngg_post_thumbnail":0,"footnotes":""},"class_list":["post-28","page","type-page","status-publish","hentry"],"_links":{"self":[{"href":"https:\/\/www2.unifap.br\/revisaoestatuto\/wp-json\/wp\/v2\/pages\/28","targetHints":{"allow":["GET"]}}],"collection":[{"href":"https:\/\/www2.unifap.br\/revisaoestatuto\/wp-json\/wp\/v2\/pages"}],"about":[{"href":"https:\/\/www2.unifap.br\/revisaoestatuto\/wp-json\/wp\/v2\/types\/page"}],"author":[{"embeddable":true,"href":"https:\/\/www2.unifap.br\/revisaoestatuto\/wp-json\/wp\/v2\/users\/1"}],"replies":[{"embeddable":true,"href":"https:\/\/www2.unifap.br\/revisaoestatuto\/wp-json\/wp\/v2\/comments?post=28"}],"version-history":[{"count":43,"href":"https:\/\/www2.unifap.br\/revisaoestatuto\/wp-json\/wp\/v2\/pages\/28\/revisions"}],"predecessor-version":[{"id":243,"href":"https:\/\/www2.unifap.br\/revisaoestatuto\/wp-json\/wp\/v2\/pages\/28\/revisions\/243"}],"wp:attachment":[{"href":"https:\/\/www2.unifap.br\/revisaoestatuto\/wp-json\/wp\/v2\/media?parent=28"}],"curies":[{"name":"wp","href":"https:\/\/api.w.org\/{rel}","templated":true}]}}