{"id":1719,"date":"2025-02-05T11:28:51","date_gmt":"2025-02-05T14:28:51","guid":{"rendered":"https:\/\/www2.unifap.br\/samaumatech\/?page_id=1719"},"modified":"2025-10-31T17:17:47","modified_gmt":"2025-10-31T20:17:47","slug":"noticias","status":"publish","type":"page","link":"https:\/\/www2.unifap.br\/samaumatech\/noticias\/","title":{"rendered":"Not\u00edcias"},"content":{"rendered":"\t\t<div data-elementor-type=\"wp-page\" data-elementor-id=\"1719\" class=\"elementor elementor-1719\">\n\t\t\t\t<div class=\"elementor-element elementor-element-52ecb5d e-flex e-con-boxed e-con e-parent\" data-id=\"52ecb5d\" data-element_type=\"container\" data-e-type=\"container\">\n\t\t\t\t\t<div class=\"e-con-inner\">\n\t\t\t\t<div class=\"elementor-element elementor-element-105cf46 elementor-widget elementor-widget-elementskit-blog-posts\" data-id=\"105cf46\" data-element_type=\"widget\" data-e-type=\"widget\" data-widget_type=\"elementskit-blog-posts.default\">\n\t\t\t\t<div class=\"elementor-widget-container\">\n\t\t\t\t\t<div class=\"ekit-wid-con\" >        <div id=\"post-items--105cf46\" class=\"row post-items\">\n                    <div class=\"col-md-12\">\n\n                                    <div class=\"elementskit-blog-block-post\">\n                        <div class=\"row no-gutters\">\n                                                            <div class=\"col-md-6 order-1\">\n                                    <a href=\"https:\/\/www2.unifap.br\/samaumatech\/2025\/07\/05\/2267\/\" class=\"elementskit-entry-thumb\">\n                                        <img decoding=\"async\" src=\"https:\/\/www2.unifap.br\/samaumatech\/files\/2025\/08\/Robotica-nas-Ferias-2-819x1024.jpeg\" alt=\"Curso de Rob\u00f3tica nas F\u00e9rias oferece forma\u00e7\u00e3o em tecnologia para crian\u00e7as e adolescentes no campus da UNIFAP\">\n                                    <\/a><!-- .elementskit-entry-thumb END -->\n                                <\/div>\n                            \n                            <div class=\"col-md-6 order-2\">\n                                <div class=\"elementskit-post-body \">\n                                    <div class=\"elementskit-entry-header\">\n                                        \n                                                                                            \t\t\t\t\t                                            \n                                            \n                                                                                            \t\t\t\t<h2 class=\"entry-title\">\n\t\t\t\t\t<a href=\"https:\/\/www2.unifap.br\/samaumatech\/2025\/07\/05\/2267\/\">\n\t\t\t\t\t\tCurso de Rob\u00f3tica nas F\u00e9rias oferece forma\u00e7\u00e3o em tecnologia para crian\u00e7as e adolescentes no campus da UNIFAP\t\t\t\t\t<\/a>\n\t\t\t\t<\/h2>\n\t\t\t                                                                                <\/div><!-- .elementskit-entry-header END -->\n\n                                                                            <div class=\"elementskit-post-footer\">\n                                                                                            <p>Entre os dias 8 e 18 de julho, o Laborat\u00f3rio Sama\u00fama Tech, localizado no campus da Universidade Federal do Amap\u00e1 (UNIFAP), ser\u00e1 palco de mais uma edi\u00e7\u00e3o do Curso Rob\u00f3tica nas F\u00e9rias, iniciativa do Programa Sama\u00fama Tech voltada para o p\u00fablico infantojuvenil. O curso tem como objetivo proporcionar, durante o recesso escolar, uma experi\u00eancia educativa&#8230;<\/p>\n                                                                                                                                <\/div><!-- .elementskit-post-footer END -->\n                                                                    <\/div><!-- .elementskit-post-body END -->\n                            <\/div>\n                        <\/div>\n                    <\/div><!-- .elementskit-blog-block-post .radius .gradient-bg END -->\n                \n            <\/div>\n                    <div class=\"col-md-12\">\n\n                                    <div class=\"elementskit-blog-block-post\">\n                        <div class=\"row no-gutters\">\n                                                            <div class=\"col-md-6 order-1\">\n                                    <a href=\"https:\/\/www2.unifap.br\/samaumatech\/2025\/07\/05\/verao-maker-samauma\/\" class=\"elementskit-entry-thumb\">\n                                        <img decoding=\"async\" src=\"https:\/\/www2.unifap.br\/samaumatech\/files\/2025\/07\/WhatsApp-Image-2025-07-05-at-15.17.57-822x1024.jpeg\" alt=\"Projeto Ver\u00e3o Maker oferece oficinas gratuitas de rob\u00f3tica e planet\u00e1rio m\u00f3vel para estudantes em oito munic\u00edpios do Amap\u00e1\">\n                                    <\/a><!-- .elementskit-entry-thumb END -->\n                                <\/div>\n                            \n                            <div class=\"col-md-6 order-2\">\n                                <div class=\"elementskit-post-body \">\n                                    <div class=\"elementskit-entry-header\">\n                                        \n                                                                                            \t\t\t\t\t                                            \n                                            \n                                                                                            \t\t\t\t<h2 class=\"entry-title\">\n\t\t\t\t\t<a href=\"https:\/\/www2.unifap.br\/samaumatech\/2025\/07\/05\/verao-maker-samauma\/\">\n\t\t\t\t\t\tProjeto Ver\u00e3o Maker oferece oficinas gratuitas de rob\u00f3tica e planet\u00e1rio m\u00f3vel para estudantes em oito munic\u00edpios do Amap\u00e1\t\t\t\t\t<\/a>\n\t\t\t\t<\/h2>\n\t\t\t                                                                                <\/div><!-- .elementskit-entry-header END -->\n\n                                                                            <div class=\"elementskit-post-footer\">\n                                                                                            <p>Projeto Ver\u00e3o Maker leva oficinas gratuitas de rob\u00f3tica para crian\u00e7as e adolescentes em oito munic\u00edpios do Amap\u00e1 \u00a0 \u00a0 Durante o m\u00eas de julho, estudantes da rede p\u00fablica do Amap\u00e1 ter\u00e3o a oportunidade de vivenciar experi\u00eancias educativas nas \u00e1reas de tecnologia e ci\u00eancias por meio do Projeto Ver\u00e3o Maker, iniciativa do Programa Sama\u00fama Tech, da&#8230;<\/p>\n                                                                                                                                <\/div><!-- .elementskit-post-footer END -->\n                                                                    <\/div><!-- .elementskit-post-body END -->\n                            <\/div>\n                        <\/div>\n                    <\/div><!-- .elementskit-blog-block-post .radius .gradient-bg END -->\n                \n            <\/div>\n                    <div class=\"col-md-12\">\n\n                                    <div class=\"elementskit-blog-block-post\">\n                        <div class=\"row no-gutters\">\n                                                            <div class=\"col-md-6 order-1\">\n                                    <a href=\"https:\/\/www2.unifap.br\/samaumatech\/2025\/02\/21\/lancamento-livro-inovacao-na-amazonia\/\" class=\"elementskit-entry-thumb\">\n                                        <img decoding=\"async\" src=\"https:\/\/www2.unifap.br\/samaumatech\/files\/2025\/02\/WhatsApp-Image-2025-02-21-at-20.13.15-2-2-1024x659.jpeg\" alt=\"Lan\u00e7amento Livro Inova\u00e7\u00e3o na Amaz\u00f4nia\">\n                                    <\/a><!-- .elementskit-entry-thumb END -->\n                                <\/div>\n                            \n                            <div class=\"col-md-6 order-2\">\n                                <div class=\"elementskit-post-body \">\n                                    <div class=\"elementskit-entry-header\">\n                                        \n                                                                                            \t\t\t\t\t                                            \n                                            \n                                                                                            \t\t\t\t<h2 class=\"entry-title\">\n\t\t\t\t\t<a href=\"https:\/\/www2.unifap.br\/samaumatech\/2025\/02\/21\/lancamento-livro-inovacao-na-amazonia\/\">\n\t\t\t\t\t\tLan\u00e7amento Livro Inova\u00e7\u00e3o na Amaz\u00f4nia\t\t\t\t\t<\/a>\n\t\t\t\t<\/h2>\n\t\t\t                                                                                <\/div><!-- .elementskit-entry-header END -->\n\n                                                                            <div class=\"elementskit-post-footer\">\n                                                                                            <p>Lan\u00e7amento do livro Inova\u00e7\u00e3o na Amaz\u00f4nia Jessica Meneses \u2013\u00a0 18 de fevereiro de 2025 \u2013 \u00a0Noticias No dia 18 de fevereiro de 2025, ter\u00e7a-feira, foi realizado o lan\u00e7amento do livro Inova\u00e7\u00e3o na Amaz\u00f4nia, no Laborat\u00f3rio Sama\u00fama Tech, da Universidade Federal do Amap\u00e1 (UNIFAP). A obra re\u00fane cap\u00edtulos escritos por alunos do Programa Sama\u00fama Tech, resultado&#8230;<\/p>\n                                                                                                                                <\/div><!-- .elementskit-post-footer END -->\n                                                                    <\/div><!-- .elementskit-post-body END -->\n                            <\/div>\n                        <\/div>\n                    <\/div><!-- .elementskit-blog-block-post .radius .gradient-bg END -->\n                \n            <\/div>\n                    <div class=\"col-md-12\">\n\n                                    <div class=\"elementskit-blog-block-post\">\n                        <div class=\"row no-gutters\">\n                                                            <div class=\"col-md-6 order-1\">\n                                    <a href=\"https:\/\/www2.unifap.br\/samaumatech\/2025\/02\/21\/lancamento-tech-delas\/\" class=\"elementskit-entry-thumb\">\n                                        <img decoding=\"async\" src=\"https:\/\/www2.unifap.br\/samaumatech\/files\/2025\/02\/WhatsApp-Image-2025-02-21-at-19.44.13-2-823x1024.jpeg\" alt=\"Lan\u00e7amento Tech Delas\">\n                                    <\/a><!-- .elementskit-entry-thumb END -->\n                                <\/div>\n                            \n                            <div class=\"col-md-6 order-2\">\n                                <div class=\"elementskit-post-body \">\n                                    <div class=\"elementskit-entry-header\">\n                                        \n                                                                                            \t\t\t\t\t                                            \n                                            \n                                                                                            \t\t\t\t<h2 class=\"entry-title\">\n\t\t\t\t\t<a href=\"https:\/\/www2.unifap.br\/samaumatech\/2025\/02\/21\/lancamento-tech-delas\/\">\n\t\t\t\t\t\tLan\u00e7amento Tech Delas\t\t\t\t\t<\/a>\n\t\t\t\t<\/h2>\n\t\t\t                                                                                <\/div><!-- .elementskit-entry-header END -->\n\n                                                                            <div class=\"elementskit-post-footer\">\n                                                                                            <p>Nesta segunda-feira, 24\/02, o Sama\u00fama Tech lan\u00e7a o Curso de Empreendedorismo Tecnol\u00f3gico, no contexto do Projeto de Extens\u00e3o &#8220;DELAS TECH&#8221;. A iniciativa conta com a parceria da Universidade Federal do Amap\u00e1 (UNIFAP), governo do estado e da Deputada Federal professora Goreth e tem como objetivo capacitar mulheres nas \u00e1reas de programa\u00e7\u00e3o e empreendedorismo, promovendo a&#8230;<\/p>\n                                                                                                                                <\/div><!-- .elementskit-post-footer END -->\n                                                                    <\/div><!-- .elementskit-post-body END -->\n                            <\/div>\n                        <\/div>\n                    <\/div><!-- .elementskit-blog-block-post .radius .gradient-bg END -->\n                \n            <\/div>\n                    <div class=\"col-md-12\">\n\n                                    <div class=\"elementskit-blog-block-post\">\n                        <div class=\"row no-gutters\">\n                                                            <div class=\"col-md-6 order-1\">\n                                    <a href=\"https:\/\/www2.unifap.br\/samaumatech\/2025\/02\/04\/samauma-tech-inaugura-laboratorio-na-unifap\/\" class=\"elementskit-entry-thumb\">\n                                        <img decoding=\"async\" src=\"https:\/\/www2.unifap.br\/samaumatech\/files\/2025\/02\/Blue-Gradient-Modern-Freelancer-YouTube-Thumbnail--1024x576.png\" alt=\"Sama\u00fama Tech inaugura Laborat\u00f3rio na UNIFAP\">\n                                    <\/a><!-- .elementskit-entry-thumb END -->\n                                <\/div>\n                            \n                            <div class=\"col-md-6 order-2\">\n                                <div class=\"elementskit-post-body \">\n                                    <div class=\"elementskit-entry-header\">\n                                        \n                                                                                            \t\t\t\t\t                                            \n                                            \n                                                                                            \t\t\t\t<h2 class=\"entry-title\">\n\t\t\t\t\t<a href=\"https:\/\/www2.unifap.br\/samaumatech\/2025\/02\/04\/samauma-tech-inaugura-laboratorio-na-unifap\/\">\n\t\t\t\t\t\tSama\u00fama Tech inaugura Laborat\u00f3rio na UNIFAP\t\t\t\t\t<\/a>\n\t\t\t\t<\/h2>\n\t\t\t                                                                                <\/div><!-- .elementskit-entry-header END -->\n\n                                                                            <div class=\"elementskit-post-footer\">\n                                                                                            <p>Sama\u00fama Tech inaugura Laborat\u00f3rio na UNIFAP Jessica Meneses \u2013\u00a0\u00a004 de fevereiro de 2025 \u2013\u00a0\u00a0Noticias No dia 07 de fevereiro de 2025, a Universidade Federal do Amap\u00e1 (UNIFAP) ser\u00e1 palco do\u00a0Sama\u00fama Day, um evento que marca a inaugura\u00e7\u00e3o do Laborat\u00f3rio Sama\u00fama Tech. A cerim\u00f4nia ter\u00e1 in\u00edcio \u00e0s 14h, no campus da universidade, e promete ser um&#8230;<\/p>\n                                                                                                                                <\/div><!-- .elementskit-post-footer END -->\n                                                                    <\/div><!-- .elementskit-post-body END -->\n                            <\/div>\n                        <\/div>\n                    <\/div><!-- .elementskit-blog-block-post .radius .gradient-bg END -->\n                \n            <\/div>\n                    <div class=\"col-md-12\">\n\n                                    <div class=\"elementskit-blog-block-post\">\n                        <div class=\"row no-gutters\">\n                                                            <div class=\"col-md-6 order-1\">\n                                    <a href=\"https:\/\/www2.unifap.br\/samaumatech\/2025\/01\/21\/samauma-tech-da-inicio-ao-curso-robotica-nas-ferias\/\" class=\"elementskit-entry-thumb\">\n                                        <img decoding=\"async\" src=\"https:\/\/www2.unifap.br\/samaumatech\/files\/2025\/01\/WhatsApp-Image-2025-01-21-at-11.54.35-1-1024x461.jpeg\" alt=\"Sama\u00fama Tech d\u00e1 inicio ao Curso &#8220;Rob\u00f3tica nas F\u00e9rias&#8221;\">\n                                    <\/a><!-- .elementskit-entry-thumb END -->\n                                <\/div>\n                            \n                            <div class=\"col-md-6 order-2\">\n                                <div class=\"elementskit-post-body \">\n                                    <div class=\"elementskit-entry-header\">\n                                        \n                                                                                            \t\t\t\t\t                                            \n                                            \n                                                                                            \t\t\t\t<h2 class=\"entry-title\">\n\t\t\t\t\t<a href=\"https:\/\/www2.unifap.br\/samaumatech\/2025\/01\/21\/samauma-tech-da-inicio-ao-curso-robotica-nas-ferias\/\">\n\t\t\t\t\t\tSama\u00fama Tech d\u00e1 inicio ao Curso &#8220;Rob\u00f3tica nas F\u00e9rias&#8221;\t\t\t\t\t<\/a>\n\t\t\t\t<\/h2>\n\t\t\t                                                                                <\/div><!-- .elementskit-entry-header END -->\n\n                                                                            <div class=\"elementskit-post-footer\">\n                                                                                            <p>Sama\u00fama Tech d\u00e1 inicio ao Curso \u201cRob\u00f3tica nas F\u00e9rias Jessica Meneses \u2013\u00a0 21 de janeiro de 2025 \u2013 \u00a0Noticias O Programa Sama\u00fama Tech, da Universidade Federal do Amap\u00e1 (UNIFAP), d\u00e1 in\u00edcio a mais um ciclo do curso &#8220;Rob\u00f3tica nas F\u00e9rias&#8221;, que ocorrer\u00e1 de 21 a 31 de janeiro de 2025, no Laborat\u00f3rio Sama\u00fama Tech, na&#8230;<\/p>\n                                                                                                                                <\/div><!-- .elementskit-post-footer END -->\n                                                                    <\/div><!-- .elementskit-post-body END -->\n                            <\/div>\n                        <\/div>\n                    <\/div><!-- .elementskit-blog-block-post .radius .gradient-bg END -->\n                \n            <\/div>\n                <\/div>\n       <\/div>\t\t\t\t<\/div>\n\t\t\t\t<\/div>\n\t\t\t\t\t<\/div>\n\t\t\t\t<\/div>\n\t\t\t\t<\/div>\n\t\t","protected":false},"excerpt":{"rendered":"<p>Curso de Rob\u00f3tica nas F\u00e9rias oferece forma\u00e7\u00e3o em tecnologia para crian\u00e7as e adolescentes no campus da UNIFAP Entre os dias 8 e 18 de julho, o Laborat\u00f3rio Sama\u00fama Tech, localizado no campus da Universidade Federal do Amap\u00e1 (UNIFAP), ser\u00e1 palco de mais uma edi\u00e7\u00e3o do Curso Rob\u00f3tica nas F\u00e9rias, iniciativa do Programa Sama\u00fama Tech voltada&#8230;<\/p>\n","protected":false},"author":3860,"featured_media":0,"parent":0,"menu_order":0,"comment_status":"closed","ping_status":"closed","template":"elementor_header_footer","meta":{"inline_featured_image":false,"pagelayer_contact_templates":[],"_pagelayer_content":"","ngg_post_thumbnail":0,"footnotes":""},"class_list":["post-1719","page","type-page","status-publish","hentry"],"_links":{"self":[{"href":"https:\/\/www2.unifap.br\/samaumatech\/wp-json\/wp\/v2\/pages\/1719","targetHints":{"allow":["GET"]}}],"collection":[{"href":"https:\/\/www2.unifap.br\/samaumatech\/wp-json\/wp\/v2\/pages"}],"about":[{"href":"https:\/\/www2.unifap.br\/samaumatech\/wp-json\/wp\/v2\/types\/page"}],"author":[{"embeddable":true,"href":"https:\/\/www2.unifap.br\/samaumatech\/wp-json\/wp\/v2\/users\/3860"}],"replies":[{"embeddable":true,"href":"https:\/\/www2.unifap.br\/samaumatech\/wp-json\/wp\/v2\/comments?post=1719"}],"version-history":[{"count":48,"href":"https:\/\/www2.unifap.br\/samaumatech\/wp-json\/wp\/v2\/pages\/1719\/revisions"}],"predecessor-version":[{"id":2998,"href":"https:\/\/www2.unifap.br\/samaumatech\/wp-json\/wp\/v2\/pages\/1719\/revisions\/2998"}],"wp:attachment":[{"href":"https:\/\/www2.unifap.br\/samaumatech\/wp-json\/wp\/v2\/media?parent=1719"}],"curies":[{"name":"wp","href":"https:\/\/api.w.org\/{rel}","templated":true}]}}