{"id":2853,"date":"2025-10-29T16:15:50","date_gmt":"2025-10-29T19:15:50","guid":{"rendered":"https:\/\/www2.unifap.br\/samaumatech\/?page_id=2853"},"modified":"2025-10-29T16:39:23","modified_gmt":"2025-10-29T19:39:23","slug":"raizes-digitais","status":"publish","type":"page","link":"https:\/\/www2.unifap.br\/samaumatech\/raizes-digitais\/","title":{"rendered":"raizes digitais"},"content":{"rendered":"\t\t<div data-elementor-type=\"wp-post\" data-elementor-id=\"2853\" class=\"elementor elementor-2853\">\n\t\t\t\t<div class=\"elementor-element elementor-element-d10842a e-con-full e-flex e-con e-parent\" data-id=\"d10842a\" data-element_type=\"container\" data-e-type=\"container\">\n\t\t\t\t<div class=\"elementor-element elementor-element-9e359d9 elementor-widget elementor-widget-video\" data-id=\"9e359d9\" data-element_type=\"widget\" data-e-type=\"widget\" data-settings=\"{&quot;video_type&quot;:&quot;hosted&quot;,&quot;autoplay&quot;:&quot;yes&quot;,&quot;play_on_mobile&quot;:&quot;yes&quot;,&quot;loop&quot;:&quot;yes&quot;}\" data-widget_type=\"video.default\">\n\t\t\t\t<div class=\"elementor-widget-container\">\n\t\t\t\t\t\t\t<div class=\"e-hosted-video elementor-wrapper elementor-open-inline\">\n\t\t\t\t\t<video class=\"elementor-video\" src=\"http:\/\/www2.unifap.br\/samaumatech\/files\/2025\/10\/raizes.mp4\" autoplay=\"\" loop=\"\" playsinline=\"\" controlsList=\"nodownload\"><\/video>\n\t\t\t\t<\/div>\n\t\t\t\t\t\t<\/div>\n\t\t\t\t<\/div>\n\t\t\t\t<\/div>\n\t\t<div class=\"elementor-element elementor-element-f44cab1 e-flex e-con-boxed e-con e-parent\" data-id=\"f44cab1\" data-element_type=\"container\" data-e-type=\"container\">\n\t\t\t\t\t<div class=\"e-con-inner\">\n\t\t\t\t<div class=\"elementor-element elementor-element-3bb6fa6 elementor-widget elementor-widget-text-editor\" data-id=\"3bb6fa6\" data-element_type=\"widget\" data-e-type=\"widget\" data-widget_type=\"text-editor.default\">\n\t\t\t\t<div class=\"elementor-widget-container\">\n\t\t\t\t\t\t\t\t\t<p data-start=\"0\" data-end=\"358\">O <strong data-start=\"2\" data-end=\"27\">Curso Ra\u00edzes Digitais<\/strong> tem como objetivo capacitar pessoas sem familiaridade pr\u00e9via com tecnologia para utilizar computadores e smartphones, acessar a internet, criar e utilizar contas de e-mail, explorar redes sociais, acessar servi\u00e7os digitais, conhecer aplica\u00e7\u00f5es pr\u00e1ticas de Intelig\u00eancia Artificial (IA) e fundamentos introdut\u00f3rios de programa\u00e7\u00e3o.<\/p><p data-start=\"360\" data-end=\"507\">Assim como as ra\u00edzes sustentam a vida, o curso oferece a base do aprendizado digital para que todos possam iniciar sua trajet\u00f3ria tecnol\u00f3gica.\u00a0<\/p><p data-start=\"509\" data-end=\"871\" data-is-last-node=\"\" data-is-only-node=\"\">O termo <strong data-start=\"517\" data-end=\"529\">\u201cra\u00edzes\u201d<\/strong> simboliza o enraizamento do conhecimento na comunidade, mostrando que a tecnologia pode e deve fazer parte da vida de todas as pessoas. Al\u00e9m disso, representa <strong data-start=\"689\" data-end=\"712\">resist\u00eancia e uni\u00e3o<\/strong> \u2014 cada raiz se entrela\u00e7a com outras para sustentar algo maior, assim como indiv\u00edduos que se apoiam no processo de inclus\u00e3o digital e transforma\u00e7\u00e3o social.<\/p>\t\t\t\t\t\t\t\t<\/div>\n\t\t\t\t<\/div>\n\t\t\t\t\t<\/div>\n\t\t\t\t<\/div>\n\t\t\t\t<\/div>\n\t\t","protected":false},"excerpt":{"rendered":"<p>http:\/\/www2.unifap.br\/samaumatech\/files\/2025\/10\/raizes.mp4 O Curso Ra\u00edzes Digitais tem como objetivo capacitar pessoas sem familiaridade pr\u00e9via com tecnologia para utilizar computadores e smartphones, acessar a internet, criar e utilizar contas de e-mail, explorar redes sociais, acessar servi\u00e7os digitais, conhecer aplica\u00e7\u00f5es pr\u00e1ticas de Intelig\u00eancia Artificial (IA) e fundamentos introdut\u00f3rios de programa\u00e7\u00e3o. Assim como as ra\u00edzes sustentam a vida, o&#8230;<\/p>\n","protected":false},"author":4044,"featured_media":0,"parent":0,"menu_order":0,"comment_status":"closed","ping_status":"closed","template":"elementor_header_footer","meta":{"inline_featured_image":false,"pagelayer_contact_templates":[],"_pagelayer_content":"","ngg_post_thumbnail":0,"footnotes":""},"class_list":["post-2853","page","type-page","status-publish","hentry"],"_links":{"self":[{"href":"https:\/\/www2.unifap.br\/samaumatech\/wp-json\/wp\/v2\/pages\/2853","targetHints":{"allow":["GET"]}}],"collection":[{"href":"https:\/\/www2.unifap.br\/samaumatech\/wp-json\/wp\/v2\/pages"}],"about":[{"href":"https:\/\/www2.unifap.br\/samaumatech\/wp-json\/wp\/v2\/types\/page"}],"author":[{"embeddable":true,"href":"https:\/\/www2.unifap.br\/samaumatech\/wp-json\/wp\/v2\/users\/4044"}],"replies":[{"embeddable":true,"href":"https:\/\/www2.unifap.br\/samaumatech\/wp-json\/wp\/v2\/comments?post=2853"}],"version-history":[{"count":10,"href":"https:\/\/www2.unifap.br\/samaumatech\/wp-json\/wp\/v2\/pages\/2853\/revisions"}],"predecessor-version":[{"id":2893,"href":"https:\/\/www2.unifap.br\/samaumatech\/wp-json\/wp\/v2\/pages\/2853\/revisions\/2893"}],"wp:attachment":[{"href":"https:\/\/www2.unifap.br\/samaumatech\/wp-json\/wp\/v2\/media?parent=2853"}],"curies":[{"name":"wp","href":"https:\/\/api.w.org\/{rel}","templated":true}]}}