{"id":365,"date":"2019-01-21T14:16:07","date_gmt":"2019-01-21T14:16:07","guid":{"rendered":"http:\/\/www2.unifap.br\/santana\/?page_id=365"},"modified":"2023-08-03T12:21:15","modified_gmt":"2023-08-03T12:21:15","slug":"convenio-de-estagio","status":"publish","type":"page","link":"https:\/\/www2.unifap.br\/santana\/?page_id=365","title":{"rendered":"Conv\u00eanio de Est\u00e1gio"},"content":{"rendered":"<p><a href=\"http:\/\/www2.unifap.br\/santana\/files\/2019\/01\/ANEXO-I-QUADRO-DE-CURSOS.docx\">ANEXO I QUADRO DE CURSOS<\/a><\/p>\n<p><a href=\"http:\/\/www2.unifap.br\/santana\/files\/2019\/01\/ANEXO-II-TERMO-DE-CONV\u00caNIO.docx\">ANEXO II TERMO DE CONV\u00caNIO<\/a><\/p>\n<p><a href=\"http:\/\/www2.unifap.br\/santana\/files\/2019\/01\/ANEXO-III-PLANO-DE-TRABALHO.docx\">ANEXO III PLANO DE TRABALHO<\/a><\/p>\n<p><a href=\"http:\/\/www2.unifap.br\/santana\/files\/2019\/01\/ANEXO-IV-A-e-B-TERMO-DE-COMPROMISSO.docx\">ANEXO IV A e B TERMO DE COMPROMISSO<\/a><\/p>\n<p><a href=\"http:\/\/www2.unifap.br\/santana\/files\/2019\/01\/ANEXO-V-FICHA-CADASTRAL.docx\">ANEXO V FICHA CADASTRAL<\/a><\/p>\n<p><a href=\"http:\/\/www2.unifap.br\/santana\/files\/2019\/01\/ANEXO-VI-CARTA-DE-INTEN\u00c7\u00c3O.docx\">ANEXO VI CARTA DE INTEN\u00c7\u00c3O<\/a><\/p>\n<p><a href=\"http:\/\/www2.unifap.br\/santana\/files\/2019\/01\/EDITAL-CHAMADA-P\u00daBLICA-CONVENIO-DE-EST\u00c1GIO-CSTN.pdf\">EDITAL CHAMADA P\u00daBLICA CONVENIO DE EST\u00c1GIO CSTN<\/a><\/p>\n","protected":false},"excerpt":{"rendered":"<p>ANEXO I QUADRO DE CURSOS ANEXO II TERMO DE CONV\u00caNIO ANEXO III PLANO DE TRABALHO ANEXO IV A e B TERMO DE COMPROMISSO ANEXO V FICHA CADASTRAL ANEXO VI CARTA DE INTEN\u00c7\u00c3O EDITAL CHAMADA P\u00daBLICA CONVENIO DE EST\u00c1GIO CSTN<\/p>\n","protected":false},"author":2603,"featured_media":0,"parent":23,"menu_order":2,"comment_status":"closed","ping_status":"open","template":"","meta":{"inline_featured_image":false,"ngg_post_thumbnail":0,"footnotes":""},"class_list":["post-365","page","type-page","status-publish","hentry"],"_links":{"self":[{"href":"https:\/\/www2.unifap.br\/santana\/index.php?rest_route=\/wp\/v2\/pages\/365","targetHints":{"allow":["GET"]}}],"collection":[{"href":"https:\/\/www2.unifap.br\/santana\/index.php?rest_route=\/wp\/v2\/pages"}],"about":[{"href":"https:\/\/www2.unifap.br\/santana\/index.php?rest_route=\/wp\/v2\/types\/page"}],"author":[{"embeddable":true,"href":"https:\/\/www2.unifap.br\/santana\/index.php?rest_route=\/wp\/v2\/users\/2603"}],"replies":[{"embeddable":true,"href":"https:\/\/www2.unifap.br\/santana\/index.php?rest_route=%2Fwp%2Fv2%2Fcomments&post=365"}],"version-history":[{"count":1,"href":"https:\/\/www2.unifap.br\/santana\/index.php?rest_route=\/wp\/v2\/pages\/365\/revisions"}],"predecessor-version":[{"id":373,"href":"https:\/\/www2.unifap.br\/santana\/index.php?rest_route=\/wp\/v2\/pages\/365\/revisions\/373"}],"up":[{"embeddable":true,"href":"https:\/\/www2.unifap.br\/santana\/index.php?rest_route=\/wp\/v2\/pages\/23"}],"wp:attachment":[{"href":"https:\/\/www2.unifap.br\/santana\/index.php?rest_route=%2Fwp%2Fv2%2Fmedia&parent=365"}],"curies":[{"name":"wp","href":"https:\/\/api.w.org\/{rel}","templated":true}]}}