{"id":824,"date":"2019-11-29T19:02:13","date_gmt":"2019-11-29T19:02:13","guid":{"rendered":"http:\/\/www2.unifap.br\/santana\/?page_id=824"},"modified":"2023-08-03T12:20:49","modified_gmt":"2023-08-03T12:20:49","slug":"informatica-2","status":"publish","type":"page","link":"https:\/\/www2.unifap.br\/santana\/?page_id=824","title":{"rendered":"Inform\u00e1tica"},"content":{"rendered":"<p><a href=\"http:\/\/www2.unifap.br\/santana\/files\/2019\/12\/20191206_151422.jpg\"><img fetchpriority=\"high\" decoding=\"async\" class=\"aligncenter wp-image-899 size-full\" src=\"http:\/\/www2.unifap.br\/santana\/files\/2019\/12\/20191206_151422.jpg\" alt=\"\" width=\"5856\" height=\"1248\" srcset=\"https:\/\/www2.unifap.br\/santana\/files\/2019\/12\/20191206_151422.jpg 5856w, https:\/\/www2.unifap.br\/santana\/files\/2019\/12\/20191206_151422-300x64.jpg 300w, https:\/\/www2.unifap.br\/santana\/files\/2019\/12\/20191206_151422-768x164.jpg 768w, https:\/\/www2.unifap.br\/santana\/files\/2019\/12\/20191206_151422-1024x218.jpg 1024w\" sizes=\"(max-width: 5856px) 100vw, 5856px\" \/><\/a><\/p>\n<p>&nbsp;<\/p>\n<p>O Laborat\u00f3rio de Inform\u00e1tica t\u00eam a miss\u00e3o de apoiar aos alunos oferecendo um ambiente favor\u00e1vel para realiza\u00e7\u00f5es de trabalhos e pesquisas acad\u00eamicas. Todos os computadores possuem acesso a internet.<\/p>\n<p>Todos os alunos t\u00eam direito de utilizar os laborat\u00f3rios e podem contar com aux\u00edlio da coordena\u00e7\u00e3o do inform\u00e1tica que est\u00e1 \u00e0 disposi\u00e7\u00e3o, para esclarecer d\u00favidas e resolver problemas que venham a ocorrer durante a utiliza\u00e7\u00e3o do computador.<\/p>\n<p><strong>Hor\u00e1rio de Funcionamento:<\/strong><\/p>\n<p>Segunda a Sexta<\/p>\n<p>&nbsp;10:00 \u00e0s 19:30<\/p>\n<p><strong>Coordenador do Laborat\u00f3rio de Inform\u00e1tica:<\/strong><\/p>\n<p>Jos\u00e9 Ronaldo Reis de Oliveira<\/p>\n<p><a href=\"http:\/\/www2.unifap.br\/santana\/files\/2019\/12\/REGULAMENTO-DA-LABORAT\u00d3RIO-DE-INFORM\u00c1TICA.pdf\">REGULAMENTO DA LABORAT\u00d3RIO DE INFORM\u00c1TICA<\/a><\/p>\n","protected":false},"excerpt":{"rendered":"<p>&nbsp; O Laborat\u00f3rio de Inform\u00e1tica t\u00eam a miss\u00e3o de apoiar aos alunos oferecendo um ambiente favor\u00e1vel para realiza\u00e7\u00f5es de trabalhos e pesquisas acad\u00eamicas. Todos os computadores possuem acesso a internet. Todos os alunos t\u00eam direito de utilizar os laborat\u00f3rios e podem contar com aux\u00edlio da coordena\u00e7\u00e3o do inform\u00e1tica que est\u00e1 \u2026 <a class=\"continue-reading-link\" href=\"https:\/\/www2.unifap.br\/santana\/?page_id=824\"> Continue Lendo <span class=\"meta-nav\">&rarr; <\/span><\/a><\/p>\n","protected":false},"author":2603,"featured_media":0,"parent":819,"menu_order":2,"comment_status":"closed","ping_status":"closed","template":"","meta":{"inline_featured_image":false,"ngg_post_thumbnail":0,"footnotes":""},"class_list":["post-824","page","type-page","status-publish","hentry"],"_links":{"self":[{"href":"https:\/\/www2.unifap.br\/santana\/index.php?rest_route=\/wp\/v2\/pages\/824","targetHints":{"allow":["GET"]}}],"collection":[{"href":"https:\/\/www2.unifap.br\/santana\/index.php?rest_route=\/wp\/v2\/pages"}],"about":[{"href":"https:\/\/www2.unifap.br\/santana\/index.php?rest_route=\/wp\/v2\/types\/page"}],"author":[{"embeddable":true,"href":"https:\/\/www2.unifap.br\/santana\/index.php?rest_route=\/wp\/v2\/users\/2603"}],"replies":[{"embeddable":true,"href":"https:\/\/www2.unifap.br\/santana\/index.php?rest_route=%2Fwp%2Fv2%2Fcomments&post=824"}],"version-history":[{"count":6,"href":"https:\/\/www2.unifap.br\/santana\/index.php?rest_route=\/wp\/v2\/pages\/824\/revisions"}],"predecessor-version":[{"id":900,"href":"https:\/\/www2.unifap.br\/santana\/index.php?rest_route=\/wp\/v2\/pages\/824\/revisions\/900"}],"up":[{"embeddable":true,"href":"https:\/\/www2.unifap.br\/santana\/index.php?rest_route=\/wp\/v2\/pages\/819"}],"wp:attachment":[{"href":"https:\/\/www2.unifap.br\/santana\/index.php?rest_route=%2Fwp%2Fv2%2Fmedia&parent=824"}],"curies":[{"name":"wp","href":"https:\/\/api.w.org\/{rel}","templated":true}]}}