{"id":826,"date":"2019-11-29T19:02:52","date_gmt":"2019-11-29T19:02:52","guid":{"rendered":"http:\/\/www2.unifap.br\/santana\/?page_id=826"},"modified":"2023-08-03T12:20:49","modified_gmt":"2023-08-03T12:20:49","slug":"ensino","status":"publish","type":"page","link":"https:\/\/www2.unifap.br\/santana\/?page_id=826","title":{"rendered":"Ensino"},"content":{"rendered":"<p style=\"text-align: left\">O espa\u00e7o do laborat\u00f3rio foi estruturado para desenvolver atividades de natureza pr\u00e1tica e viv\u00eancias pedag\u00f3gicas, com orienta\u00e7\u00e3o docente e baseadas em planos de trabalho, que venham favorecer e aproximar a forma\u00e7\u00e3o te\u00f3rica e a forma\u00e7\u00e3o pr\u00e1tica do futuro pedagogo. Para sua atua\u00e7\u00e3o efetiva e eficaz na educa\u00e7\u00e3o b\u00e1sica e em outras esferas de atua\u00e7\u00e3o, como os espa\u00e7os n\u00e3o formais de educa\u00e7\u00e3o, busca-se o desenvolvimento de habilidades, compet\u00eancias e autonomia destes discentes.<\/p>\n<p>&nbsp;<\/p>\n<p><a href=\"http:\/\/www2.unifap.br\/santana\/files\/2019\/11\/REGULAMENTO-DO-LABORAT\u00d3RIO-DE-ENSINO-1.pdf\">REGULAMENTO DO LABORAT\u00d3RIO DE ENSINO<\/a><\/p>\n","protected":false},"excerpt":{"rendered":"<p>O espa\u00e7o do laborat\u00f3rio foi estruturado para desenvolver atividades de natureza pr\u00e1tica e viv\u00eancias pedag\u00f3gicas, com orienta\u00e7\u00e3o docente e baseadas em planos de trabalho, que venham favorecer e aproximar a forma\u00e7\u00e3o te\u00f3rica e a forma\u00e7\u00e3o pr\u00e1tica do futuro pedagogo. Para sua atua\u00e7\u00e3o efetiva e eficaz na educa\u00e7\u00e3o b\u00e1sica e em \u2026 <a class=\"continue-reading-link\" href=\"https:\/\/www2.unifap.br\/santana\/?page_id=826\"> Continue Lendo <span class=\"meta-nav\">&rarr; <\/span><\/a><\/p>\n","protected":false},"author":2603,"featured_media":0,"parent":819,"menu_order":3,"comment_status":"closed","ping_status":"closed","template":"","meta":{"inline_featured_image":false,"ngg_post_thumbnail":0,"footnotes":""},"class_list":["post-826","page","type-page","status-publish","hentry"],"_links":{"self":[{"href":"https:\/\/www2.unifap.br\/santana\/index.php?rest_route=\/wp\/v2\/pages\/826","targetHints":{"allow":["GET"]}}],"collection":[{"href":"https:\/\/www2.unifap.br\/santana\/index.php?rest_route=\/wp\/v2\/pages"}],"about":[{"href":"https:\/\/www2.unifap.br\/santana\/index.php?rest_route=\/wp\/v2\/types\/page"}],"author":[{"embeddable":true,"href":"https:\/\/www2.unifap.br\/santana\/index.php?rest_route=\/wp\/v2\/users\/2603"}],"replies":[{"embeddable":true,"href":"https:\/\/www2.unifap.br\/santana\/index.php?rest_route=%2Fwp%2Fv2%2Fcomments&post=826"}],"version-history":[{"count":8,"href":"https:\/\/www2.unifap.br\/santana\/index.php?rest_route=\/wp\/v2\/pages\/826\/revisions"}],"predecessor-version":[{"id":888,"href":"https:\/\/www2.unifap.br\/santana\/index.php?rest_route=\/wp\/v2\/pages\/826\/revisions\/888"}],"up":[{"embeddable":true,"href":"https:\/\/www2.unifap.br\/santana\/index.php?rest_route=\/wp\/v2\/pages\/819"}],"wp:attachment":[{"href":"https:\/\/www2.unifap.br\/santana\/index.php?rest_route=%2Fwp%2Fv2%2Fmedia&parent=826"}],"curies":[{"name":"wp","href":"https:\/\/api.w.org\/{rel}","templated":true}]}}