{"id":1128,"date":"2019-07-18T13:53:08","date_gmt":"2019-07-18T13:53:08","guid":{"rendered":"http:\/\/www2.unifap.br\/secretariado\/?page_id=1128"},"modified":"2025-06-04T20:56:45","modified_gmt":"2025-06-04T23:56:45","slug":"documentos-oficiais","status":"publish","type":"page","link":"https:\/\/www2.unifap.br\/secretariado\/documentos-oficiais","title":{"rendered":"Documentos Oficiais"},"content":{"rendered":"\t\t<div data-elementor-type=\"wp-post\" data-elementor-id=\"1128\" class=\"elementor elementor-1128\">\n\t\t\t\t\t\t<section class=\"elementor-section elementor-top-section elementor-element elementor-element-82e0dd5 elementor-section-boxed elementor-section-height-default elementor-section-height-default\" data-id=\"82e0dd5\" data-element_type=\"section\" data-e-type=\"section\">\n\t\t\t\t\t\t<div class=\"elementor-container elementor-column-gap-default\">\n\t\t\t\t\t<div class=\"elementor-column elementor-col-100 elementor-top-column elementor-element elementor-element-6741693\" data-id=\"6741693\" data-element_type=\"column\" data-e-type=\"column\">\n\t\t\t<div class=\"elementor-widget-wrap elementor-element-populated\">\n\t\t\t\t\t\t<div class=\"elementor-element elementor-element-03389dc elementor-widget elementor-widget-spacer\" data-id=\"03389dc\" data-element_type=\"widget\" data-e-type=\"widget\" data-widget_type=\"spacer.default\">\n\t\t\t\t<div class=\"elementor-widget-container\">\n\t\t\t\t\t\t\t<div class=\"elementor-spacer\">\n\t\t\t<div class=\"elementor-spacer-inner\"><\/div>\n\t\t<\/div>\n\t\t\t\t\t\t<\/div>\n\t\t\t\t<\/div>\n\t\t\t\t\t<\/div>\n\t\t<\/div>\n\t\t\t\t\t<\/div>\n\t\t<\/section>\n\t\t\t\t<section class=\"elementor-section elementor-top-section elementor-element elementor-element-293285a elementor-section-height-min-height elementor-section-boxed elementor-section-height-default elementor-section-items-middle\" data-id=\"293285a\" data-element_type=\"section\" data-e-type=\"section\" data-settings=\"{&quot;background_background&quot;:&quot;classic&quot;}\">\n\t\t\t\t\t\t\t<div class=\"elementor-background-overlay\"><\/div>\n\t\t\t\t\t\t\t<div class=\"elementor-container elementor-column-gap-default\">\n\t\t\t\t\t<div class=\"elementor-column elementor-col-100 elementor-top-column elementor-element elementor-element-f790045\" data-id=\"f790045\" data-element_type=\"column\" data-e-type=\"column\">\n\t\t\t<div class=\"elementor-widget-wrap elementor-element-populated\">\n\t\t\t\t\t\t<div class=\"elementor-element elementor-element-e361027 elementor-widget elementor-widget-heading\" data-id=\"e361027\" data-element_type=\"widget\" data-e-type=\"widget\" data-widget_type=\"heading.default\">\n\t\t\t\t<div class=\"elementor-widget-container\">\n\t\t\t\t\t<h2 class=\"elementor-heading-title elementor-size-large\"><b>Documentos para Consulta<\/b><\/h2>\t\t\t\t<\/div>\n\t\t\t\t<\/div>\n\t\t\t\t<div class=\"elementor-element elementor-element-3465fe4 elementor-widget-divider--view-line elementor-widget elementor-widget-divider\" data-id=\"3465fe4\" data-element_type=\"widget\" data-e-type=\"widget\" data-widget_type=\"divider.default\">\n\t\t\t\t<div class=\"elementor-widget-container\">\n\t\t\t\t\t\t\t<div class=\"elementor-divider\">\n\t\t\t<span class=\"elementor-divider-separator\">\n\t\t\t\t\t\t<\/span>\n\t\t<\/div>\n\t\t\t\t\t\t<\/div>\n\t\t\t\t<\/div>\n\t\t\t\t<div class=\"elementor-element elementor-element-36729bc elementor-widget elementor-widget-heading\" data-id=\"36729bc\" data-element_type=\"widget\" data-e-type=\"widget\" data-widget_type=\"heading.default\">\n\t\t\t\t<div class=\"elementor-widget-container\">\n\t\t\t\t\t<p class=\"elementor-heading-title elementor-size-large\"><b>Se\u00e7\u00e3o destinada para consulta de documentos.<\/b><\/p>\t\t\t\t<\/div>\n\t\t\t\t<\/div>\n\t\t\t\t\t<\/div>\n\t\t<\/div>\n\t\t\t\t\t<\/div>\n\t\t<\/section>\n\t\t\t\t<section class=\"elementor-section elementor-top-section elementor-element elementor-element-228f652 elementor-section-boxed elementor-section-height-default elementor-section-height-default\" data-id=\"228f652\" data-element_type=\"section\" data-e-type=\"section\" data-settings=\"{&quot;background_background&quot;:&quot;classic&quot;}\">\n\t\t\t\t\t\t<div class=\"elementor-container elementor-column-gap-default\">\n\t\t\t\t\t<div class=\"elementor-column elementor-col-50 elementor-top-column elementor-element elementor-element-7ae4e47\" data-id=\"7ae4e47\" data-element_type=\"column\" data-e-type=\"column\" data-settings=\"{&quot;background_background&quot;:&quot;classic&quot;}\">\n\t\t\t<div class=\"elementor-widget-wrap elementor-element-populated\">\n\t\t\t\t\t\t<div class=\"elementor-element elementor-element-f81eeb4 animated-slow elementor-invisible elementor-widget elementor-widget-image\" data-id=\"f81eeb4\" data-element_type=\"widget\" data-e-type=\"widget\" data-settings=\"{&quot;_animation&quot;:&quot;fadeIn&quot;}\" data-widget_type=\"image.default\">\n\t\t\t\t<div class=\"elementor-widget-container\">\n\t\t\t\t\t\t\t\t\t\t\t\t\t\t\t\t<a href=\"http:\/\/www2.unifap.br\/secretariado\/files\/2025\/06\/Anexo-IV-Estatuto-da-UNIFAP.pdf\">\n\t\t\t\t\t\t\t<img fetchpriority=\"high\" decoding=\"async\" width=\"1024\" height=\"389\" src=\"https:\/\/www2.unifap.br\/secretariado\/files\/2021\/11\/Banner-9-01-1024x389.png\" class=\"elementor-animation-grow-rotate attachment-large size-large wp-image-3493\" alt=\"\" srcset=\"https:\/\/www2.unifap.br\/secretariado\/files\/2021\/11\/Banner-9-01-1024x389.png 1024w, https:\/\/www2.unifap.br\/secretariado\/files\/2021\/11\/Banner-9-01-300x114.png 300w, https:\/\/www2.unifap.br\/secretariado\/files\/2021\/11\/Banner-9-01-768x292.png 768w, https:\/\/www2.unifap.br\/secretariado\/files\/2021\/11\/Banner-9-01-1536x584.png 1536w, https:\/\/www2.unifap.br\/secretariado\/files\/2021\/11\/Banner-9-01.png 1709w\" sizes=\"(max-width: 1024px) 100vw, 1024px\" \/>\t\t\t\t\t\t\t\t<\/a>\n\t\t\t\t\t\t\t\t\t\t\t\t\t\t\t<\/div>\n\t\t\t\t<\/div>\n\t\t\t\t\t<\/div>\n\t\t<\/div>\n\t\t\t\t<div class=\"elementor-column elementor-col-50 elementor-top-column elementor-element elementor-element-e506f0c\" data-id=\"e506f0c\" data-element_type=\"column\" data-e-type=\"column\" data-settings=\"{&quot;background_background&quot;:&quot;classic&quot;}\">\n\t\t\t<div class=\"elementor-widget-wrap elementor-element-populated\">\n\t\t\t\t\t\t<div class=\"elementor-element elementor-element-80ab7d3 animated-slow elementor-invisible elementor-widget elementor-widget-image\" data-id=\"80ab7d3\" data-element_type=\"widget\" data-e-type=\"widget\" data-settings=\"{&quot;_animation&quot;:&quot;fadeIn&quot;}\" data-widget_type=\"image.default\">\n\t\t\t\t<div class=\"elementor-widget-container\">\n\t\t\t\t\t\t\t\t\t\t\t\t\t\t\t\t<a href=\"http:\/\/www2.unifap.br\/secretariado\/files\/2025\/06\/Regimento-Geral-Unifap.pdf\">\n\t\t\t\t\t\t\t<img decoding=\"async\" width=\"1024\" height=\"389\" src=\"https:\/\/www2.unifap.br\/secretariado\/files\/2021\/11\/Banner-9-02-1024x389.png\" class=\"elementor-animation-grow-rotate attachment-large size-large wp-image-3494\" alt=\"\" srcset=\"https:\/\/www2.unifap.br\/secretariado\/files\/2021\/11\/Banner-9-02-1024x389.png 1024w, https:\/\/www2.unifap.br\/secretariado\/files\/2021\/11\/Banner-9-02-300x114.png 300w, https:\/\/www2.unifap.br\/secretariado\/files\/2021\/11\/Banner-9-02-768x292.png 768w, https:\/\/www2.unifap.br\/secretariado\/files\/2021\/11\/Banner-9-02-1536x584.png 1536w, https:\/\/www2.unifap.br\/secretariado\/files\/2021\/11\/Banner-9-02.png 1709w\" sizes=\"(max-width: 1024px) 100vw, 1024px\" \/>\t\t\t\t\t\t\t\t<\/a>\n\t\t\t\t\t\t\t\t\t\t\t\t\t\t\t<\/div>\n\t\t\t\t<\/div>\n\t\t\t\t\t<\/div>\n\t\t<\/div>\n\t\t\t\t\t<\/div>\n\t\t<\/section>\n\t\t\t\t<section class=\"elementor-section elementor-top-section elementor-element elementor-element-db03bb5 elementor-section-boxed elementor-section-height-default elementor-section-height-default\" data-id=\"db03bb5\" data-element_type=\"section\" data-e-type=\"section\" data-settings=\"{&quot;background_background&quot;:&quot;classic&quot;}\">\n\t\t\t\t\t\t<div class=\"elementor-container elementor-column-gap-default\">\n\t\t\t\t\t<div class=\"elementor-column elementor-col-33 elementor-top-column elementor-element elementor-element-7c514c8\" data-id=\"7c514c8\" data-element_type=\"column\" data-e-type=\"column\" data-settings=\"{&quot;background_background&quot;:&quot;classic&quot;}\">\n\t\t\t<div class=\"elementor-widget-wrap elementor-element-populated\">\n\t\t\t\t\t\t<div class=\"elementor-element elementor-element-35bda12 animated-slow elementor-invisible elementor-widget elementor-widget-image\" data-id=\"35bda12\" data-element_type=\"widget\" data-e-type=\"widget\" data-settings=\"{&quot;_animation&quot;:&quot;fadeIn&quot;}\" data-widget_type=\"image.default\">\n\t\t\t\t<div class=\"elementor-widget-container\">\n\t\t\t\t\t\t\t\t\t\t\t\t\t\t\t\t<a href=\"https:\/\/www2.unifap.br\/deplan\/files\/2022\/03\/PDI-2020-2026-1.pdf\">\n\t\t\t\t\t\t\t<img decoding=\"async\" width=\"1024\" height=\"389\" src=\"https:\/\/www2.unifap.br\/secretariado\/files\/2022\/04\/Banner-9-03.png\" class=\"elementor-animation-grow-rotate attachment-large size-large wp-image-4941\" alt=\"\" \/>\t\t\t\t\t\t\t\t<\/a>\n\t\t\t\t\t\t\t\t\t\t\t\t\t\t\t<\/div>\n\t\t\t\t<\/div>\n\t\t\t\t\t<\/div>\n\t\t<\/div>\n\t\t\t\t<div class=\"elementor-column elementor-col-33 elementor-top-column elementor-element elementor-element-3bcfaae\" data-id=\"3bcfaae\" data-element_type=\"column\" data-e-type=\"column\" data-settings=\"{&quot;background_background&quot;:&quot;classic&quot;}\">\n\t\t\t<div class=\"elementor-widget-wrap elementor-element-populated\">\n\t\t\t\t\t\t<div class=\"elementor-element elementor-element-6cb2e2c animated-slow elementor-invisible elementor-widget elementor-widget-image\" data-id=\"6cb2e2c\" data-element_type=\"widget\" data-e-type=\"widget\" data-settings=\"{&quot;_animation&quot;:&quot;fadeIn&quot;}\" data-widget_type=\"image.default\">\n\t\t\t\t<div class=\"elementor-widget-container\">\n\t\t\t\t\t\t\t\t\t\t\t\t\t\t\t\t<a href=\"https:\/\/sigrh.unifap.br\/sigrh\/public\/colegiados\/filtro_busca.jsf\">\n\t\t\t\t\t\t\t<img loading=\"lazy\" decoding=\"async\" width=\"1024\" height=\"389\" src=\"https:\/\/www2.unifap.br\/secretariado\/files\/2021\/11\/Banner-9-04-1024x389.png\" class=\"elementor-animation-grow-rotate attachment-large size-large wp-image-3496\" alt=\"\" srcset=\"https:\/\/www2.unifap.br\/secretariado\/files\/2021\/11\/Banner-9-04-1024x389.png 1024w, https:\/\/www2.unifap.br\/secretariado\/files\/2021\/11\/Banner-9-04-300x114.png 300w, https:\/\/www2.unifap.br\/secretariado\/files\/2021\/11\/Banner-9-04-768x292.png 768w, https:\/\/www2.unifap.br\/secretariado\/files\/2021\/11\/Banner-9-04-1536x584.png 1536w, https:\/\/www2.unifap.br\/secretariado\/files\/2021\/11\/Banner-9-04.png 1709w\" sizes=\"(max-width: 1024px) 100vw, 1024px\" \/>\t\t\t\t\t\t\t\t<\/a>\n\t\t\t\t\t\t\t\t\t\t\t\t\t\t\t<\/div>\n\t\t\t\t<\/div>\n\t\t\t\t\t<\/div>\n\t\t<\/div>\n\t\t\t\t<div class=\"elementor-column elementor-col-33 elementor-top-column elementor-element elementor-element-f648534\" data-id=\"f648534\" data-element_type=\"column\" data-e-type=\"column\" data-settings=\"{&quot;background_background&quot;:&quot;classic&quot;}\">\n\t\t\t<div class=\"elementor-widget-wrap elementor-element-populated\">\n\t\t\t\t\t\t<div class=\"elementor-element elementor-element-5748999 animated-slow elementor-invisible elementor-widget elementor-widget-image\" data-id=\"5748999\" data-element_type=\"widget\" data-e-type=\"widget\" data-settings=\"{&quot;_animation&quot;:&quot;fadeIn&quot;}\" data-widget_type=\"image.default\">\n\t\t\t\t<div class=\"elementor-widget-container\">\n\t\t\t\t\t\t\t\t\t\t\t\t\t\t\t\t<a href=\"https:\/\/www2.unifap.br\/secretariado\/projeto-pedagogico\">\n\t\t\t\t\t\t\t<img loading=\"lazy\" decoding=\"async\" width=\"1024\" height=\"389\" src=\"https:\/\/www2.unifap.br\/secretariado\/files\/2021\/11\/Banner-9-05-1024x389.png\" class=\"elementor-animation-grow-rotate attachment-large size-large wp-image-3497\" alt=\"\" srcset=\"https:\/\/www2.unifap.br\/secretariado\/files\/2021\/11\/Banner-9-05-1024x389.png 1024w, https:\/\/www2.unifap.br\/secretariado\/files\/2021\/11\/Banner-9-05-300x114.png 300w, https:\/\/www2.unifap.br\/secretariado\/files\/2021\/11\/Banner-9-05-768x292.png 768w, https:\/\/www2.unifap.br\/secretariado\/files\/2021\/11\/Banner-9-05-1536x584.png 1536w, https:\/\/www2.unifap.br\/secretariado\/files\/2021\/11\/Banner-9-05.png 1709w\" sizes=\"(max-width: 1024px) 100vw, 1024px\" \/>\t\t\t\t\t\t\t\t<\/a>\n\t\t\t\t\t\t\t\t\t\t\t\t\t\t\t<\/div>\n\t\t\t\t<\/div>\n\t\t\t\t\t<\/div>\n\t\t<\/div>\n\t\t\t\t\t<\/div>\n\t\t<\/section>\n\t\t\t\t<section class=\"elementor-section elementor-top-section elementor-element elementor-element-e89a389 elementor-section-boxed elementor-section-height-default elementor-section-height-default\" data-id=\"e89a389\" data-element_type=\"section\" data-e-type=\"section\" data-settings=\"{&quot;background_background&quot;:&quot;classic&quot;}\">\n\t\t\t\t\t\t<div class=\"elementor-container elementor-column-gap-default\">\n\t\t\t\t\t<div class=\"elementor-column elementor-col-50 elementor-top-column elementor-element elementor-element-0b43263\" data-id=\"0b43263\" data-element_type=\"column\" data-e-type=\"column\" data-settings=\"{&quot;background_background&quot;:&quot;classic&quot;}\">\n\t\t\t<div class=\"elementor-widget-wrap elementor-element-populated\">\n\t\t\t\t\t\t<div class=\"elementor-element elementor-element-90054ce animated-slow elementor-invisible elementor-widget elementor-widget-image\" data-id=\"90054ce\" data-element_type=\"widget\" data-e-type=\"widget\" data-settings=\"{&quot;_animation&quot;:&quot;fadeIn&quot;}\" data-widget_type=\"image.default\">\n\t\t\t\t<div class=\"elementor-widget-container\">\n\t\t\t\t\t\t\t\t\t\t\t\t\t\t\t\t<a href=\"https:\/\/www2.unifap.br\/secretariado\/matriz-e-estrutura-curricular\">\n\t\t\t\t\t\t\t<img loading=\"lazy\" decoding=\"async\" width=\"1024\" height=\"389\" src=\"https:\/\/www2.unifap.br\/secretariado\/files\/2021\/11\/Banner-9-06-1024x389.png\" class=\"elementor-animation-grow-rotate attachment-large size-large wp-image-3498\" alt=\"\" srcset=\"https:\/\/www2.unifap.br\/secretariado\/files\/2021\/11\/Banner-9-06-1024x389.png 1024w, https:\/\/www2.unifap.br\/secretariado\/files\/2021\/11\/Banner-9-06-300x114.png 300w, https:\/\/www2.unifap.br\/secretariado\/files\/2021\/11\/Banner-9-06-768x292.png 768w, https:\/\/www2.unifap.br\/secretariado\/files\/2021\/11\/Banner-9-06-1536x584.png 1536w, https:\/\/www2.unifap.br\/secretariado\/files\/2021\/11\/Banner-9-06.png 1709w\" sizes=\"(max-width: 1024px) 100vw, 1024px\" \/>\t\t\t\t\t\t\t\t<\/a>\n\t\t\t\t\t\t\t\t\t\t\t\t\t\t\t<\/div>\n\t\t\t\t<\/div>\n\t\t\t\t\t<\/div>\n\t\t<\/div>\n\t\t\t\t<div class=\"elementor-column elementor-col-50 elementor-top-column elementor-element elementor-element-8ab9ca2\" data-id=\"8ab9ca2\" data-element_type=\"column\" data-e-type=\"column\" data-settings=\"{&quot;background_background&quot;:&quot;classic&quot;}\">\n\t\t\t<div class=\"elementor-widget-wrap elementor-element-populated\">\n\t\t\t\t\t\t<div class=\"elementor-element elementor-element-188cd20 animated-slow elementor-invisible elementor-widget elementor-widget-image\" data-id=\"188cd20\" data-element_type=\"widget\" data-e-type=\"widget\" data-settings=\"{&quot;_animation&quot;:&quot;fadeIn&quot;}\" data-widget_type=\"image.default\">\n\t\t\t\t<div class=\"elementor-widget-container\">\n\t\t\t\t\t\t\t\t\t\t\t\t\t\t\t\t<a href=\"https:\/\/www2.unifap.br\/secretariado\/resolucoes-de-criacao-do-curso-de-secretariado\">\n\t\t\t\t\t\t\t<img loading=\"lazy\" decoding=\"async\" width=\"1024\" height=\"389\" src=\"https:\/\/www2.unifap.br\/secretariado\/files\/2021\/11\/Banner-9-07-1024x389.png\" class=\"elementor-animation-grow-rotate attachment-large size-large wp-image-3499\" alt=\"\" srcset=\"https:\/\/www2.unifap.br\/secretariado\/files\/2021\/11\/Banner-9-07-1024x389.png 1024w, https:\/\/www2.unifap.br\/secretariado\/files\/2021\/11\/Banner-9-07-300x114.png 300w, https:\/\/www2.unifap.br\/secretariado\/files\/2021\/11\/Banner-9-07-768x292.png 768w, https:\/\/www2.unifap.br\/secretariado\/files\/2021\/11\/Banner-9-07-1536x584.png 1536w, https:\/\/www2.unifap.br\/secretariado\/files\/2021\/11\/Banner-9-07.png 1709w\" sizes=\"(max-width: 1024px) 100vw, 1024px\" \/>\t\t\t\t\t\t\t\t<\/a>\n\t\t\t\t\t\t\t\t\t\t\t\t\t\t\t<\/div>\n\t\t\t\t<\/div>\n\t\t\t\t\t<\/div>\n\t\t<\/div>\n\t\t\t\t\t<\/div>\n\t\t<\/section>\n\t\t\t\t<section class=\"elementor-section elementor-top-section elementor-element elementor-element-f31db3c elementor-section-boxed elementor-section-height-default elementor-section-height-default\" data-id=\"f31db3c\" data-element_type=\"section\" data-e-type=\"section\" data-settings=\"{&quot;background_background&quot;:&quot;classic&quot;}\">\n\t\t\t\t\t\t<div class=\"elementor-container elementor-column-gap-default\">\n\t\t\t\t\t<div class=\"elementor-column elementor-col-33 elementor-top-column elementor-element elementor-element-b9873a1\" data-id=\"b9873a1\" data-element_type=\"column\" data-e-type=\"column\" data-settings=\"{&quot;background_background&quot;:&quot;classic&quot;}\">\n\t\t\t<div class=\"elementor-widget-wrap elementor-element-populated\">\n\t\t\t\t\t\t<div class=\"elementor-element elementor-element-a46455d animated-slow elementor-invisible elementor-widget elementor-widget-image\" data-id=\"a46455d\" data-element_type=\"widget\" data-e-type=\"widget\" data-settings=\"{&quot;_animation&quot;:&quot;fadeIn&quot;}\" data-widget_type=\"image.default\">\n\t\t\t\t<div class=\"elementor-widget-container\">\n\t\t\t\t\t\t\t\t\t\t\t\t\t\t\t\t<a href=\"https:\/\/www2.unifap.br\/secretariado\/fluxograma-da-matriz-curricular\">\n\t\t\t\t\t\t\t<img loading=\"lazy\" decoding=\"async\" width=\"1024\" height=\"389\" src=\"https:\/\/www2.unifap.br\/secretariado\/files\/2021\/11\/Banner-9-08-1024x389.png\" class=\"elementor-animation-grow-rotate attachment-large size-large wp-image-3500\" alt=\"\" srcset=\"https:\/\/www2.unifap.br\/secretariado\/files\/2021\/11\/Banner-9-08-1024x389.png 1024w, https:\/\/www2.unifap.br\/secretariado\/files\/2021\/11\/Banner-9-08-300x114.png 300w, https:\/\/www2.unifap.br\/secretariado\/files\/2021\/11\/Banner-9-08-768x292.png 768w, https:\/\/www2.unifap.br\/secretariado\/files\/2021\/11\/Banner-9-08-1536x584.png 1536w, https:\/\/www2.unifap.br\/secretariado\/files\/2021\/11\/Banner-9-08.png 1709w\" sizes=\"(max-width: 1024px) 100vw, 1024px\" \/>\t\t\t\t\t\t\t\t<\/a>\n\t\t\t\t\t\t\t\t\t\t\t\t\t\t\t<\/div>\n\t\t\t\t<\/div>\n\t\t\t\t\t<\/div>\n\t\t<\/div>\n\t\t\t\t<div class=\"elementor-column elementor-col-33 elementor-top-column elementor-element elementor-element-a349097\" data-id=\"a349097\" data-element_type=\"column\" data-e-type=\"column\" data-settings=\"{&quot;background_background&quot;:&quot;classic&quot;}\">\n\t\t\t<div class=\"elementor-widget-wrap elementor-element-populated\">\n\t\t\t\t\t\t<div class=\"elementor-element elementor-element-43dd288 animated-slow elementor-invisible elementor-widget elementor-widget-image\" data-id=\"43dd288\" data-element_type=\"widget\" data-e-type=\"widget\" data-settings=\"{&quot;_animation&quot;:&quot;fadeIn&quot;}\" data-widget_type=\"image.default\">\n\t\t\t\t<div class=\"elementor-widget-container\">\n\t\t\t\t\t\t\t\t\t\t\t\t\t\t\t\t<a href=\"https:\/\/www2.unifap.br\/secretariado\/ementas-2\">\n\t\t\t\t\t\t\t<img loading=\"lazy\" decoding=\"async\" width=\"1024\" height=\"389\" src=\"https:\/\/www2.unifap.br\/secretariado\/files\/2021\/11\/Banner-9-09-1024x389.png\" class=\"elementor-animation-grow-rotate attachment-large size-large wp-image-3501\" alt=\"\" srcset=\"https:\/\/www2.unifap.br\/secretariado\/files\/2021\/11\/Banner-9-09-1024x389.png 1024w, https:\/\/www2.unifap.br\/secretariado\/files\/2021\/11\/Banner-9-09-300x114.png 300w, https:\/\/www2.unifap.br\/secretariado\/files\/2021\/11\/Banner-9-09-768x292.png 768w, https:\/\/www2.unifap.br\/secretariado\/files\/2021\/11\/Banner-9-09-1536x584.png 1536w, https:\/\/www2.unifap.br\/secretariado\/files\/2021\/11\/Banner-9-09.png 1709w\" sizes=\"(max-width: 1024px) 100vw, 1024px\" \/>\t\t\t\t\t\t\t\t<\/a>\n\t\t\t\t\t\t\t\t\t\t\t\t\t\t\t<\/div>\n\t\t\t\t<\/div>\n\t\t\t\t\t<\/div>\n\t\t<\/div>\n\t\t\t\t<div class=\"elementor-column elementor-col-33 elementor-top-column elementor-element elementor-element-8ea980d\" data-id=\"8ea980d\" data-element_type=\"column\" data-e-type=\"column\" data-settings=\"{&quot;background_background&quot;:&quot;classic&quot;}\">\n\t\t\t<div class=\"elementor-widget-wrap elementor-element-populated\">\n\t\t\t\t\t\t<div class=\"elementor-element elementor-element-5ec32b2 animated-slow elementor-invisible elementor-widget elementor-widget-image\" data-id=\"5ec32b2\" data-element_type=\"widget\" data-e-type=\"widget\" data-settings=\"{&quot;_animation&quot;:&quot;fadeIn&quot;}\" data-widget_type=\"image.default\">\n\t\t\t\t<div class=\"elementor-widget-container\">\n\t\t\t\t\t\t\t\t\t\t\t\t\t\t\t\t<a href=\"https:\/\/sigrh.unifap.br\/sigrh\/public\/home.jsf\">\n\t\t\t\t\t\t\t<img loading=\"lazy\" decoding=\"async\" width=\"1024\" height=\"389\" src=\"https:\/\/www2.unifap.br\/secretariado\/files\/2021\/11\/Banner-9-10-1024x389.png\" class=\"elementor-animation-grow-rotate attachment-large size-large wp-image-3502\" alt=\"\" srcset=\"https:\/\/www2.unifap.br\/secretariado\/files\/2021\/11\/Banner-9-10-1024x389.png 1024w, https:\/\/www2.unifap.br\/secretariado\/files\/2021\/11\/Banner-9-10-300x114.png 300w, https:\/\/www2.unifap.br\/secretariado\/files\/2021\/11\/Banner-9-10-768x292.png 768w, https:\/\/www2.unifap.br\/secretariado\/files\/2021\/11\/Banner-9-10-1536x584.png 1536w, https:\/\/www2.unifap.br\/secretariado\/files\/2021\/11\/Banner-9-10.png 1709w\" sizes=\"(max-width: 1024px) 100vw, 1024px\" \/>\t\t\t\t\t\t\t\t<\/a>\n\t\t\t\t\t\t\t\t\t\t\t\t\t\t\t<\/div>\n\t\t\t\t<\/div>\n\t\t\t\t\t<\/div>\n\t\t<\/div>\n\t\t\t\t\t<\/div>\n\t\t<\/section>\n\t\t\t\t<section class=\"elementor-section elementor-top-section elementor-element elementor-element-538cce4 elementor-section-boxed elementor-section-height-default elementor-section-height-default\" data-id=\"538cce4\" data-element_type=\"section\" data-e-type=\"section\">\n\t\t\t\t\t\t<div class=\"elementor-container elementor-column-gap-default\">\n\t\t\t\t\t<div class=\"elementor-column elementor-col-100 elementor-top-column elementor-element elementor-element-0175502\" data-id=\"0175502\" data-element_type=\"column\" data-e-type=\"column\">\n\t\t\t<div class=\"elementor-widget-wrap elementor-element-populated\">\n\t\t\t\t\t\t<div class=\"elementor-element elementor-element-ed36a17 elementor-widget elementor-widget-spacer\" data-id=\"ed36a17\" data-element_type=\"widget\" data-e-type=\"widget\" data-widget_type=\"spacer.default\">\n\t\t\t\t<div class=\"elementor-widget-container\">\n\t\t\t\t\t\t\t<div class=\"elementor-spacer\">\n\t\t\t<div class=\"elementor-spacer-inner\"><\/div>\n\t\t<\/div>\n\t\t\t\t\t\t<\/div>\n\t\t\t\t<\/div>\n\t\t\t\t\t<\/div>\n\t\t<\/div>\n\t\t\t\t\t<\/div>\n\t\t<\/section>\n\t\t\t\t<section class=\"elementor-section elementor-top-section elementor-element elementor-element-1beb2dbd elementor-section-boxed elementor-section-height-default elementor-section-height-default\" data-id=\"1beb2dbd\" data-element_type=\"section\" data-e-type=\"section\">\n\t\t\t\t\t\t<div class=\"elementor-container elementor-column-gap-default\">\n\t\t\t\t\t<div class=\"elementor-column elementor-col-100 elementor-top-column elementor-element elementor-element-3bc8dc63\" data-id=\"3bc8dc63\" data-element_type=\"column\" data-e-type=\"column\">\n\t\t\t<div class=\"elementor-widget-wrap elementor-element-populated\">\n\t\t\t\t\t\t<div class=\"elementor-element elementor-element-54e55928 elementor-button-info elementor-align-left elementor-widget elementor-widget-button\" data-id=\"54e55928\" data-element_type=\"widget\" data-e-type=\"widget\" data-widget_type=\"button.default\">\n\t\t\t\t<div class=\"elementor-widget-container\">\n\t\t\t\t\t\t\t\t\t<div class=\"elementor-button-wrapper\">\n\t\t\t\t\t<a class=\"elementor-button elementor-button-link elementor-size-md\" href=\"https:\/\/www2.unifap.br\/secretariado\/\">\n\t\t\t\t\t\t<span class=\"elementor-button-content-wrapper\">\n\t\t\t\t\t\t<span class=\"elementor-button-icon\">\n\t\t\t\t\t\t\t\t\t<i class=\"fa fa-home\" aria-hidden=\"true\"><\/i>\n\t\t\t\t\t\t\t<\/span>\n\t\t\t\t\t\t\t\t\t<span class=\"elementor-button-text\">In\u00edcio<\/span>\n\t\t\t\t\t<\/span>\n\t\t\t\t\t<\/a>\n\t\t\t\t<\/div>\n\t\t\t\t\t\t\t\t<\/div>\n\t\t\t\t<\/div>\n\t\t\t\t\t<\/div>\n\t\t<\/div>\n\t\t\t\t\t<\/div>\n\t\t<\/section>\n\t\t\t\t<\/div>\n\t\t","protected":false},"excerpt":{"rendered":"<p>Documentos para Consulta Se\u00e7\u00e3o destinada para consulta de documentos. In\u00edcio<\/p>\n","protected":false},"author":2444,"featured_media":0,"parent":0,"menu_order":0,"comment_status":"closed","ping_status":"closed","template":"elementor_header_footer","meta":{"inline_featured_image":false,"ngg_post_thumbnail":0,"footnotes":""},"class_list":["post-1128","page","type-page","status-publish","hentry","entry"],"_links":{"self":[{"href":"https:\/\/www2.unifap.br\/secretariado\/wp-json\/wp\/v2\/pages\/1128","targetHints":{"allow":["GET"]}}],"collection":[{"href":"https:\/\/www2.unifap.br\/secretariado\/wp-json\/wp\/v2\/pages"}],"about":[{"href":"https:\/\/www2.unifap.br\/secretariado\/wp-json\/wp\/v2\/types\/page"}],"author":[{"embeddable":true,"href":"https:\/\/www2.unifap.br\/secretariado\/wp-json\/wp\/v2\/users\/2444"}],"replies":[{"embeddable":true,"href":"https:\/\/www2.unifap.br\/secretariado\/wp-json\/wp\/v2\/comments?post=1128"}],"version-history":[{"count":68,"href":"https:\/\/www2.unifap.br\/secretariado\/wp-json\/wp\/v2\/pages\/1128\/revisions"}],"predecessor-version":[{"id":10401,"href":"https:\/\/www2.unifap.br\/secretariado\/wp-json\/wp\/v2\/pages\/1128\/revisions\/10401"}],"wp:attachment":[{"href":"https:\/\/www2.unifap.br\/secretariado\/wp-json\/wp\/v2\/media?parent=1128"}],"curies":[{"name":"wp","href":"https:\/\/api.w.org\/{rel}","templated":true}]}}