{"id":4835,"date":"2022-04-25T19:47:01","date_gmt":"2022-04-25T22:47:01","guid":{"rendered":"https:\/\/www2.unifap.br\/secretariado\/?page_id=4835"},"modified":"2022-05-06T17:32:30","modified_gmt":"2022-05-06T20:32:30","slug":"apoio-discente","status":"publish","type":"page","link":"https:\/\/www2.unifap.br\/secretariado\/apoio-discente","title":{"rendered":"Apoio Discente"},"content":{"rendered":"\t\t<div data-elementor-type=\"wp-page\" data-elementor-id=\"4835\" class=\"elementor elementor-4835\">\n\t\t\t\t\t\t<section class=\"elementor-section elementor-top-section elementor-element elementor-element-423ca581 elementor-section-height-min-height elementor-section-boxed elementor-section-height-default elementor-section-items-middle\" data-id=\"423ca581\" data-element_type=\"section\" data-e-type=\"section\" data-settings=\"{&quot;background_background&quot;:&quot;classic&quot;}\">\n\t\t\t\t\t\t\t<div class=\"elementor-background-overlay\"><\/div>\n\t\t\t\t\t\t\t<div class=\"elementor-container elementor-column-gap-default\">\n\t\t\t\t\t<div class=\"elementor-column elementor-col-100 elementor-top-column elementor-element elementor-element-7cf8bf48\" data-id=\"7cf8bf48\" data-element_type=\"column\" data-e-type=\"column\">\n\t\t\t<div class=\"elementor-widget-wrap elementor-element-populated\">\n\t\t\t\t\t\t<div class=\"elementor-element elementor-element-38f27342 elementor-widget elementor-widget-heading\" data-id=\"38f27342\" data-element_type=\"widget\" data-e-type=\"widget\" data-widget_type=\"heading.default\">\n\t\t\t\t<div class=\"elementor-widget-container\">\n\t\t\t\t\t<h2 class=\"elementor-heading-title elementor-size-large\"><b>Apoio discente<\/b><\/h2>\t\t\t\t<\/div>\n\t\t\t\t<\/div>\n\t\t\t\t<div class=\"elementor-element elementor-element-522847b9 elementor-widget-divider--view-line elementor-widget elementor-widget-divider\" data-id=\"522847b9\" data-element_type=\"widget\" data-e-type=\"widget\" data-widget_type=\"divider.default\">\n\t\t\t\t<div class=\"elementor-widget-container\">\n\t\t\t\t\t\t\t<div class=\"elementor-divider\">\n\t\t\t<span class=\"elementor-divider-separator\">\n\t\t\t\t\t\t<\/span>\n\t\t<\/div>\n\t\t\t\t\t\t<\/div>\n\t\t\t\t<\/div>\n\t\t\t\t<div class=\"elementor-element elementor-element-46f814a9 elementor-widget elementor-widget-heading\" data-id=\"46f814a9\" data-element_type=\"widget\" data-e-type=\"widget\" data-widget_type=\"heading.default\">\n\t\t\t\t<div class=\"elementor-widget-container\">\n\t\t\t\t\t<p class=\"elementor-heading-title elementor-size-large\"><b>P\u00e1gina para informa\u00e7\u00f5es para apoio acad\u00eamico<\/b><\/p>\t\t\t\t<\/div>\n\t\t\t\t<\/div>\n\t\t\t\t\t<\/div>\n\t\t<\/div>\n\t\t\t\t\t<\/div>\n\t\t<\/section>\n\t\t\t\t<section class=\"elementor-section elementor-top-section elementor-element elementor-element-b5a293b elementor-section-boxed elementor-section-height-default elementor-section-height-default\" data-id=\"b5a293b\" data-element_type=\"section\" data-e-type=\"section\">\n\t\t\t\t\t\t<div class=\"elementor-container elementor-column-gap-default\">\n\t\t\t\t\t<div class=\"elementor-column elementor-col-100 elementor-top-column elementor-element elementor-element-1816507\" data-id=\"1816507\" data-element_type=\"column\" data-e-type=\"column\">\n\t\t\t<div class=\"elementor-widget-wrap elementor-element-populated\">\n\t\t\t\t\t\t<div class=\"elementor-element elementor-element-b13f736 elementor-widget elementor-widget-heading\" data-id=\"b13f736\" data-element_type=\"widget\" data-e-type=\"widget\" data-widget_type=\"heading.default\">\n\t\t\t\t<div class=\"elementor-widget-container\">\n\t\t\t\t\t<h2 class=\"elementor-heading-title elementor-size-default\">Apoio ao Discente<\/h2>\t\t\t\t<\/div>\n\t\t\t\t<\/div>\n\t\t\t\t\t<\/div>\n\t\t<\/div>\n\t\t\t\t\t<\/div>\n\t\t<\/section>\n\t\t\t\t<section class=\"elementor-section elementor-top-section elementor-element elementor-element-442591f elementor-section-boxed elementor-section-height-default elementor-section-height-default\" data-id=\"442591f\" data-element_type=\"section\" data-e-type=\"section\">\n\t\t\t\t\t\t<div class=\"elementor-container elementor-column-gap-default\">\n\t\t\t\t\t<div class=\"elementor-column elementor-col-100 elementor-top-column elementor-element elementor-element-5893cf2\" data-id=\"5893cf2\" data-element_type=\"column\" data-e-type=\"column\">\n\t\t\t<div class=\"elementor-widget-wrap elementor-element-populated\">\n\t\t\t\t\t\t<div class=\"elementor-element elementor-element-6309845 elementor-widget elementor-widget-text-editor\" data-id=\"6309845\" data-element_type=\"widget\" data-e-type=\"widget\" data-widget_type=\"text-editor.default\">\n\t\t\t\t<div class=\"elementor-widget-container\">\n\t\t\t\t\t\t\t\t\t<p>O curso de Tecnologia em Secretariado da Universidade Federal do Amap\u00e1 proporciona atendimento extraclasse ao discente, no que tange a implanta\u00e7\u00e3o de pol\u00edtica educacional para minimizar as limita\u00e7\u00f5es que acad\u00eamicos possam demonstrar durante as aulas de gradua\u00e7\u00e3o. A sistem\u00e1tica para atendimento, nesses casos, compreende discuss\u00f5es em grupo, a partir de estudos dirigidos para discentes que apresentarem desnivelamento acad\u00eamico no que concernem os conte\u00fados program\u00e1ticos das disciplinas ministradas no curso de Tecnologia em Secretariado. No in\u00edcio de cada semestre letivo, s\u00e3o estabelecidas pelos docentes do curso, em grupos de estudos, estrat\u00e9gias pedag\u00f3gicas espec\u00edficas para nivelamento acad\u00eamico.<\/p>\t\t\t\t\t\t\t\t<\/div>\n\t\t\t\t<\/div>\n\t\t\t\t\t<\/div>\n\t\t<\/div>\n\t\t\t\t\t<\/div>\n\t\t<\/section>\n\t\t\t\t<section class=\"elementor-section elementor-top-section elementor-element elementor-element-109aa6f elementor-section-boxed elementor-section-height-default elementor-section-height-default\" data-id=\"109aa6f\" data-element_type=\"section\" data-e-type=\"section\">\n\t\t\t\t\t\t<div class=\"elementor-container elementor-column-gap-default\">\n\t\t\t\t\t<div class=\"elementor-column elementor-col-100 elementor-top-column elementor-element elementor-element-2bf50ce\" data-id=\"2bf50ce\" data-element_type=\"column\" data-e-type=\"column\">\n\t\t\t<div class=\"elementor-widget-wrap elementor-element-populated\">\n\t\t\t\t\t\t<div class=\"elementor-element elementor-element-3da0234 elementor-widget elementor-widget-heading\" data-id=\"3da0234\" data-element_type=\"widget\" data-e-type=\"widget\" data-widget_type=\"heading.default\">\n\t\t\t\t<div class=\"elementor-widget-container\">\n\t\t\t\t\t<h2 class=\"elementor-heading-title elementor-size-default\">Assist\u00eancia estudantil ao discente<\/h2>\t\t\t\t<\/div>\n\t\t\t\t<\/div>\n\t\t\t\t\t<\/div>\n\t\t<\/div>\n\t\t\t\t\t<\/div>\n\t\t<\/section>\n\t\t\t\t<section class=\"elementor-section elementor-top-section elementor-element elementor-element-6a70b1c elementor-section-boxed elementor-section-height-default elementor-section-height-default\" data-id=\"6a70b1c\" data-element_type=\"section\" data-e-type=\"section\">\n\t\t\t\t\t\t<div class=\"elementor-container elementor-column-gap-default\">\n\t\t\t\t\t<div class=\"elementor-column elementor-col-100 elementor-top-column elementor-element elementor-element-dbcac51\" data-id=\"dbcac51\" data-element_type=\"column\" data-e-type=\"column\">\n\t\t\t<div class=\"elementor-widget-wrap elementor-element-populated\">\n\t\t\t\t\t\t<div class=\"elementor-element elementor-element-3bbd389 elementor-widget elementor-widget-text-editor\" data-id=\"3bbd389\" data-element_type=\"widget\" data-e-type=\"widget\" data-widget_type=\"text-editor.default\">\n\t\t\t\t<div class=\"elementor-widget-container\">\n\t\t\t\t\t\t\t\t\t<p align=\"justify\"><span style=\"color: #000000\">O curso de Tecnologia em Secretariado da Universidade Federal do Amap\u00e1 proporciona atendimento extraclasse ao discente, no que tange a implanta\u00e7\u00e3o de pol\u00edtica educacional para minimizar as limita\u00e7\u00f5es que acad\u00eamicos possam demonstrar durante as aulas de gradua\u00e7\u00e3o. A sistem\u00e1tica para atendimento, nesses casos, compreende discuss\u00f5es em grupo, a partir de estudos dirigidos para discentes que apresentarem desnivelamento acad\u00eamico no que concernem os conte\u00fados program\u00e1ticos das disciplinas ministradas no curso de Tecnologia em Secretariado. No in\u00edcio de cada semestre letivo, s\u00e3o estabelecidas pelos docentes do curso, em grupos de estudos, estrat\u00e9gias pedag\u00f3gicas espec\u00edficas para nivelamento acad\u00eamico.<\/span><\/p>\t\t\t\t\t\t\t\t<\/div>\n\t\t\t\t<\/div>\n\t\t\t\t<div class=\"elementor-element elementor-element-5dc4bcc elementor-widget elementor-widget-text-editor\" data-id=\"5dc4bcc\" data-element_type=\"widget\" data-e-type=\"widget\" data-widget_type=\"text-editor.default\">\n\t\t\t\t<div class=\"elementor-widget-container\">\n\t\t\t\t\t\t\t\t\t<p align=\"justify\"><span style=\"color: #000000\">A Universidade Federal do Amap\u00e1, por meio da Pr\u00f3-Reitoria de Extens\u00e3o e A\u00e7\u00f5es Comunit\u00e1rias (PROEAC),\u00a0<\/span><span style=\"color: #3366ff\"><a style=\"color: #3366ff\" href=\"https:\/\/www2.unifap.br\/dace\/\" target=\"_blank\" rel=\"noopener\">Departamento de A\u00e7\u00f5es Comunit\u00e1rias e Estudantis (DACE)<\/a><\/span><span style=\"color: #000000\"><span style=\"color: #3366ff\">,<\/span> em conson\u00e2ncia com a Resolu\u00e7\u00e3o n\u00ba 14 de 23 de maio de 2017 proporciona apoio ao corpo discente no que tange v\u00e1rios programas de Assist\u00eancia Estudantil. O DACE coordena a aloca\u00e7\u00e3o de recursos, por interm\u00e9dio de editais, destinados ao acesso e perman\u00eancia de estudantes da gradua\u00e7\u00e3o na institui\u00e7\u00e3o. As bolsas estudantis e aux\u00edlios distribu\u00eddos conforme regramentos desses editais s\u00e3o importantes estrat\u00e9gias para enfrentamento de desigualdades sociais, al\u00e9m de democratizar a perman\u00eancia de estudantis na universidade.<\/span><\/p>\t\t\t\t\t\t\t\t<\/div>\n\t\t\t\t<\/div>\n\t\t\t\t\t<\/div>\n\t\t<\/div>\n\t\t\t\t\t<\/div>\n\t\t<\/section>\n\t\t\t\t<section class=\"elementor-section elementor-top-section elementor-element elementor-element-ff0391f elementor-section-boxed elementor-section-height-default elementor-section-height-default\" data-id=\"ff0391f\" data-element_type=\"section\" data-e-type=\"section\">\n\t\t\t\t\t\t<div class=\"elementor-container elementor-column-gap-default\">\n\t\t\t\t\t<div class=\"elementor-column elementor-col-100 elementor-top-column elementor-element elementor-element-677762f\" data-id=\"677762f\" data-element_type=\"column\" data-e-type=\"column\">\n\t\t\t<div class=\"elementor-widget-wrap elementor-element-populated\">\n\t\t\t\t\t\t<div class=\"elementor-element elementor-element-d520e18 elementor-widget elementor-widget-heading\" data-id=\"d520e18\" data-element_type=\"widget\" data-e-type=\"widget\" data-widget_type=\"heading.default\">\n\t\t\t\t<div class=\"elementor-widget-container\">\n\t\t\t\t\t<h2 class=\"elementor-heading-title elementor-size-default\">Acompanhamento psicopedag\u00f3gico aos discentes<\/h2>\t\t\t\t<\/div>\n\t\t\t\t<\/div>\n\t\t\t\t\t<\/div>\n\t\t<\/div>\n\t\t\t\t\t<\/div>\n\t\t<\/section>\n\t\t\t\t<section class=\"elementor-section elementor-top-section elementor-element elementor-element-59dbcb8 elementor-section-boxed elementor-section-height-default elementor-section-height-default\" data-id=\"59dbcb8\" data-element_type=\"section\" data-e-type=\"section\">\n\t\t\t\t\t\t<div class=\"elementor-container elementor-column-gap-default\">\n\t\t\t\t\t<div class=\"elementor-column elementor-col-100 elementor-top-column elementor-element elementor-element-596e06c\" data-id=\"596e06c\" data-element_type=\"column\" data-e-type=\"column\">\n\t\t\t<div class=\"elementor-widget-wrap elementor-element-populated\">\n\t\t\t\t\t\t<div class=\"elementor-element elementor-element-677cef0 elementor-widget elementor-widget-text-editor\" data-id=\"677cef0\" data-element_type=\"widget\" data-e-type=\"widget\" data-widget_type=\"text-editor.default\">\n\t\t\t\t<div class=\"elementor-widget-container\">\n\t\t\t\t\t\t\t\t\t<p align=\"justify\"><span style=\"color: #000000\">A Funda\u00e7\u00e3o Universidade Federal do Amap\u00e1 oferece ao seu corpo discente atendimentos espec\u00edficos, como o psicol\u00f3gico por meio da Pr\u00f3-Reitoria de Extens\u00e3o e A\u00e7\u00f5es Comunit\u00e1rias e do\u00a0<\/span><span style=\"color: #3366ff\"><a style=\"color: #3366ff\" href=\"https:\/\/www2.unifap.br\/nai\/\" target=\"_blank\" rel=\"noopener\">N\u00facleo de Acessibilidade e Inclus\u00e3o (NAI)<\/a><\/span><span style=\"color: #000000\"><span style=\"color: #3366ff\">,<\/span> visando \u00e0 identifica\u00e7\u00e3o e \u00e0 solu\u00e7\u00e3o das dificuldades pedag\u00f3gicas e acad\u00eamicas dos alunos. Estes contam, ainda, com o atendimento da Coordena\u00e7\u00e3o do Curso, de t\u00e9cnicos em assuntos educacionais, al\u00e9m de professores que os orientem em projetos de inicia\u00e7\u00e3o cient\u00edfica, monitorias, trabalhos de conclus\u00e3o de curso, est\u00e1gios supervisionados e em orienta\u00e7\u00f5es pedag\u00f3gicas na rotina das salas de aulas.<\/span><\/p>\t\t\t\t\t\t\t\t<\/div>\n\t\t\t\t<\/div>\n\t\t\t\t\t<\/div>\n\t\t<\/div>\n\t\t\t\t\t<\/div>\n\t\t<\/section>\n\t\t\t\t<section class=\"elementor-section elementor-top-section elementor-element elementor-element-74c88f6 elementor-section-boxed elementor-section-height-default elementor-section-height-default\" data-id=\"74c88f6\" data-element_type=\"section\" data-e-type=\"section\">\n\t\t\t\t\t\t<div class=\"elementor-container elementor-column-gap-default\">\n\t\t\t\t\t<div class=\"elementor-column elementor-col-100 elementor-top-column elementor-element elementor-element-dfed554\" data-id=\"dfed554\" data-element_type=\"column\" data-e-type=\"column\">\n\t\t\t<div class=\"elementor-widget-wrap elementor-element-populated\">\n\t\t\t\t\t\t<div class=\"elementor-element elementor-element-4dbf41c elementor-widget elementor-widget-heading\" data-id=\"4dbf41c\" data-element_type=\"widget\" data-e-type=\"widget\" data-widget_type=\"heading.default\">\n\t\t\t\t<div class=\"elementor-widget-container\">\n\t\t\t\t\t<h2 class=\"elementor-heading-title elementor-size-default\">Monitoria de ensino<\/h2>\t\t\t\t<\/div>\n\t\t\t\t<\/div>\n\t\t\t\t\t<\/div>\n\t\t<\/div>\n\t\t\t\t\t<\/div>\n\t\t<\/section>\n\t\t\t\t<section class=\"elementor-section elementor-top-section elementor-element elementor-element-1e92896 elementor-section-boxed elementor-section-height-default elementor-section-height-default\" data-id=\"1e92896\" data-element_type=\"section\" data-e-type=\"section\">\n\t\t\t\t\t\t<div class=\"elementor-container elementor-column-gap-default\">\n\t\t\t\t\t<div class=\"elementor-column elementor-col-100 elementor-top-column elementor-element elementor-element-4dd24d1\" data-id=\"4dd24d1\" data-element_type=\"column\" data-e-type=\"column\">\n\t\t\t<div class=\"elementor-widget-wrap elementor-element-populated\">\n\t\t\t\t\t\t<div class=\"elementor-element elementor-element-a947cab elementor-widget elementor-widget-text-editor\" data-id=\"a947cab\" data-element_type=\"widget\" data-e-type=\"widget\" data-widget_type=\"text-editor.default\">\n\t\t\t\t<div class=\"elementor-widget-container\">\n\t\t\t\t\t\t\t\t\t<p align=\"justify\"><span style=\"color: #000000\">A Monitoria de Ensino \u00e9 vinculada \u00e0s disciplinas do Curso de Tecnologia em Secretariado, a qual tem a finalidade de despertar no acad\u00eamico o interesse pelo exerc\u00edcio do Magist\u00e9rio Superior. Essa a\u00e7\u00e3o \u00e9 efetivada por interm\u00e9dio de edital lan\u00e7ado pela Pr\u00f3-Reitoria de Ensino de Gradua\u00e7\u00e3o atrav\u00e9s do<\/span><span style=\"color: #3366ff\"><a style=\"color: #3366ff\" href=\"https:\/\/www2.unifap.br\/dfch\/monitoria\/\" target=\"_blank\" rel=\"noopener\"> Departamento de Filosofia e Ci\u00eancias Humanas<\/a>.<\/span><\/p>\t\t\t\t\t\t\t\t<\/div>\n\t\t\t\t<\/div>\n\t\t\t\t\t<\/div>\n\t\t<\/div>\n\t\t\t\t\t<\/div>\n\t\t<\/section>\n\t\t\t\t<section class=\"elementor-section elementor-top-section elementor-element elementor-element-7b748ed elementor-section-boxed elementor-section-height-default elementor-section-height-default\" data-id=\"7b748ed\" data-element_type=\"section\" data-e-type=\"section\">\n\t\t\t\t\t\t<div class=\"elementor-container elementor-column-gap-default\">\n\t\t\t\t\t<div class=\"elementor-column elementor-col-100 elementor-top-column elementor-element elementor-element-2018770\" data-id=\"2018770\" data-element_type=\"column\" data-e-type=\"column\">\n\t\t\t<div class=\"elementor-widget-wrap elementor-element-populated\">\n\t\t\t\t\t\t<div class=\"elementor-element elementor-element-a034082 elementor-widget elementor-widget-spacer\" data-id=\"a034082\" data-element_type=\"widget\" data-e-type=\"widget\" data-widget_type=\"spacer.default\">\n\t\t\t\t<div class=\"elementor-widget-container\">\n\t\t\t\t\t\t\t<div class=\"elementor-spacer\">\n\t\t\t<div class=\"elementor-spacer-inner\"><\/div>\n\t\t<\/div>\n\t\t\t\t\t\t<\/div>\n\t\t\t\t<\/div>\n\t\t\t\t\t<\/div>\n\t\t<\/div>\n\t\t\t\t\t<\/div>\n\t\t<\/section>\n\t\t\t\t<section class=\"elementor-section elementor-top-section elementor-element elementor-element-97a160a elementor-section-boxed elementor-section-height-default elementor-section-height-default\" data-id=\"97a160a\" data-element_type=\"section\" data-e-type=\"section\">\n\t\t\t\t\t\t<div class=\"elementor-container elementor-column-gap-default\">\n\t\t\t\t\t<div class=\"elementor-column elementor-col-100 elementor-top-column elementor-element elementor-element-b34fd04\" data-id=\"b34fd04\" data-element_type=\"column\" data-e-type=\"column\">\n\t\t\t<div class=\"elementor-widget-wrap elementor-element-populated\">\n\t\t\t\t\t\t<div class=\"elementor-element elementor-element-ca6e061 elementor-button-info elementor-align-left elementor-widget elementor-widget-button\" data-id=\"ca6e061\" data-element_type=\"widget\" data-e-type=\"widget\" data-widget_type=\"button.default\">\n\t\t\t\t<div class=\"elementor-widget-container\">\n\t\t\t\t\t\t\t\t\t<div class=\"elementor-button-wrapper\">\n\t\t\t\t\t<a class=\"elementor-button elementor-button-link elementor-size-md\" href=\"https:\/\/www2.unifap.br\/secretariado\/\">\n\t\t\t\t\t\t<span class=\"elementor-button-content-wrapper\">\n\t\t\t\t\t\t<span class=\"elementor-button-icon\">\n\t\t\t\t<i aria-hidden=\"true\" class=\"fas fa-home\"><\/i>\t\t\t<\/span>\n\t\t\t\t\t\t\t\t\t<span class=\"elementor-button-text\">In\u00edcio<\/span>\n\t\t\t\t\t<\/span>\n\t\t\t\t\t<\/a>\n\t\t\t\t<\/div>\n\t\t\t\t\t\t\t\t<\/div>\n\t\t\t\t<\/div>\n\t\t\t\t\t<\/div>\n\t\t<\/div>\n\t\t\t\t\t<\/div>\n\t\t<\/section>\n\t\t\t\t<\/div>\n\t\t","protected":false},"excerpt":{"rendered":"<p>Apoio discente P\u00e1gina para informa\u00e7\u00f5es para apoio acad\u00eamico Apoio ao Discente O curso de Tecnologia em Secretariado da Universidade Federal do Amap\u00e1 proporciona atendimento extraclasse ao discente, no que tange a implanta\u00e7\u00e3o de pol\u00edtica educacional para minimizar as limita\u00e7\u00f5es que acad\u00eamicos possam demonstrar durante as aulas de gradua\u00e7\u00e3o. A sistem\u00e1tica para atendimento, nesses casos, compreende&#8230;<\/p>\n","protected":false},"author":2444,"featured_media":0,"parent":0,"menu_order":0,"comment_status":"closed","ping_status":"closed","template":"elementor_header_footer","meta":{"inline_featured_image":false,"ngg_post_thumbnail":0,"footnotes":""},"class_list":["post-4835","page","type-page","status-publish","hentry","entry"],"_links":{"self":[{"href":"https:\/\/www2.unifap.br\/secretariado\/wp-json\/wp\/v2\/pages\/4835","targetHints":{"allow":["GET"]}}],"collection":[{"href":"https:\/\/www2.unifap.br\/secretariado\/wp-json\/wp\/v2\/pages"}],"about":[{"href":"https:\/\/www2.unifap.br\/secretariado\/wp-json\/wp\/v2\/types\/page"}],"author":[{"embeddable":true,"href":"https:\/\/www2.unifap.br\/secretariado\/wp-json\/wp\/v2\/users\/2444"}],"replies":[{"embeddable":true,"href":"https:\/\/www2.unifap.br\/secretariado\/wp-json\/wp\/v2\/comments?post=4835"}],"version-history":[{"count":18,"href":"https:\/\/www2.unifap.br\/secretariado\/wp-json\/wp\/v2\/pages\/4835\/revisions"}],"predecessor-version":[{"id":5465,"href":"https:\/\/www2.unifap.br\/secretariado\/wp-json\/wp\/v2\/pages\/4835\/revisions\/5465"}],"wp:attachment":[{"href":"https:\/\/www2.unifap.br\/secretariado\/wp-json\/wp\/v2\/media?parent=4835"}],"curies":[{"name":"wp","href":"https:\/\/api.w.org\/{rel}","templated":true}]}}