{"id":7037,"date":"2023-02-09T09:57:52","date_gmt":"2023-02-09T12:57:52","guid":{"rendered":"https:\/\/www2.unifap.br\/secretariado\/?page_id=7037"},"modified":"2023-02-09T10:15:57","modified_gmt":"2023-02-09T13:15:57","slug":"ensino","status":"publish","type":"page","link":"https:\/\/www2.unifap.br\/secretariado\/ensino","title":{"rendered":"Ensino"},"content":{"rendered":"\t\t<div data-elementor-type=\"wp-page\" data-elementor-id=\"7037\" class=\"elementor elementor-7037\">\n\t\t\t\t\t\t<section class=\"elementor-section elementor-top-section elementor-element elementor-element-7955145 elementor-section-height-min-height elementor-section-boxed elementor-section-height-default elementor-section-items-middle elementor-invisible\" data-id=\"7955145\" data-element_type=\"section\" data-e-type=\"section\" data-settings=\"{&quot;background_background&quot;:&quot;classic&quot;,&quot;animation&quot;:&quot;fadeIn&quot;}\">\n\t\t\t\t\t\t\t<div class=\"elementor-background-overlay\"><\/div>\n\t\t\t\t\t\t\t<div class=\"elementor-container elementor-column-gap-default\">\n\t\t\t\t\t<div class=\"elementor-column elementor-col-100 elementor-top-column elementor-element elementor-element-45748ae\" data-id=\"45748ae\" data-element_type=\"column\" data-e-type=\"column\">\n\t\t\t<div class=\"elementor-widget-wrap elementor-element-populated\">\n\t\t\t\t\t\t<div class=\"elementor-element elementor-element-6556e6b elementor-widget elementor-widget-heading\" data-id=\"6556e6b\" data-element_type=\"widget\" data-e-type=\"widget\" data-widget_type=\"heading.default\">\n\t\t\t\t<div class=\"elementor-widget-container\">\n\t\t\t\t\t<h2 class=\"elementor-heading-title elementor-size-large\"><b>ENSINO E NIVELAMENTO<\/b><\/h2>\t\t\t\t<\/div>\n\t\t\t\t<\/div>\n\t\t\t\t<div class=\"elementor-element elementor-element-c0f829c elementor-widget-divider--view-line elementor-widget elementor-widget-divider\" data-id=\"c0f829c\" data-element_type=\"widget\" data-e-type=\"widget\" data-widget_type=\"divider.default\">\n\t\t\t\t<div class=\"elementor-widget-container\">\n\t\t\t\t\t\t\t<div class=\"elementor-divider\">\n\t\t\t<span class=\"elementor-divider-separator\">\n\t\t\t\t\t\t<\/span>\n\t\t<\/div>\n\t\t\t\t\t\t<\/div>\n\t\t\t\t<\/div>\n\t\t\t\t<div class=\"elementor-element elementor-element-bcb2ce3 elementor-widget elementor-widget-heading\" data-id=\"bcb2ce3\" data-element_type=\"widget\" data-e-type=\"widget\" data-widget_type=\"heading.default\">\n\t\t\t\t<div class=\"elementor-widget-container\">\n\t\t\t\t\t<p class=\"elementor-heading-title elementor-size-large\"><b>P\u00e1gina destinada as Atividades de Ensino e Nivelamento<\/b><\/p>\t\t\t\t<\/div>\n\t\t\t\t<\/div>\n\t\t\t\t\t<\/div>\n\t\t<\/div>\n\t\t\t\t\t<\/div>\n\t\t<\/section>\n\t\t\t\t<section class=\"elementor-section elementor-top-section elementor-element elementor-element-e9aa762 elementor-section-boxed elementor-section-height-default elementor-section-height-default\" data-id=\"e9aa762\" data-element_type=\"section\" data-e-type=\"section\">\n\t\t\t\t\t\t<div class=\"elementor-container elementor-column-gap-default\">\n\t\t\t\t\t<div class=\"elementor-column elementor-col-100 elementor-top-column elementor-element elementor-element-0ddf074\" data-id=\"0ddf074\" data-element_type=\"column\" data-e-type=\"column\">\n\t\t\t<div class=\"elementor-widget-wrap elementor-element-populated\">\n\t\t\t\t\t\t<div class=\"elementor-element elementor-element-b7bfd6a elementor-widget elementor-widget-spacer\" data-id=\"b7bfd6a\" data-element_type=\"widget\" data-e-type=\"widget\" data-widget_type=\"spacer.default\">\n\t\t\t\t<div class=\"elementor-widget-container\">\n\t\t\t\t\t\t\t<div class=\"elementor-spacer\">\n\t\t\t<div class=\"elementor-spacer-inner\"><\/div>\n\t\t<\/div>\n\t\t\t\t\t\t<\/div>\n\t\t\t\t<\/div>\n\t\t\t\t\t<\/div>\n\t\t<\/div>\n\t\t\t\t\t<\/div>\n\t\t<\/section>\n\t\t\t\t<section class=\"elementor-section elementor-top-section elementor-element elementor-element-fb89077 elementor-section-boxed elementor-section-height-default elementor-section-height-default elementor-invisible\" data-id=\"fb89077\" data-element_type=\"section\" data-e-type=\"section\" data-settings=\"{&quot;animation&quot;:&quot;fadeIn&quot;}\">\n\t\t\t\t\t\t<div class=\"elementor-container elementor-column-gap-default\">\n\t\t\t\t\t<div class=\"elementor-column elementor-col-100 elementor-top-column elementor-element elementor-element-50f0f4b\" data-id=\"50f0f4b\" data-element_type=\"column\" data-e-type=\"column\">\n\t\t\t<div class=\"elementor-widget-wrap elementor-element-populated\">\n\t\t\t\t\t\t<div class=\"elementor-element elementor-element-1e08a56 elementor-widget elementor-widget-heading\" data-id=\"1e08a56\" data-element_type=\"widget\" data-e-type=\"widget\" data-widget_type=\"heading.default\">\n\t\t\t\t<div class=\"elementor-widget-container\">\n\t\t\t\t\t<h2 class=\"elementor-heading-title elementor-size-large\">Ensino<\/h2>\t\t\t\t<\/div>\n\t\t\t\t<\/div>\n\t\t\t\t\t<\/div>\n\t\t<\/div>\n\t\t\t\t\t<\/div>\n\t\t<\/section>\n\t\t\t\t<section class=\"elementor-section elementor-top-section elementor-element elementor-element-00e112e elementor-section-boxed elementor-section-height-default elementor-section-height-default elementor-invisible\" data-id=\"00e112e\" data-element_type=\"section\" data-e-type=\"section\" data-settings=\"{&quot;animation&quot;:&quot;fadeIn&quot;}\">\n\t\t\t\t\t\t<div class=\"elementor-container elementor-column-gap-default\">\n\t\t\t\t\t<div class=\"elementor-column elementor-col-100 elementor-top-column elementor-element elementor-element-50b7ae7\" data-id=\"50b7ae7\" data-element_type=\"column\" data-e-type=\"column\">\n\t\t\t<div class=\"elementor-widget-wrap elementor-element-populated\">\n\t\t\t\t\t\t<div class=\"elementor-element elementor-element-9ff40d9 elementor-widget elementor-widget-text-editor\" data-id=\"9ff40d9\" data-element_type=\"widget\" data-e-type=\"widget\" data-widget_type=\"text-editor.default\">\n\t\t\t\t<div class=\"elementor-widget-container\">\n\t\t\t\t\t\t\t\t\t<p>A proposta do curso \u00e9 atuar de forma interdisciplinar, com problematiza\u00e7\u00e3o de quest\u00f5es relacionadas ao contexto dos estudantes e ao mercado de trabalho, associando teoria \u00e0 pr\u00e1tica; criar alternativas did\u00e1tico-pedag\u00f3gicas para que os estudantes se sintam aut\u00f4nomos a participarem ativamente das atividades do curso e interajam como os professores e os colegas em sala de aula; proporcionar ambientes de debates que os instiguem \u00e0 reflex\u00e3o e \u00e0 criticidade e os inspirem a participarem livremente, expressando a sua forma de ver o mundo e de intervir em qualquer \u00e2mbito da sociedade de forma proativa.<\/p><p>As estrat\u00e9gias de ensino-aprendizagem que ser\u00e3o adotadas preveem a realiza\u00e7\u00e3o de aulas dialogadas, sobre os conte\u00fados previstos para as disciplinas, como tamb\u00e9m, abordagem de temas inerentes ao contexto dos estudantes que possam ser trazidos para a problematiza\u00e7\u00e3o e debates no grupo e forma de semin\u00e1rios. Pretende-se, tamb\u00e9m, utilizar o laborat\u00f3rio de inform\u00e1tica do curso e a empresa Junior como laborat\u00f3rio para associar teoria e pr\u00e1tica.<\/p><p>Cabe salientar que o uso de Tecnologia de Informa\u00e7\u00e3o e Comunica\u00e7\u00e3o \u2013 TIC \u00e9 uma ferramenta indispens\u00e1vel para o desenvolvimento do ensino-aprendizagem. O uso do Sistema Integrado de Gest\u00e3o &#8211; SIG da UNIFAP tamb\u00e9m proporciona intera\u00e7\u00e3o similar a professores e estudantes, por meio do m\u00f3dulo Ambiente Acad\u00eamico &#8211; SIGAA. Todos esses recursos tecnol\u00f3gicos s\u00e3o fundamentais para que o futuro Tecn\u00f3logo em Secretariado conclua o curso em condi\u00e7\u00f5es de empregabilidade<\/p>\t\t\t\t\t\t\t\t<\/div>\n\t\t\t\t<\/div>\n\t\t\t\t\t<\/div>\n\t\t<\/div>\n\t\t\t\t\t<\/div>\n\t\t<\/section>\n\t\t\t\t<section class=\"elementor-section elementor-top-section elementor-element elementor-element-85a673a elementor-section-boxed elementor-section-height-default elementor-section-height-default\" data-id=\"85a673a\" data-element_type=\"section\" data-e-type=\"section\">\n\t\t\t\t\t\t<div class=\"elementor-container elementor-column-gap-default\">\n\t\t\t\t\t<div class=\"elementor-column elementor-col-100 elementor-top-column elementor-element elementor-element-58c424a\" data-id=\"58c424a\" data-element_type=\"column\" data-e-type=\"column\">\n\t\t\t<div class=\"elementor-widget-wrap elementor-element-populated\">\n\t\t\t\t\t\t<div class=\"elementor-element elementor-element-028b17b elementor-widget elementor-widget-spacer\" data-id=\"028b17b\" data-element_type=\"widget\" data-e-type=\"widget\" data-widget_type=\"spacer.default\">\n\t\t\t\t<div class=\"elementor-widget-container\">\n\t\t\t\t\t\t\t<div class=\"elementor-spacer\">\n\t\t\t<div class=\"elementor-spacer-inner\"><\/div>\n\t\t<\/div>\n\t\t\t\t\t\t<\/div>\n\t\t\t\t<\/div>\n\t\t\t\t\t<\/div>\n\t\t<\/div>\n\t\t\t\t\t<\/div>\n\t\t<\/section>\n\t\t\t\t<section class=\"elementor-section elementor-top-section elementor-element elementor-element-f29db16 elementor-section-boxed elementor-section-height-default elementor-section-height-default elementor-invisible\" data-id=\"f29db16\" data-element_type=\"section\" data-e-type=\"section\" data-settings=\"{&quot;animation&quot;:&quot;fadeIn&quot;}\">\n\t\t\t\t\t\t<div class=\"elementor-container elementor-column-gap-default\">\n\t\t\t\t\t<div class=\"elementor-column elementor-col-100 elementor-top-column elementor-element elementor-element-fed4020\" data-id=\"fed4020\" data-element_type=\"column\" data-e-type=\"column\">\n\t\t\t<div class=\"elementor-widget-wrap elementor-element-populated\">\n\t\t\t\t\t\t<div class=\"elementor-element elementor-element-981feb2 elementor-widget elementor-widget-heading\" data-id=\"981feb2\" data-element_type=\"widget\" data-e-type=\"widget\" data-widget_type=\"heading.default\">\n\t\t\t\t<div class=\"elementor-widget-container\">\n\t\t\t\t\t<h2 class=\"elementor-heading-title elementor-size-large\">Nivelamento<\/h2>\t\t\t\t<\/div>\n\t\t\t\t<\/div>\n\t\t\t\t\t<\/div>\n\t\t<\/div>\n\t\t\t\t\t<\/div>\n\t\t<\/section>\n\t\t\t\t<section class=\"elementor-section elementor-top-section elementor-element elementor-element-8ad6bb4 elementor-section-boxed elementor-section-height-default elementor-section-height-default\" data-id=\"8ad6bb4\" data-element_type=\"section\" data-e-type=\"section\">\n\t\t\t\t\t\t<div class=\"elementor-container elementor-column-gap-default\">\n\t\t\t\t\t<div class=\"elementor-column elementor-col-100 elementor-top-column elementor-element elementor-element-95b5e06\" data-id=\"95b5e06\" data-element_type=\"column\" data-e-type=\"column\">\n\t\t\t<div class=\"elementor-widget-wrap elementor-element-populated\">\n\t\t\t\t\t\t<div class=\"elementor-element elementor-element-fec835c elementor-widget elementor-widget-text-editor\" data-id=\"fec835c\" data-element_type=\"widget\" data-e-type=\"widget\" data-widget_type=\"text-editor.default\">\n\t\t\t\t<div class=\"elementor-widget-container\">\n\t\t\t\t\t\t\t\t\t<p><span style=\"color: #000000\"><strong>Projeto de Nivelamento Acad\u00eamico<\/strong><\/span><\/p><p><span style=\"color: #000000\"><strong>Objetivo<\/strong>: Fomentar estrat\u00e9gias pedag\u00f3gicas de ensino e pesquisa, que auxiliem o discente no que concerne ao desnivelamento relacionado ao conte\u00fado program\u00e1tico e demais dimens\u00f5es t\u00e9cnico-cient\u00edficas da gradua\u00e7\u00e3o e da institui\u00e7\u00e3o.<\/span><\/p><p><span style=\"color: #000000\"><strong>Pr\u00f3xima reuni\u00e3o:\u00a0<\/strong> dia 03.03.2022, 17h.<\/span><br \/><span style=\"color: #000000\"><strong>Local<\/strong>: Coordena\u00e7\u00e3o do curso de Tecnologia em Secretariado<\/span><\/p><p><span style=\"color: #000000\"><strong>Inscri\u00e7\u00f5es<\/strong>: Escreva um e-mail para <strong><span style=\"color: #0000ff\">marilia.unifap@gmail.com<\/span><\/strong><\/span><\/p><p><span style=\"color: #000000\"><strong>Coordena\u00e7\u00e3o<\/strong>: Profa Dra Mar\u00edlia Lobato<\/span><br \/><span style=\"color: #000000\">Dever\u00e1 ser encaminhado um email para a coordena\u00e7\u00e3o do projeto, solicitando a inscri\u00e7\u00e3o, contendo nome completo, seu curso e institui\u00e7\u00e3o, al\u00e9m de n\u00famero de contato. Os inscritos participar\u00e3o de um grupo de whatsApp para detalhamento dos estudos necess\u00e1rios para o desenvolvimento das pesquisas, escrita acad\u00eamica e constru\u00e7\u00e3o de artigos e monografias.<\/span><\/p>\t\t\t\t\t\t\t\t<\/div>\n\t\t\t\t<\/div>\n\t\t\t\t\t<\/div>\n\t\t<\/div>\n\t\t\t\t\t<\/div>\n\t\t<\/section>\n\t\t\t\t<section class=\"elementor-section elementor-top-section elementor-element elementor-element-7c9eff5 elementor-section-boxed elementor-section-height-default elementor-section-height-default\" data-id=\"7c9eff5\" data-element_type=\"section\" data-e-type=\"section\">\n\t\t\t\t\t\t<div class=\"elementor-container elementor-column-gap-default\">\n\t\t\t\t\t<div class=\"elementor-column elementor-col-100 elementor-top-column elementor-element elementor-element-05215b1\" data-id=\"05215b1\" data-element_type=\"column\" data-e-type=\"column\">\n\t\t\t<div class=\"elementor-widget-wrap elementor-element-populated\">\n\t\t\t\t\t\t<div class=\"elementor-element elementor-element-4a35366 elementor-widget elementor-widget-heading\" data-id=\"4a35366\" data-element_type=\"widget\" data-e-type=\"widget\" data-widget_type=\"heading.default\">\n\t\t\t\t<div class=\"elementor-widget-container\">\n\t\t\t\t\t<h2 class=\"elementor-heading-title elementor-size-default\">Downloads<\/h2>\t\t\t\t<\/div>\n\t\t\t\t<\/div>\n\t\t\t\t\t<\/div>\n\t\t<\/div>\n\t\t\t\t\t<\/div>\n\t\t<\/section>\n\t\t\t\t<section class=\"elementor-section elementor-top-section elementor-element elementor-element-3c2072d elementor-section-boxed elementor-section-height-default elementor-section-height-default\" data-id=\"3c2072d\" data-element_type=\"section\" data-e-type=\"section\">\n\t\t\t\t\t\t<div class=\"elementor-container elementor-column-gap-default\">\n\t\t\t\t\t<div class=\"elementor-column elementor-col-100 elementor-top-column elementor-element elementor-element-cda7ecb\" data-id=\"cda7ecb\" data-element_type=\"column\" data-e-type=\"column\">\n\t\t\t<div class=\"elementor-widget-wrap elementor-element-populated\">\n\t\t\t\t\t\t<div class=\"elementor-element elementor-element-f930a01 elementor-widget elementor-widget-shortcode\" data-id=\"f930a01\" data-element_type=\"widget\" data-e-type=\"widget\" data-widget_type=\"shortcode.default\">\n\t\t\t\t<div class=\"elementor-widget-container\">\n\t\t\t\t\t\t\t<div class=\"elementor-shortcode\"><div class='w3eden'><!-- WPDM Link Template: Default Template -->\n\n<div class=\"link-template-default card mb-2\">\n    <div class=\"card-body\">\n        <div class=\"media\">\n            <div class=\"mr-3 img-48\"><img decoding=\"async\" class=\"wpdm_icon\" alt=\"\u00edcone\"   src=\"https:\/\/www2.unifap.br\/secretariado\/wp-content\/plugins\/download-manager\/assets\/file-type-icons\/doc.png\" \/><\/div>\n            <div class=\"media-body\">\n                <h3 class=\"package-title\"><a href='https:\/\/www2.unifap.br\/secretariado\/download\/modelo-de-plano-de-ensino'>Modelo de Plano de Ensino<\/a><\/h3>\n                <div class=\"text-muted text-small\"><i class=\"fas fa-copy\"><\/i> 1  arquivo(s) <i class=\"fas fa-hdd ml-3\"><\/i> 68.42 KB<\/div>\n            <\/div>\n            <div class=\"ml-3\">\n                <a class='wpdm-download-link download-on-click btn btn-primary ' rel='nofollow' href='#' data-downloadurl=\"https:\/\/www2.unifap.br\/secretariado\/download\/modelo-de-plano-de-ensino?wpdmdl=7052&refresh=69e8ecd34c5431776872659\">Download<\/a>\n            <\/div>\n        <\/div>\n    <\/div>\n<\/div>\n\n<\/div> <\/div>\n\t\t\t\t\t\t<\/div>\n\t\t\t\t<\/div>\n\t\t\t\t\t<\/div>\n\t\t<\/div>\n\t\t\t\t\t<\/div>\n\t\t<\/section>\n\t\t\t\t<section class=\"elementor-section elementor-top-section elementor-element elementor-element-3828f30 elementor-section-boxed elementor-section-height-default elementor-section-height-default\" data-id=\"3828f30\" data-element_type=\"section\" data-e-type=\"section\">\n\t\t\t\t\t\t<div class=\"elementor-container elementor-column-gap-default\">\n\t\t\t\t\t<div class=\"elementor-column elementor-col-100 elementor-top-column elementor-element elementor-element-fec2230\" data-id=\"fec2230\" data-element_type=\"column\" data-e-type=\"column\">\n\t\t\t<div class=\"elementor-widget-wrap elementor-element-populated\">\n\t\t\t\t\t\t<div class=\"elementor-element elementor-element-da83103 elementor-button-info elementor-align-left elementor-widget elementor-widget-button\" data-id=\"da83103\" data-element_type=\"widget\" data-e-type=\"widget\" data-widget_type=\"button.default\">\n\t\t\t\t<div class=\"elementor-widget-container\">\n\t\t\t\t\t\t\t\t\t<div class=\"elementor-button-wrapper\">\n\t\t\t\t\t<a class=\"elementor-button elementor-button-link elementor-size-md\" href=\"https:\/\/www2.unifap.br\/secretariado\/\">\n\t\t\t\t\t\t<span class=\"elementor-button-content-wrapper\">\n\t\t\t\t\t\t<span class=\"elementor-button-icon\">\n\t\t\t\t<i aria-hidden=\"true\" class=\"fas fa-home\"><\/i>\t\t\t<\/span>\n\t\t\t\t\t\t\t\t\t<span class=\"elementor-button-text\">In\u00edcio<\/span>\n\t\t\t\t\t<\/span>\n\t\t\t\t\t<\/a>\n\t\t\t\t<\/div>\n\t\t\t\t\t\t\t\t<\/div>\n\t\t\t\t<\/div>\n\t\t\t\t\t<\/div>\n\t\t<\/div>\n\t\t\t\t\t<\/div>\n\t\t<\/section>\n\t\t\t\t<\/div>\n\t\t","protected":false},"excerpt":{"rendered":"<p>ENSINO E NIVELAMENTO P\u00e1gina destinada as Atividades de Ensino e Nivelamento Ensino A proposta do curso \u00e9 atuar de forma interdisciplinar, com problematiza\u00e7\u00e3o de quest\u00f5es relacionadas ao contexto dos estudantes e ao mercado de trabalho, associando teoria \u00e0 pr\u00e1tica; criar alternativas did\u00e1tico-pedag\u00f3gicas para que os estudantes se sintam aut\u00f4nomos a participarem ativamente das atividades do&#8230;<\/p>\n","protected":false},"author":814,"featured_media":0,"parent":0,"menu_order":0,"comment_status":"closed","ping_status":"closed","template":"elementor_header_footer","meta":{"inline_featured_image":false,"ngg_post_thumbnail":0,"footnotes":""},"class_list":["post-7037","page","type-page","status-publish","hentry","entry"],"_links":{"self":[{"href":"https:\/\/www2.unifap.br\/secretariado\/wp-json\/wp\/v2\/pages\/7037","targetHints":{"allow":["GET"]}}],"collection":[{"href":"https:\/\/www2.unifap.br\/secretariado\/wp-json\/wp\/v2\/pages"}],"about":[{"href":"https:\/\/www2.unifap.br\/secretariado\/wp-json\/wp\/v2\/types\/page"}],"author":[{"embeddable":true,"href":"https:\/\/www2.unifap.br\/secretariado\/wp-json\/wp\/v2\/users\/814"}],"replies":[{"embeddable":true,"href":"https:\/\/www2.unifap.br\/secretariado\/wp-json\/wp\/v2\/comments?post=7037"}],"version-history":[{"count":19,"href":"https:\/\/www2.unifap.br\/secretariado\/wp-json\/wp\/v2\/pages\/7037\/revisions"}],"predecessor-version":[{"id":7063,"href":"https:\/\/www2.unifap.br\/secretariado\/wp-json\/wp\/v2\/pages\/7037\/revisions\/7063"}],"wp:attachment":[{"href":"https:\/\/www2.unifap.br\/secretariado\/wp-json\/wp\/v2\/media?parent=7037"}],"curies":[{"name":"wp","href":"https:\/\/api.w.org\/{rel}","templated":true}]}}