{"id":293,"date":"2015-10-13T02:05:01","date_gmt":"2015-10-13T02:05:01","guid":{"rendered":"http:\/\/www2.unifap.br\/sipli-norte\/?page_id=293"},"modified":"2015-10-13T02:05:01","modified_gmt":"2015-10-13T02:05:01","slug":"posters-instrucoes","status":"publish","type":"page","link":"https:\/\/www2.unifap.br\/sipli-norte\/programacao\/posters-3\/posters-instrucoes\/","title":{"rendered":"Posters &#8211; Instru\u00e7\u00f5es"},"content":{"rendered":"<p><strong>Instru\u00e7\u00f5es<\/strong><\/p>\n<p><strong>1.<\/strong>\u00a0O tamanho do p\u00f4ster dever\u00e1 ser 90cm X 100cm;<br \/>\n<strong>2.<\/strong>\u00a0O p\u00f4ster dever\u00e1 ser confeccionado utilizando-se um tamanho de fonte que permita a leitura do conte\u00fado a alguma dist\u00e2ncia. \u00c9 interessante n\u00e3o colocar um texto corrido, mas informa\u00e7\u00f5es pontuais acerca da pesquisa relatada;<br \/>\n<strong>3.<\/strong>\u00a0O p\u00f4ster poder\u00e1 ser organizado da seguinte maneira:<br \/>\n&#8211; t\u00edtulo no topo;<br \/>\n&#8211; nome e afilia\u00e7\u00e3o do(s) autor(es) logo abaixo do t\u00edtulo, no canto direito do p\u00f4ster.<br \/>\n<strong>4.\u00a0<\/strong>Os apresentadores dever\u00e3o permanecer ao lado dos pain\u00e9is durante a sua exibi\u00e7\u00e3o, no hor\u00e1rio previsto na programa\u00e7\u00e3o. Se for interesse do pesquisador, os pain\u00e9is poder\u00e3o ficar exposto durante todo o evento.<\/p>\n","protected":false},"excerpt":{"rendered":"<p>Instru\u00e7\u00f5es 1.\u00a0O tamanho do p\u00f4ster dever\u00e1 ser 90cm X 100cm; 2.\u00a0O p\u00f4ster dever\u00e1 ser confeccionado utilizando-se um tamanho de fonte que permita a leitura do conte\u00fado a alguma dist\u00e2ncia. \u00c9 interessante n\u00e3o colocar um texto corrido, mas informa\u00e7\u00f5es pontuais acerca&hellip; <\/p>\n<p><a href=\"https:\/\/www2.unifap.br\/sipli-norte\/programacao\/posters-3\/posters-instrucoes\/\" class=\"readmore-button\">Continue Reading<\/a><\/p>\n","protected":false},"author":786,"featured_media":0,"parent":199,"menu_order":0,"comment_status":"open","ping_status":"open","template":"","meta":{"inline_featured_image":false,"ngg_post_thumbnail":0,"footnotes":""},"class_list":["post-293","page","type-page","status-publish","hentry"],"_links":{"self":[{"href":"https:\/\/www2.unifap.br\/sipli-norte\/wp-json\/wp\/v2\/pages\/293","targetHints":{"allow":["GET"]}}],"collection":[{"href":"https:\/\/www2.unifap.br\/sipli-norte\/wp-json\/wp\/v2\/pages"}],"about":[{"href":"https:\/\/www2.unifap.br\/sipli-norte\/wp-json\/wp\/v2\/types\/page"}],"author":[{"embeddable":true,"href":"https:\/\/www2.unifap.br\/sipli-norte\/wp-json\/wp\/v2\/users\/786"}],"replies":[{"embeddable":true,"href":"https:\/\/www2.unifap.br\/sipli-norte\/wp-json\/wp\/v2\/comments?post=293"}],"version-history":[{"count":1,"href":"https:\/\/www2.unifap.br\/sipli-norte\/wp-json\/wp\/v2\/pages\/293\/revisions"}],"predecessor-version":[{"id":294,"href":"https:\/\/www2.unifap.br\/sipli-norte\/wp-json\/wp\/v2\/pages\/293\/revisions\/294"}],"up":[{"embeddable":true,"href":"https:\/\/www2.unifap.br\/sipli-norte\/wp-json\/wp\/v2\/pages\/199"}],"wp:attachment":[{"href":"https:\/\/www2.unifap.br\/sipli-norte\/wp-json\/wp\/v2\/media?parent=293"}],"curies":[{"name":"wp","href":"https:\/\/api.w.org\/{rel}","templated":true}]}}