{"id":86,"date":"2015-07-21T16:28:16","date_gmt":"2015-07-21T16:28:16","guid":{"rendered":"http:\/\/www2.unifap.br\/sipli-norte\/?page_id=86"},"modified":"2015-10-13T16:21:23","modified_gmt":"2015-10-13T16:21:23","slug":"programacao","status":"publish","type":"page","link":"https:\/\/www2.unifap.br\/sipli-norte\/programacao\/","title":{"rendered":"Programa\u00e7\u00e3o"},"content":{"rendered":"<p style=\"padding-left: 60px\"><b style=\"text-align: left;line-height: 1.5em\">1\u00ba DIA &#8211; 15.10.2015<\/b><\/p>\n<p style=\"text-align: left;padding-left: 60px\">o8:oo-08:30 &#8211;\u00a0Recep\u00e7\u00e3o<\/p>\n<p style=\"text-align: left;padding-left: 60px\">08:30<i style=\"line-height: 1.5em\"> &#8211;\u00a0<\/i><span style=\"line-height: 1.5em\">Abertura<\/span><\/p>\n<p style=\"padding-left: 60px\">09:00 &#8211; 10:45 \u2013 <b>\u00a0<\/b>Sess\u00e3o de Comunica\u00e7\u00f5es: <b>Teoria An\u00e1lise I<br \/>\n<\/b>(Hall do Centro Integrado de Pesquisa e P\u00f3s-Gradua\u00e7\u00e3o)<\/p>\n<p style=\"padding-left: 60px\">10:45 &#8211; Intervalo<\/p>\n<p style=\"padding-left: 60px\">11:00 &#8211; 12:15 \u2013\u00a0<b>\u00a0<\/b>Sess\u00e3o de Comunica\u00e7\u00f5es:\u00a0<b>Teoria An\u00e1lise II<br \/>\n<\/b>(Hall do Centro Integrado de Pesquisa e P\u00f3s-Gradua\u00e7\u00e3o)<\/p>\n<p style=\"padding-left: 60px\"><span style=\"line-height: 1.5em\">12:00-14:00 \u2013<\/span><strong style=\"line-height: 1.5em\"> Almo\u00e7o<\/strong><\/p>\n<p style=\"padding-left: 60px\">14:00 \u2013 Sess\u00e3o de Comunica\u00e7\u00f5es: <b>L\u00edngua e Identidade I<br \/>\n<\/b>(Hall do Centro Integrado de Pesquisa e P\u00f3s-Gradua\u00e7\u00e3o)<\/p>\n<p style=\"padding-left: 60px\"><span style=\"line-height: 1.5em\">16:00-16:15 \u00a0\u2013 Intervalo<\/span><\/p>\n<p style=\"padding-left: 60px\">16:15-17:15 \u2013 <b>Sess\u00e3o de P\u00f4ster<br \/>\n<\/b>(Hall do Centro Integrado de Pesquisa e P\u00f3s-Gradua\u00e7\u00e3o)<\/p>\n<p style=\"text-align: left;padding-left: 60px\">17:15-18:30 \u2013 <b>Palestra:<\/b><\/p>\n<p style=\"text-align: left;padding-left: 120px\"><b><\/b><i>Pesquisas Atuais em L\u00ednguas Ind\u00edgenas<br \/>\n<\/i>Profa. Dra. Luciana Storto (USP)<br \/>\n(Hall do Centro Integrado de Pesquisa e P\u00f3s-Gradua\u00e7\u00e3o)<\/p>\n<p style=\"padding-left: 60px\"><b>2\u00ba DIA &#8211; 16.10.2015<\/b><\/p>\n<p style=\"text-align: left;padding-left: 60px\">08:30-09:50 \u2013 <b>Mesa Redonda:\u00a0<\/b><i>Perspectivas em Documenta\u00e7\u00e3o Lingu\u00edstica na Regi\u00e3o Norte<\/i><\/p>\n<p style=\"text-align: left;padding-left: 120px\"><i><\/i>Profa. Dra. Kristine Stenzel (UFRJ)<br \/>\nDr. Dennis Moore (MPEG)<br \/>\nDr. S\u00e9rgio Meira (MPEG)<br \/>\n(Hall do Centro Integrado de Pesquisa e P\u00f3s-Gradua\u00e7\u00e3o)<\/p>\n<p style=\"padding-left: 60px\">09:50 \u00a0\u2013 Intervalo<\/p>\n<p style=\"padding-left: 60px\">10:00- 12:00 \u2013 Sess\u00e3o de Comunica\u00e7\u00e3o: <b>Lingu\u00edstica Aplicada\u00a0<b><br \/>\n<\/b><\/b>(Hall do Centro Integrado de Pesquisa e P\u00f3s-Gradua\u00e7\u00e3o)<\/p>\n<p style=\"padding-left: 60px\"><i>10:00-11:00 \u2013\u00a0<\/i><b>\u00a0<\/b>Sess\u00e3o de Comunica\u00e7\u00f5es:\u00a0<b>Varia\u00e7\u00e3o Lingu\u00edstica<br \/>\n<\/b>(Audit\u00f3rio 2 do Centro Integrado de Pesquisa e P\u00f3s-Gradua\u00e7\u00e3o)<\/p>\n<p style=\"padding-left: 60px\"><span style=\"line-height: 1.5em\">12:00-14:00 \u2013<\/span><b style=\"line-height: 1.5em\"> <\/b><span style=\"line-height: 1.5em\">Almo\u00e7o<\/span><\/p>\n<p style=\"padding-left: 60px\">14:00-15:30 \u2013 <b>\u00a0<\/b>Sess\u00e3o de Comunica\u00e7\u00f5es: <b>L\u00edngua e Identidade II\u00a0<\/b><br \/>\n(Hall do Centro Integrado de Pesquisa e P\u00f3s-Gradua\u00e7\u00e3o)<\/p>\n<p style=\"padding-left: 60px\">14:00-16:00 \u2013 Sess\u00e3o de Comunica\u00e7\u00e3o:\u00a0<b>Documenta\u00e7\u00e3o Lingu\u00edstica e Estudos Lexicais<br \/>\n<\/b>\u00a0(Audit\u00f3rio 2 do Centro Integrado de Pesquisa e P\u00f3s-Gradua\u00e7\u00e3o)<\/p>\n<p style=\"padding-left: 60px\"><span style=\"line-height: 1.5em\">16:00 \u2013 Intervalo<\/span><\/p>\n<p style=\"padding-left: 60px\">16:15-18:00 \u2013 Sess\u00e3o de Comunica\u00e7\u00f5es: <b>Teoria e An\u00e1lise Lingu\u00edstica III<br \/>\n<\/b>\u00a0 \u00a0 \u00a0 \u00a0 \u00a0 \u00a0 \u00a0 \u00a0 \u00a0 \u00a0 \u00a0 \u00a0 \u00a0 \u00a0 \u00a0(Hall do Centro Integrado de Pesquisa e P\u00f3s-Gradua\u00e7\u00e3o)<\/p>\n<p style=\"text-align: left;padding-left: 60px\">18:00-18:30 \u2013 <i>Lan\u00e7amento da Revista Brasileira de L\u00ednguas Ind\u00edgenas<br \/>\nII Simp\u00f3sio de Pesquisa em L\u00ednguas Ind\u00edgenas \u2013 Regi\u00e3o Norte<br \/>\n<\/i><b>\u00a0<\/b>(Hall do Centro Integrado de Pesquisa e P\u00f3s-Gradua\u00e7\u00e3o)<i><br \/>\n<\/i><\/p>\n<p style=\"text-align: left;padding-left: 60px\">18:30-19:00 \u2013 <b>Encerramento<br \/>\n<\/b>\u00a0(Hall do Centro Integrado de Pesquisa e P\u00f3s-Gradua\u00e7\u00e3o)<\/p>\n","protected":false},"excerpt":{"rendered":"<p>1\u00ba DIA &#8211; 15.10.2015 o8:oo-08:30 &#8211;\u00a0Recep\u00e7\u00e3o 08:30 &#8211;\u00a0Abertura 09:00 &#8211; 10:45 \u2013 \u00a0Sess\u00e3o de Comunica\u00e7\u00f5es: Teoria An\u00e1lise I (Hall do Centro Integrado de Pesquisa e P\u00f3s-Gradua\u00e7\u00e3o) 10:45 &#8211; Intervalo 11:00 &#8211; 12:15 \u2013\u00a0\u00a0Sess\u00e3o de Comunica\u00e7\u00f5es:\u00a0Teoria An\u00e1lise II (Hall do Centro&hellip; <\/p>\n<p><a href=\"https:\/\/www2.unifap.br\/sipli-norte\/programacao\/\" class=\"readmore-button\">Continue Reading<\/a><\/p>\n","protected":false},"author":786,"featured_media":0,"parent":0,"menu_order":3,"comment_status":"closed","ping_status":"closed","template":"","meta":{"inline_featured_image":false,"ngg_post_thumbnail":0,"footnotes":""},"class_list":["post-86","page","type-page","status-publish","hentry"],"_links":{"self":[{"href":"https:\/\/www2.unifap.br\/sipli-norte\/wp-json\/wp\/v2\/pages\/86","targetHints":{"allow":["GET"]}}],"collection":[{"href":"https:\/\/www2.unifap.br\/sipli-norte\/wp-json\/wp\/v2\/pages"}],"about":[{"href":"https:\/\/www2.unifap.br\/sipli-norte\/wp-json\/wp\/v2\/types\/page"}],"author":[{"embeddable":true,"href":"https:\/\/www2.unifap.br\/sipli-norte\/wp-json\/wp\/v2\/users\/786"}],"replies":[{"embeddable":true,"href":"https:\/\/www2.unifap.br\/sipli-norte\/wp-json\/wp\/v2\/comments?post=86"}],"version-history":[{"count":10,"href":"https:\/\/www2.unifap.br\/sipli-norte\/wp-json\/wp\/v2\/pages\/86\/revisions"}],"predecessor-version":[{"id":155,"href":"https:\/\/www2.unifap.br\/sipli-norte\/wp-json\/wp\/v2\/pages\/86\/revisions\/155"}],"wp:attachment":[{"href":"https:\/\/www2.unifap.br\/sipli-norte\/wp-json\/wp\/v2\/media?parent=86"}],"curies":[{"name":"wp","href":"https:\/\/api.w.org\/{rel}","templated":true}]}}