{"id":8,"date":"2015-08-07T18:01:34","date_gmt":"2015-08-07T18:01:34","guid":{"rendered":"http:\/\/www2.unifap.br\/snct\/?page_id=8"},"modified":"2015-10-01T20:02:19","modified_gmt":"2015-10-01T20:02:19","slug":"quem-organiza","status":"publish","type":"page","link":"https:\/\/www2.unifap.br\/snct\/quem-organiza\/","title":{"rendered":"Organiza\u00e7\u00e3o"},"content":{"rendered":"<p style=\"text-align: center\"><span style=\"color: #000000\"><strong><em>\u00a0<\/em><\/strong><\/span><\/p>\n<p style=\"text-align: center\"><span style=\"color: #000080\"><strong>CAMPUS MARCO ZERO &#8211; MACAP\u00c1\/AP<\/strong><\/span><\/p>\n<p style=\"text-align: center\"><span style=\"text-decoration: underline;color: #000000\"><strong>PR\u00d3-REITORIA DE PESQUISA E P\u00d3S-GRADUA\u00c7\u00c3O<\/strong><\/span><\/p>\n<p style=\"text-align: center\">PR\u00d3-REITORA: \u00a0<strong>HELENA CRISTINA GUIMAR\u00c3ES QUEIROZ SIM\u00d5ES<\/strong><\/p>\n<p style=\"text-align: center\">ADMINISTRADORA PROPESPG:\u00a0<strong>ISABELLA CRISTINA PAIVA DA SILVA<\/strong><\/p>\n<p style=\"text-align: center\">ASSISTENTE EM ADMINISTRA\u00c7\u00c3O:\u00a0<strong>RISAM COSTA DA LUZ<\/strong><\/p>\n<p style=\"text-align: center\">SECRET\u00c1RIA EXECUTIVA: <strong>VALDENORA DA SILVA MONTEIRO<\/strong><\/p>\n<p style=\"text-align: center\">DIRETOR DO DEPARTAMENTO DE PESQUISA &#8211; DPQ:\u00a0<strong>ALAAN UBAIARA BRITO<\/strong><\/p>\n<p style=\"text-align: center\">DIRETOR DO DEPARTAMENTO DE P\u00d3S-GRADUA\u00c7\u00c3O &#8211; DPG:\u00a0<strong>EMERSON AUGUSTO CASTILHO MARTINS<\/strong><\/p>\n<p style=\"text-align: center\">DIRETOR DA EDITORA\/UNIFAP:\u00a0<strong>DANIEL SANTIAGO CHAVES<\/strong><\/p>\n<p style=\"text-align: center\">DIRETORA NO N\u00daCLEO DE TRANSFER\u00caNCIA DE TECNOLOGIA &#8211; NITT:\u00a0<strong>SABRINA CARVALHO VERZOLA<\/strong><\/p>\n<p style=\"text-align: center\"><span style=\"color: #000000\"><strong><span style=\"text-decoration: underline\">PR\u00d3-REITORIA DE EXTENS\u00c3O E A\u00c7\u00d5ES COMUNIT\u00c1RIAS &#8211; PROEAC<\/span><\/strong><\/span><\/p>\n<p style=\"text-align: center\">PR\u00d3-REITOR \u00a0&#8211; PROEAC: RAFAEL PONTES LIMA<\/p>\n<p style=\"text-align: center\"><span style=\"color: #000000\"><strong><span style=\"text-decoration: underline\">PR\u00d3-REITORIA DE ENSINO E GRADUA\u00c7\u00c3O &#8211; PROGRAD<\/span><\/strong><\/span><\/p>\n<p style=\"text-align: center\">PRO-REITORA: LEILA DO SOCORRO RODRIGUES FEIO<\/p>\n<p style=\"text-align: center\"><span style=\"text-decoration: underline;color: #000080\"><b>CAMPUS BINACIONAL &#8211; OIAPOQUE\/AP<\/b><\/span><\/p>\n<p style=\"text-align: center\"><b><span style=\"color: #000000\">COORDENA\u00c7\u00c3O DA SNCT NO CAMPUS OIAPOQUE:<\/span><\/b><\/p>\n<p style=\"text-align: center\"><strong><span style=\"color: #000000\">PROFESSOR DINALDO BARBOSA\u00a0<\/span><\/strong><b><\/b><\/p>\n<p style=\"text-align: center\"><span style=\"text-decoration: underline;color: #000000\">COLABORA\u00c7\u00c3O:<\/span><\/p>\n<p style=\"text-align: center\"><span style=\"color: #000000\">DIRE\u00c7\u00c3O DO CAMPUS<\/span><\/p>\n<p style=\"text-align: center\"><strong><span style=\"color: #000000\">EDUARDO ALFENAS<\/span><\/strong><b><\/b><\/p>\n<p style=\"text-align: center\"><span style=\"text-decoration: underline\">COORDENA\u00c7\u00c3O DE PESQUISA, EXTENS\u00c3O E ASSUNTOS COMUNIT\u00c1RIOS &#8211; COPEA\/OIAPOQUE<\/span><\/p>\n<p style=\"text-align: center\"><span style=\"color: #000000\"><strong>GLAUBER ROMLING DA SILVA<\/strong><\/span><br \/>\n<span style=\"color: #000000\"><strong> MARIANA ALVES<\/strong><\/span><br \/>\n<span style=\"color: #000000\"><strong> N\u00c1RITON FERREIRA<\/strong><\/span><br \/>\n<b><\/b><\/p>\n<p style=\"text-align: center\"><b><span style=\"text-decoration: underline\"><span style=\"color: #800000;text-decoration: underline\">PARCEIROS:<\/span><\/span><br \/>\n<\/b><\/p>\n<p style=\"text-align: center\"><a href=\"http:\/\/www2.unifap.br\/snct\/files\/2015\/08\/MPAP.png\"><img decoding=\"async\" class=\"alignnone size-medium wp-image-163\" alt=\"MPAP\" src=\"http:\/\/www2.unifap.br\/snct\/files\/2015\/08\/MPAP-300x41.png\" width=\"300\" height=\"41\" srcset=\"https:\/\/www2.unifap.br\/snct\/files\/2015\/08\/MPAP-300x41.png 300w, https:\/\/www2.unifap.br\/snct\/files\/2015\/08\/MPAP.png 361w\" sizes=\"(max-width: 300px) 100vw, 300px\" \/><\/a><\/p>\n<p style=\"text-align: center\"><a style=\"line-height: 1.5em\" href=\"http:\/\/www2.unifap.br\/snct\/files\/2015\/08\/sebrae.jpg\"><img decoding=\"async\" class=\" wp-image-165 aligncenter\" alt=\"sebrae\" src=\"http:\/\/www2.unifap.br\/snct\/files\/2015\/08\/sebrae-300x146.jpg\" width=\"240\" height=\"117\" srcset=\"https:\/\/www2.unifap.br\/snct\/files\/2015\/08\/sebrae-300x146.jpg 300w, https:\/\/www2.unifap.br\/snct\/files\/2015\/08\/sebrae.jpg 322w\" sizes=\"(max-width: 240px) 100vw, 240px\" \/><\/a><\/p>\n<p style=\"text-align: center\"><a href=\"http:\/\/www2.unifap.br\/snct\/files\/2015\/08\/TJAP.jpg\"><img decoding=\"async\" class=\"alignnone size-medium wp-image-164\" alt=\"TJAP\" src=\"http:\/\/www2.unifap.br\/snct\/files\/2015\/08\/TJAP-300x82.jpg\" width=\"300\" height=\"82\" srcset=\"https:\/\/www2.unifap.br\/snct\/files\/2015\/08\/TJAP-300x82.jpg 300w, https:\/\/www2.unifap.br\/snct\/files\/2015\/08\/TJAP.jpg 320w\" sizes=\"(max-width: 300px) 100vw, 300px\" \/><\/a><\/p>\n<p style=\"text-align: center\"><a style=\"line-height: 1.5em\" href=\"http:\/\/www2.unifap.br\/snct\/files\/2015\/08\/logomarca-secult.jpg\"><img loading=\"lazy\" decoding=\"async\" class=\"wp-image-162 aligncenter\" alt=\"logomarca secult\" src=\"http:\/\/www2.unifap.br\/snct\/files\/2015\/08\/logomarca-secult-300x175.jpg\" width=\"240\" height=\"140\" srcset=\"https:\/\/www2.unifap.br\/snct\/files\/2015\/08\/logomarca-secult-300x175.jpg 300w, https:\/\/www2.unifap.br\/snct\/files\/2015\/08\/logomarca-secult.jpg 423w\" sizes=\"(max-width: 240px) 100vw, 240px\" \/><\/a> <!--[endif]--><\/p>\n<p style=\"text-align: center\"><a href=\"http:\/\/www2.unifap.br\/snct\/files\/2015\/08\/EGALI.jpg\"><img loading=\"lazy\" decoding=\"async\" class=\"alignnone size-full wp-image-166 aligncenter\" alt=\"EGALI\" src=\"http:\/\/www2.unifap.br\/snct\/files\/2015\/08\/EGALI.jpg\" width=\"153\" height=\"61\" srcset=\"https:\/\/www2.unifap.br\/snct\/files\/2015\/08\/EGALI.jpg 153w, https:\/\/www2.unifap.br\/snct\/files\/2015\/08\/EGALI-150x61.jpg 150w\" sizes=\"(max-width: 153px) 100vw, 153px\" \/><\/a><\/p>\n","protected":false},"excerpt":{"rendered":"<p>\u00a0 CAMPUS MARCO ZERO &#8211; MACAP\u00c1\/AP PR\u00d3-REITORIA DE PESQUISA E P\u00d3S-GRADUA\u00c7\u00c3O PR\u00d3-REITORA: \u00a0HELENA CRISTINA GUIMAR\u00c3ES QUEIROZ SIM\u00d5ES ADMINISTRADORA PROPESPG:\u00a0ISABELLA CRISTINA PAIVA DA SILVA ASSISTENTE EM ADMINISTRA\u00c7\u00c3O:\u00a0RISAM COSTA DA LUZ SECRET\u00c1RIA EXECUTIVA: VALDENORA DA SILVA MONTEIRO DIRETOR DO DEPARTAMENTO DE PESQUISA&hellip; <\/p>\n<p><a href=\"https:\/\/www2.unifap.br\/snct\/quem-organiza\/\" class=\"readmore-button\">Continue Reading<\/a><\/p>\n","protected":false},"author":168,"featured_media":0,"parent":0,"menu_order":4,"comment_status":"open","ping_status":"open","template":"","meta":{"inline_featured_image":false,"ngg_post_thumbnail":0,"footnotes":""},"class_list":["post-8","page","type-page","status-publish","hentry"],"_links":{"self":[{"href":"https:\/\/www2.unifap.br\/snct\/wp-json\/wp\/v2\/pages\/8","targetHints":{"allow":["GET"]}}],"collection":[{"href":"https:\/\/www2.unifap.br\/snct\/wp-json\/wp\/v2\/pages"}],"about":[{"href":"https:\/\/www2.unifap.br\/snct\/wp-json\/wp\/v2\/types\/page"}],"author":[{"embeddable":true,"href":"https:\/\/www2.unifap.br\/snct\/wp-json\/wp\/v2\/users\/168"}],"replies":[{"embeddable":true,"href":"https:\/\/www2.unifap.br\/snct\/wp-json\/wp\/v2\/comments?post=8"}],"version-history":[{"count":18,"href":"https:\/\/www2.unifap.br\/snct\/wp-json\/wp\/v2\/pages\/8\/revisions"}],"predecessor-version":[{"id":170,"href":"https:\/\/www2.unifap.br\/snct\/wp-json\/wp\/v2\/pages\/8\/revisions\/170"}],"wp:attachment":[{"href":"https:\/\/www2.unifap.br\/snct\/wp-json\/wp\/v2\/media?parent=8"}],"curies":[{"name":"wp","href":"https:\/\/api.w.org\/{rel}","templated":true}]}}