{"id":2782,"date":"2023-06-08T01:39:43","date_gmt":"2023-06-08T04:39:43","guid":{"rendered":"https:\/\/www2.unifap.br\/unienem\/?page_id=2782"},"modified":"2023-06-08T02:09:36","modified_gmt":"2023-06-08T05:09:36","slug":"alunos2023","status":"publish","type":"page","link":"https:\/\/www2.unifap.br\/unienem\/alunos2023\/","title":{"rendered":"Alunos 2023"},"content":{"rendered":"\t\t<div data-elementor-type=\"wp-page\" data-elementor-id=\"2782\" class=\"elementor elementor-2782\">\n\t\t\t\t\t\t<section class=\"elementor-section elementor-top-section elementor-element elementor-element-8049925 elementor-section-boxed elementor-section-height-default elementor-section-height-default\" data-id=\"8049925\" data-element_type=\"section\" data-e-type=\"section\">\n\t\t\t\t\t\t<div class=\"elementor-container elementor-column-gap-default\">\n\t\t\t\t\t<div class=\"elementor-column elementor-col-50 elementor-top-column elementor-element elementor-element-d3c835e\" data-id=\"d3c835e\" data-element_type=\"column\" data-e-type=\"column\">\n\t\t\t<div class=\"elementor-widget-wrap elementor-element-populated\">\n\t\t\t\t\t\t<div class=\"elementor-element elementor-element-0d117ea elementor-widget elementor-widget-text-editor\" data-id=\"0d117ea\" data-element_type=\"widget\" data-e-type=\"widget\" data-widget_type=\"text-editor.default\">\n\t\t\t\t<div class=\"elementor-widget-container\">\n\t\t\t\t\t\t\t\t\t<table class=\" aligncenter\" width=\"604\"><tbody><tr><td colspan=\"2\" width=\"604\"><p><strong>TURMA A \u2013 LISTA DE ALUNOS 2023<\/strong><\/p><\/td><\/tr><tr><td colspan=\"2\" width=\"604\"><p><strong>TURNO: MANH\u00c3<\/strong><\/p><\/td><\/tr><tr><td width=\"28\"><p>1\u00b0<\/p><\/td><td width=\"576\"><p>AGATA KAUANNE COSTA DE SOUZA<\/p><\/td><\/tr><tr><td width=\"28\"><p>2\u00ba<\/p><\/td><td width=\"576\"><p>ALICYA MEL DA SILVA MORAIS<\/p><\/td><\/tr><tr><td width=\"28\"><p>3\u00b0<\/p><\/td><td width=\"576\"><p>ALLYNNY DE SOUZA BARREIRO<\/p><\/td><\/tr><tr><td width=\"28\"><p>4\u00b0<\/p><\/td><td width=\"576\"><p>ANA CAROLINA COSTA UCH\u00d4A<\/p><\/td><\/tr><tr><td width=\"28\"><p>5\u00ba<\/p><\/td><td width=\"576\"><p>ANA CLARA PENA TORRES<\/p><\/td><\/tr><tr><td width=\"28\"><p>6\u00b0<\/p><\/td><td width=\"576\"><p>ANDY BARBOSA NEG\u00c3O<\/p><\/td><\/tr><tr><td width=\"28\"><p>7\u00b0<\/p><\/td><td width=\"576\"><p>ANE BEATRIZ RODRIGUES DE ANDRADE<\/p><\/td><\/tr><tr><td width=\"28\"><p>8\u00b0<\/p><\/td><td width=\"576\"><p>BRUNA GUIMAR\u00c3ES CORR\u00caA<\/p><\/td><\/tr><tr><td width=\"28\"><p>9\u00b0<\/p><\/td><td width=\"576\"><p>CARLOS RAFAEL RODRIGUES DA SILVA<\/p><\/td><\/tr><tr><td width=\"28\"><p>10\u00ba<\/p><\/td><td width=\"576\"><p>CLARA CIBELY PASCOAL DE SOUZA<\/p><\/td><\/tr><tr><td width=\"28\"><p>11\u00b0<\/p><\/td><td width=\"576\"><p>DANILO CONCEI\u00c7\u00c3O DE JESUS SOUZA<\/p><\/td><\/tr><tr><td width=\"28\"><p>12\u00b0<\/p><\/td><td width=\"576\"><p>EDUARDO FERNANDES CARVALHO<\/p><\/td><\/tr><tr><td width=\"28\"><p>13\u00aa<\/p><\/td><td width=\"576\"><p>EDUARDO MARQUES BRASIL<\/p><\/td><\/tr><tr><td width=\"28\"><p>14\u00ba<\/p><\/td><td width=\"576\"><p>ELIZA MARIA DE ALMEIDA NEVES<\/p><\/td><\/tr><tr><td width=\"28\"><p>15\u00b0<\/p><\/td><td width=\"576\"><p>EVELLYN DA SILVA DA COSTA<\/p><\/td><\/tr><tr><td width=\"28\"><p>16\u00b0<\/p><\/td><td width=\"576\"><p>FILIPE GABRIEL PANTOJA RODRIGUES<\/p><\/td><\/tr><tr><td width=\"28\"><p>17\u00b0<\/p><\/td><td width=\"576\"><p>GRAZIELLY FURTADO DOS SANTOS<\/p><\/td><\/tr><tr><td width=\"28\"><p>18\u00b0<\/p><\/td><td width=\"576\"><p>GABRIELA DA COSTA DUARTE<\/p><\/td><\/tr><tr><td width=\"28\"><p>19\u00b0<\/p><\/td><td width=\"576\"><p>GEOVANA AMORAS ANDRADE<\/p><\/td><\/tr><tr><td width=\"28\"><p>20\u00b0<\/p><\/td><td width=\"576\"><p>GUILHERME SOUSA DE DEUS<\/p><\/td><\/tr><tr><td width=\"28\"><p>21\u00b0<\/p><\/td><td width=\"576\"><p>IZABELE DA COSTA AZEVEDO<\/p><\/td><\/tr><tr><td width=\"28\"><p>22\u00b0<\/p><\/td><td width=\"576\"><p>JAQUELINE SILVA CORR\u00caA<\/p><\/td><\/tr><tr><td width=\"28\"><p>23\u00b0<\/p><\/td><td width=\"576\"><p>JO\u00c3O VICTOR ESP\u00cdNDOLA QUEIROZ<\/p><\/td><\/tr><tr><td width=\"28\"><p>24\u00b0<\/p><\/td><td width=\"576\"><p>JEREMIAS BAIA RIBEIRO<\/p><\/td><\/tr><tr><td width=\"28\"><p>25\u00b0<\/p><\/td><td width=\"576\"><p>JHENIFFER RAISSA BARROS DOS SANTOS<\/p><\/td><\/tr><tr><td width=\"28\"><p>26\u00b0<\/p><\/td><td width=\"576\"><p>JHULLY GRABRIELLA PORTILHO DA SILVA<\/p><\/td><\/tr><tr><td width=\"28\"><p>27\u00b0<\/p><\/td><td width=\"576\"><p>KEROLAINE COSTA DOS SANTOS CARMO<\/p><\/td><\/tr><tr><td width=\"28\"><p>28\u00b0<\/p><\/td><td width=\"576\"><p>KETRE LARISSA DE SOUZA DA SILVA<\/p><\/td><\/tr><tr><td width=\"28\"><p>29\u00b0<\/p><\/td><td width=\"576\"><p>LARISSA DOS SANTOS RODRIGUES<\/p><\/td><\/tr><tr><td width=\"28\"><p>30\u00b0<\/p><\/td><td width=\"576\"><p>LUIZ FERNANDO ALMEIDA CAVALCANTE<\/p><\/td><\/tr><tr><td width=\"28\"><p>31\u00b0<\/p><\/td><td width=\"576\"><p>MARIA EDUARDA DOS SANTOS MOUSINHO<\/p><\/td><\/tr><tr><td width=\"28\"><p>32\u00b0<\/p><\/td><td width=\"576\"><p>NAOMY GON\u00c7ALVES PAIVA<\/p><\/td><\/tr><tr><td width=\"28\"><p>33\u00b0<\/p><\/td><td width=\"576\"><p>NATALLYA CASTELO DE SOUZA<\/p><\/td><\/tr><tr><td width=\"28\"><p>34\u00b0<\/p><\/td><td width=\"576\"><p>PATR\u00cdCIA DE LOURDES VIEIRA GON\u00c7ALVES<\/p><\/td><\/tr><tr><td width=\"28\"><p>35\u00b0<\/p><\/td><td width=\"576\"><p>RENATO PANTOJA GOMES<\/p><\/td><\/tr><tr><td width=\"28\"><p>36\u00b0<\/p><\/td><td width=\"576\"><p>ROGER WILLEN SOUZA DA COSTA<\/p><\/td><\/tr><tr><td width=\"28\"><p>37\u00b0<\/p><\/td><td width=\"576\"><p>RUBIA MACIEL CARVALHO<\/p><\/td><\/tr><tr><td width=\"28\"><p>38\u00ba<\/p><\/td><td width=\"576\"><p>SAIMON MARTINS COSTA VIANA<\/p><\/td><\/tr><tr><td width=\"28\"><p>39\u00b0<\/p><\/td><td width=\"576\"><p>TAMILY CRISTINA NUNES GUEDES<\/p><\/td><\/tr><tr><td width=\"28\"><p>40\u00b0<\/p><\/td><td width=\"576\"><p>THAINARA BEATRIZ SILVA DE ALMEIDA<\/p><\/td><\/tr><tr><td width=\"28\"><p>41\u00b0<\/p><\/td><td width=\"576\"><p>VICTOR CAU\u00c3 DA COSTA ASSUN\u00c7\u00c3O<\/p><\/td><\/tr><tr><td width=\"28\"><p>42\u00b0<\/p><\/td><td width=\"576\"><p>VICTORIA DOS SANTOS SILVA<\/p><\/td><\/tr><tr><td width=\"28\"><p>43\u00b0<\/p><\/td><td width=\"576\"><p>YASMIM FAGUNDES DOS SANTOS<\/p><\/td><\/tr><\/tbody><\/table><div id=\"gtx-trans\" style=\"position: absolute;left: -74px;top: -17px\"><div class=\"gtx-trans-icon\">\u00a0<\/div><\/div>\t\t\t\t\t\t\t\t<\/div>\n\t\t\t\t<\/div>\n\t\t\t\t\t<\/div>\n\t\t<\/div>\n\t\t\t\t<div class=\"elementor-column elementor-col-50 elementor-top-column elementor-element elementor-element-0130957\" data-id=\"0130957\" data-element_type=\"column\" data-e-type=\"column\">\n\t\t\t<div class=\"elementor-widget-wrap elementor-element-populated\">\n\t\t\t\t\t\t<div class=\"elementor-element elementor-element-8436d5c elementor-widget elementor-widget-text-editor\" data-id=\"8436d5c\" data-element_type=\"widget\" data-e-type=\"widget\" data-widget_type=\"text-editor.default\">\n\t\t\t\t<div class=\"elementor-widget-container\">\n\t\t\t\t\t\t\t\t\t<table class=\" aligncenter\" width=\"588\"><tbody><tr><td colspan=\"2\" width=\"588\"><p><strong>TURMA B \u2013 LISTA DE ALUNOS 2023<\/strong><\/p><\/td><\/tr><tr><td colspan=\"2\" width=\"588\"><p><strong>TURNO: MANH\u00c3<\/strong><\/p><\/td><\/tr><tr><td width=\"26\"><p>1\u00b0<\/p><\/td><td width=\"562\"><p>ALINE DE ALMEIDA PIRES<\/p><\/td><\/tr><tr><td width=\"26\"><p>2\u00b0<\/p><\/td><td width=\"562\"><p>\u00c1LVARO AUGUSTO DE ASSIS FERREIRA<\/p><\/td><\/tr><tr><td width=\"26\"><p>3\u00b0<\/p><\/td><td width=\"562\"><p>AMANDA FRANCISCA DOS S. OLIVEIRA<\/p><\/td><\/tr><tr><td width=\"26\"><p>4\u00b0<\/p><\/td><td width=\"562\"><p>ANA CLARISSE DA SILVA LIMA<\/p><\/td><\/tr><tr><td width=\"26\"><p>5\u00b0<\/p><\/td><td width=\"562\"><p>ANA ESTHER CARDOSO D ARA\u00daJO<\/p><\/td><\/tr><tr><td width=\"26\"><p>6\u00b0<\/p><\/td><td width=\"562\"><p>ANA LUIZA PEREIRA RODRIGUES<\/p><\/td><\/tr><tr><td width=\"26\"><p>7\u00b0<\/p><\/td><td width=\"562\"><p>BRENDA GABRIELA DE JESUS FERREIRA<\/p><\/td><\/tr><tr><td width=\"26\"><p>8\u00b0<\/p><\/td><td width=\"562\"><p>BRUNA EDUARDA RODRIGUES PACHECO<\/p><\/td><\/tr><tr><td width=\"26\"><p>9\u00b0<\/p><\/td><td width=\"562\"><p>CARLOS DAMASCENO JUNIOR<\/p><\/td><\/tr><tr><td width=\"26\"><p>10\u00b0<\/p><\/td><td width=\"562\"><p>EDUARDA LIMA CAMBRAIA<\/p><\/td><\/tr><tr><td width=\"26\"><p>11\u00b0<\/p><\/td><td width=\"562\"><p>EDUARDA MARIA DUARTE CORREA<\/p><\/td><\/tr><tr><td width=\"26\"><p>12\u00b0<\/p><\/td><td width=\"562\"><p>ELZA LARISSA PEREIRA LOBATO<\/p><\/td><\/tr><tr><td width=\"26\"><p>13\u00b0<\/p><\/td><td width=\"562\"><p>EMILLY LORRANE TRINDADE DOS SANTOS<\/p><\/td><\/tr><tr><td width=\"26\"><p>14\u00b0<\/p><\/td><td width=\"562\"><p>GHEYSEANY DA CUNHA COSTA<\/p><\/td><\/tr><tr><td width=\"26\"><p>15\u00b0<\/p><\/td><td width=\"562\"><p>INGRID ANJOS DOS SANTOS<\/p><\/td><\/tr><tr><td width=\"26\"><p>16\u00b0<\/p><\/td><td width=\"562\"><p>ITATIANE DO SOCORRO ARAUJO DA SILVA<\/p><\/td><\/tr><tr><td width=\"26\"><p>17\u00b0<\/p><\/td><td width=\"562\"><p>JACKELINE INGRID PEREIRA<\/p><\/td><\/tr><tr><td width=\"26\"><p>18\u00b0<\/p><\/td><td width=\"562\"><p>JADSON PEREIRA DA SILVA<\/p><\/td><\/tr><tr><td width=\"26\"><p>19\u00b0<\/p><\/td><td width=\"562\"><p>JAMILLY DA SILVA GOMES<\/p><\/td><\/tr><tr><td width=\"26\"><p>20\u00b0<\/p><\/td><td width=\"562\"><p>JANDRIELE DA SILVA GOMES<\/p><\/td><\/tr><tr><td width=\"26\"><p>21\u00b0<\/p><\/td><td width=\"562\"><p>KAMILY DE C\u00c1SSIA ARAUJO RODRIGUES<\/p><\/td><\/tr><tr><td width=\"26\"><p>22\u00b0<\/p><\/td><td width=\"562\"><p>KAROLINE BRAGA DIAS<\/p><\/td><\/tr><tr><td width=\"26\"><p>23\u00b0<\/p><\/td><td width=\"562\"><p>KATARINA DA GRA\u00c7A SILVA<\/p><\/td><\/tr><tr><td width=\"26\"><p>24\u00b0<\/p><\/td><td width=\"562\"><p>LORENA DE OLIVEIRA DO NASCIMENTO<\/p><\/td><\/tr><tr><td width=\"26\"><p>25\u00b0<\/p><\/td><td width=\"562\"><p>MALENA DE NAZAR\u00c9 AMARAL NOBRE<\/p><\/td><\/tr><tr><td width=\"26\"><p>26\u00b0<\/p><\/td><td width=\"562\"><p>MARGARETE DO SOCORRO C. DE SOUZA<\/p><\/td><\/tr><tr><td width=\"26\"><p>27\u00b0<\/p><\/td><td width=\"562\"><p>NAILDO DIONES MELO GUIMAR\u00c3ES<\/p><\/td><\/tr><tr><td width=\"26\"><p>28\u00b0<\/p><\/td><td width=\"562\"><p>ODILENE COSTA ROIAL<\/p><\/td><\/tr><tr><td width=\"26\"><p>29\u00b0<\/p><\/td><td width=\"562\"><p>PEDRO VITOR MACHADO GOMES<\/p><\/td><\/tr><tr><td width=\"26\"><p>30\u00b0<\/p><\/td><td width=\"562\"><p>POLIANA DE JESUS LEITE<\/p><\/td><\/tr><tr><td width=\"26\"><p>31\u00b0<\/p><\/td><td width=\"562\"><p>RAFAEL COSTA DOS SANTOS CARMO<\/p><\/td><\/tr><tr><td width=\"26\"><p>32\u00b0<\/p><\/td><td width=\"562\"><p>RAILANE CRISTINY AMANAJ\u00c1S TAVARES<\/p><\/td><\/tr><tr><td width=\"26\"><p>33\u00b0<\/p><\/td><td width=\"562\"><p>REINALDO DOS ANJOS PEREIRA ALMEIDA<\/p><\/td><\/tr><tr><td width=\"26\"><p>34\u00b0<\/p><\/td><td width=\"562\"><p>RODRIGO WENDERSON ANDRADE DA SILVA<\/p><\/td><\/tr><tr><td width=\"26\"><p>35\u00b0<\/p><\/td><td width=\"562\"><p>ROSEMERE FARIAS LOPES<\/p><\/td><\/tr><tr><td width=\"26\"><p>36\u00b0<\/p><\/td><td width=\"562\"><p>ROSINARA CARVALHO RODRIGUES<\/p><\/td><\/tr><tr><td width=\"26\"><p>37\u00b0<\/p><\/td><td width=\"562\"><p>RUAN GABRIEL MOURA BARRETO<\/p><\/td><\/tr><tr><td width=\"26\"><p>38\u00b0<\/p><\/td><td width=\"562\"><p>SALETI ANA VIANA SILVA DE SOUSA<\/p><\/td><\/tr><tr><td width=\"26\"><p>39\u00b0<\/p><\/td><td width=\"562\"><p>SAMIRA SANTOS DOS SANTOS<\/p><\/td><\/tr><tr><td width=\"26\"><p>40\u00b0<\/p><\/td><td width=\"562\"><p>SUSAN JHENNY TORRES DIAS<\/p><\/td><\/tr><tr><td width=\"26\"><p>41\u00b0<\/p><\/td><td width=\"562\"><p>VITOR GABRIEL FERREIRA NOBRE<\/p><\/td><\/tr><\/tbody><\/table><div id=\"gtx-trans\" style=\"position: absolute;left: -78px;top: -17px\"><div class=\"gtx-trans-icon\">\u00a0<\/div><\/div>\t\t\t\t\t\t\t\t<\/div>\n\t\t\t\t<\/div>\n\t\t\t\t\t<\/div>\n\t\t<\/div>\n\t\t\t\t\t<\/div>\n\t\t<\/section>\n\t\t\t\t<section class=\"elementor-section elementor-top-section elementor-element elementor-element-39de91f elementor-section-boxed elementor-section-height-default elementor-section-height-default\" data-id=\"39de91f\" data-element_type=\"section\" data-e-type=\"section\">\n\t\t\t\t\t\t<div class=\"elementor-container elementor-column-gap-default\">\n\t\t\t\t\t<div class=\"elementor-column elementor-col-100 elementor-top-column elementor-element elementor-element-f6f5729\" data-id=\"f6f5729\" data-element_type=\"column\" data-e-type=\"column\">\n\t\t\t<div class=\"elementor-widget-wrap elementor-element-populated\">\n\t\t\t\t\t\t<div class=\"elementor-element elementor-element-f540af6 elementor-widget elementor-widget-spacer\" data-id=\"f540af6\" data-element_type=\"widget\" data-e-type=\"widget\" data-widget_type=\"spacer.default\">\n\t\t\t\t<div class=\"elementor-widget-container\">\n\t\t\t\t\t\t\t<div class=\"elementor-spacer\">\n\t\t\t<div class=\"elementor-spacer-inner\"><\/div>\n\t\t<\/div>\n\t\t\t\t\t\t<\/div>\n\t\t\t\t<\/div>\n\t\t\t\t\t<\/div>\n\t\t<\/div>\n\t\t\t\t\t<\/div>\n\t\t<\/section>\n\t\t\t\t<section class=\"elementor-section elementor-top-section elementor-element elementor-element-d372abb elementor-section-boxed elementor-section-height-default elementor-section-height-default\" data-id=\"d372abb\" data-element_type=\"section\" data-e-type=\"section\">\n\t\t\t\t\t\t<div class=\"elementor-container elementor-column-gap-default\">\n\t\t\t\t\t<div class=\"elementor-column elementor-col-50 elementor-top-column elementor-element elementor-element-59b962f\" data-id=\"59b962f\" data-element_type=\"column\" data-e-type=\"column\">\n\t\t\t<div class=\"elementor-widget-wrap elementor-element-populated\">\n\t\t\t\t\t\t<div class=\"elementor-element elementor-element-6ffe501 elementor-widget elementor-widget-text-editor\" data-id=\"6ffe501\" data-element_type=\"widget\" data-e-type=\"widget\" data-widget_type=\"text-editor.default\">\n\t\t\t\t<div class=\"elementor-widget-container\">\n\t\t\t\t\t\t\t\t\t<table width=\"605\"><tbody><tr><td colspan=\"2\" width=\"605\"><p style=\"text-align: center\"><strong>TURMA C \u2013 LISTA DE ALUNOS 2023<\/strong><\/p><\/td><\/tr><tr><td colspan=\"2\" width=\"605\"><p style=\"text-align: center\"><strong>TURNO: MANH\u00c3<\/strong><\/p><\/td><\/tr><tr><td width=\"28\"><p>1\u00b0<\/p><\/td><td width=\"576\"><p>ADRIELE BARBOSA DE OLIVEIRA<\/p><\/td><\/tr><tr><td width=\"28\"><p>2\u00b0<\/p><\/td><td width=\"576\"><p>ADRIELE PIMENTEL DOS SANTOS<\/p><\/td><\/tr><tr><td width=\"28\"><p>3\u00b0<\/p><\/td><td width=\"576\"><p>ALERRANDRO PALHETA DAS NEVES<\/p><\/td><\/tr><tr><td width=\"28\"><p>4\u00b0<\/p><\/td><td width=\"576\"><p>ANA CAROLINA ASSUN\u00c7\u00c3O DA ROCHA<\/p><\/td><\/tr><tr><td width=\"28\"><p>5\u00b0<\/p><\/td><td width=\"576\"><p>ANA LET\u00cdCIA SOUSA DE ALMEIDA<\/p><\/td><\/tr><tr><td width=\"28\"><p>6\u00b0<\/p><\/td><td width=\"576\"><p>ANGLESON MATEUS DOS S. TRINDADE<\/p><\/td><\/tr><tr><td width=\"28\"><p>7\u00b0<\/p><\/td><td width=\"576\"><p>BEATRIZ MENDES MASCARENHAS<\/p><\/td><\/tr><tr><td width=\"28\"><p>8\u00b0<\/p><\/td><td width=\"576\"><p>CHRYSTIAN FELIPE T. PALMEIRA<\/p><\/td><\/tr><tr><td width=\"28\"><p>9\u00b0<\/p><\/td><td width=\"576\"><p>DENIZE PINTO MENDES<\/p><\/td><\/tr><tr><td width=\"28\"><p>10\u00b0<\/p><\/td><td width=\"576\"><p>DEVID FERREIRA GOMES<\/p><\/td><\/tr><tr><td width=\"28\"><p>11\u00b0<\/p><\/td><td width=\"576\"><p>EDINETE RODRIGUES DOS SANTOS<\/p><\/td><\/tr><tr><td width=\"28\"><p>12\u00b0<\/p><\/td><td width=\"576\"><p>EDUARDO VINICIUS SAMPAIO FONTOURA<\/p><\/td><\/tr><tr><td width=\"28\"><p>13\u00b0<\/p><\/td><td width=\"576\"><p>ESTER VILHENA MENDES<\/p><\/td><\/tr><tr><td width=\"28\"><p>14\u00b0<\/p><\/td><td width=\"576\"><p>FELIPE RAMON RAMOS LIMA<\/p><\/td><\/tr><tr><td width=\"28\"><p>15\u00b0<\/p><\/td><td width=\"576\"><p>FERNANDA LARISSA FONSECA PANTOJA<\/p><\/td><\/tr><tr><td width=\"28\"><p>16\u00b0<\/p><\/td><td width=\"576\"><p>FRANCISCO ALISON MARTINS SALES<\/p><\/td><\/tr><tr><td width=\"28\"><p>17\u00b0<\/p><\/td><td width=\"576\"><p>INGRID CAROLINE ELIAS PIMENTEL<\/p><\/td><\/tr><tr><td width=\"28\"><p>18\u00b0<\/p><\/td><td width=\"576\"><p>JARDEL DE SOUZA LIARTE<\/p><\/td><\/tr><tr><td width=\"28\"><p>19\u00b0<\/p><\/td><td width=\"576\"><p>JHENIFFER SABRINE DOS S. ARDASSE<\/p><\/td><\/tr><tr><td width=\"28\"><p>20\u00b0<\/p><\/td><td width=\"576\"><p>JANDERSON SANTOS NASCIMENTO<\/p><\/td><\/tr><tr><td width=\"28\"><p>21\u00b0<\/p><\/td><td width=\"576\"><p>KAREM BRAGA DIAS<\/p><\/td><\/tr><tr><td width=\"28\"><p>22\u00b0<\/p><\/td><td width=\"576\"><p>KATRYNNA DIAS PANTOJA<\/p><\/td><\/tr><tr><td width=\"28\"><p>23\u00b0<\/p><\/td><td width=\"576\"><p>KAYLANE BEN\u00cdCIO NEGR\u00c3O<\/p><\/td><\/tr><tr><td width=\"28\"><p>24\u00b0<\/p><\/td><td width=\"576\"><p>LARISSA JOYCE COSTA BRITO<\/p><\/td><\/tr><tr><td width=\"28\"><p>25\u00b0<\/p><\/td><td width=\"576\"><p>LOANE MEDEIROS GUALBERTO<\/p><\/td><\/tr><tr><td width=\"28\"><p>26\u00b0<\/p><\/td><td width=\"576\"><p>LUCAS VIN\u00cdCIUS PEREIRA AMORIM<\/p><\/td><\/tr><tr><td width=\"28\"><p>27\u00b0<\/p><\/td><td width=\"576\"><p>MANOELA PATR\u00cdCIA DE SOUZA<\/p><\/td><\/tr><tr><td width=\"28\"><p>28\u00b0<\/p><\/td><td width=\"576\"><p>MARCELLO AUGUSTO MARQUES MELO<\/p><\/td><\/tr><tr><td width=\"28\"><p>29\u00b0<\/p><\/td><td width=\"576\"><p>M\u00c1RCIA WANESSA PAES DE ALMEIDA<\/p><\/td><\/tr><tr><td width=\"28\"><p>30\u00b0<\/p><\/td><td width=\"576\"><p>MARDIARA PIERI VILHENA<\/p><\/td><\/tr><tr><td width=\"28\"><p>31\u00b0<\/p><\/td><td width=\"576\"><p>MARIA CLARA DOS SANTOS MARQUES<\/p><\/td><\/tr><tr><td width=\"28\"><p>32\u00b0<\/p><\/td><td width=\"576\"><p>MARIA RITA OLIVEIRA DOS SANTOS<\/p><\/td><\/tr><tr><td width=\"28\"><p>33\u00b0<\/p><\/td><td width=\"576\"><p>MATHEUS MARISON SILVA DA CONCEI\u00c7\u00c3O<\/p><\/td><\/tr><tr><td width=\"28\"><p>34\u00b0<\/p><\/td><td width=\"576\"><p>PALOMA CRISTINE GOMES SANTOS<\/p><\/td><\/tr><tr><td width=\"28\"><p>35\u00b0<\/p><\/td><td width=\"576\"><p>RAYANE GOMES DA SILVA<\/p><\/td><\/tr><tr><td width=\"28\"><p>36\u00b0<\/p><\/td><td width=\"576\"><p>SARAH MYREIA MENDES DE ALMEIDA<\/p><\/td><\/tr><tr><td width=\"28\"><p>37\u00b0<\/p><\/td><td width=\"576\"><p>SILVANA DA SILVA RODRIGUES<\/p><\/td><\/tr><tr><td width=\"28\"><p>38\u00b0<\/p><\/td><td width=\"576\"><p>THIAGO WILLIAN RAMOS VALENTE<\/p><\/td><\/tr><tr><td width=\"28\"><p>39\u00b0<\/p><\/td><td width=\"576\"><p>VANUSA TEIXEIRA FIALHO<\/p><\/td><\/tr><tr><td width=\"28\"><p>40\u00b0<\/p><\/td><td width=\"576\"><p>VIN\u00cdCIUS DE CARVALHO TRINDADE<\/p><\/td><\/tr><tr><td width=\"28\"><p>41\u00b0<\/p><\/td><td width=\"576\"><p>WANDERLEY DA SILVA PEREIRA J\u00daNIOR<\/p><\/td><\/tr><\/tbody><\/table>\t\t\t\t\t\t\t\t<\/div>\n\t\t\t\t<\/div>\n\t\t\t\t\t<\/div>\n\t\t<\/div>\n\t\t\t\t<div class=\"elementor-column elementor-col-50 elementor-top-column elementor-element elementor-element-154c8dd\" data-id=\"154c8dd\" data-element_type=\"column\" data-e-type=\"column\">\n\t\t\t<div class=\"elementor-widget-wrap\">\n\t\t\t\t\t\t\t<\/div>\n\t\t<\/div>\n\t\t\t\t\t<\/div>\n\t\t<\/section>\n\t\t\t\t<\/div>\n\t\t","protected":false},"excerpt":{"rendered":"<p>TURMA A \u2013 LISTA DE ALUNOS 2023 TURNO: MANH\u00c3 1\u00b0 AGATA KAUANNE COSTA DE SOUZA 2\u00ba ALICYA MEL DA SILVA MORAIS 3\u00b0 ALLYNNY DE SOUZA BARREIRO 4\u00b0 ANA CAROLINA COSTA UCH\u00d4A 5\u00ba ANA CLARA PENA TORRES 6\u00b0 ANDY BARBOSA NEG\u00c3O 7\u00b0 ANE BEATRIZ RODRIGUES DE ANDRADE 8\u00b0 BRUNA GUIMAR\u00c3ES CORR\u00caA 9\u00b0 CARLOS RAFAEL RODRIGUES DA&#8230;<\/p>\n","protected":false},"author":855,"featured_media":0,"parent":0,"menu_order":0,"comment_status":"closed","ping_status":"closed","template":"","meta":{"inline_featured_image":false,"ngg_post_thumbnail":0,"footnotes":""},"class_list":["post-2782","page","type-page","status-publish","hentry","entry"],"_links":{"self":[{"href":"https:\/\/www2.unifap.br\/unienem\/wp-json\/wp\/v2\/pages\/2782","targetHints":{"allow":["GET"]}}],"collection":[{"href":"https:\/\/www2.unifap.br\/unienem\/wp-json\/wp\/v2\/pages"}],"about":[{"href":"https:\/\/www2.unifap.br\/unienem\/wp-json\/wp\/v2\/types\/page"}],"author":[{"embeddable":true,"href":"https:\/\/www2.unifap.br\/unienem\/wp-json\/wp\/v2\/users\/855"}],"replies":[{"embeddable":true,"href":"https:\/\/www2.unifap.br\/unienem\/wp-json\/wp\/v2\/comments?post=2782"}],"version-history":[{"count":4,"href":"https:\/\/www2.unifap.br\/unienem\/wp-json\/wp\/v2\/pages\/2782\/revisions"}],"predecessor-version":[{"id":2787,"href":"https:\/\/www2.unifap.br\/unienem\/wp-json\/wp\/v2\/pages\/2782\/revisions\/2787"}],"wp:attachment":[{"href":"https:\/\/www2.unifap.br\/unienem\/wp-json\/wp\/v2\/media?parent=2782"}],"curies":[{"name":"wp","href":"https:\/\/api.w.org\/{rel}","templated":true}]}}